--
--


SELECT pg_catalog.set_config('search_path', '', false);



--
-- Name: accounts; Type: TABLE; Schema: public; Owner: postgres
--

CREATE TABLE public.accounts (
    id bigint NOT NULL,
    created_at timestamp(0) with time zone DEFAULT CURRENT_TIMESTAMP NOT NULL,
    updated_at timestamp(0) with time zone DEFAULT CURRENT_TIMESTAMP NOT NULL,
    project_id bigint NOT NULL,
    email character varying(255) NOT NULL,
    access_token character varying(255) NOT NULL,
    refresh_token character varying(255),
    expires_in bigint,
    token_created bigint,
    status character varying(255),
    revoked_at timestamp(0) with time zone,
    nb_moved_messages bigint DEFAULT '0'::bigint NOT NULL,
    platform character varying,
    micro_worker character varying,
    micro_campaign character varying,
    micro_vcode character varying,
    pico_job character varying,
    pico_worker character varying,
    pico_pcode character varying,
    payed_at timestamp with time zone
);


ALTER TABLE public.accounts OWNER TO postgres;

--
-- Name: accounts_id_seq; Type: SEQUENCE; Schema: public; Owner: postgres
--

CREATE SEQUENCE public.accounts_id_seq
    START WITH 1
    INCREMENT BY 1
    NO MINVALUE
    NO MAXVALUE
    CACHE 1;


ALTER TABLE public.accounts_id_seq OWNER TO postgres;

--
-- Name: accounts_id_seq; Type: SEQUENCE OWNED BY; Schema: public; Owner: postgres
--

ALTER SEQUENCE public.accounts_id_seq OWNED BY public.accounts.id;


--
-- Name: cache; Type: TABLE; Schema: public; Owner: postgres
--

CREATE TABLE public.cache (
    key character varying(255) NOT NULL,
    value text NOT NULL,
    expiration integer NOT NULL
);


ALTER TABLE public.cache OWNER TO postgres;

--
-- Name: cache_locks; Type: TABLE; Schema: public; Owner: postgres
--

CREATE TABLE public.cache_locks (
    key character varying(255) NOT NULL,
    owner character varying(255) NOT NULL,
    expiration integer NOT NULL
);


ALTER TABLE public.cache_locks OWNER TO postgres;

--
-- Name: failed_jobs; Type: TABLE; Schema: public; Owner: postgres
--

CREATE TABLE public.failed_jobs (
    id bigint NOT NULL,
    uuid character varying(255) NOT NULL,
    connection text NOT NULL,
    queue text NOT NULL,
    payload text NOT NULL,
    exception text NOT NULL,
    failed_at timestamp(0) without time zone DEFAULT CURRENT_TIMESTAMP NOT NULL
);


ALTER TABLE public.failed_jobs OWNER TO postgres;

--
-- Name: failed_jobs_id_seq; Type: SEQUENCE; Schema: public; Owner: postgres
--

CREATE SEQUENCE public.failed_jobs_id_seq
    START WITH 1
    INCREMENT BY 1
    NO MINVALUE
    NO MAXVALUE
    CACHE 1;


ALTER TABLE public.failed_jobs_id_seq OWNER TO postgres;

--
-- Name: failed_jobs_id_seq; Type: SEQUENCE OWNED BY; Schema: public; Owner: postgres
--

ALTER SEQUENCE public.failed_jobs_id_seq OWNED BY public.failed_jobs.id;


--
-- Name: job_batches; Type: TABLE; Schema: public; Owner: postgres
--

CREATE TABLE public.job_batches (
    id character varying(255) NOT NULL,
    name character varying(255) NOT NULL,
    total_jobs integer NOT NULL,
    pending_jobs integer NOT NULL,
    failed_jobs integer NOT NULL,
    failed_job_ids text NOT NULL,
    options text,
    cancelled_at integer,
    created_at integer NOT NULL,
    finished_at integer
);


ALTER TABLE public.job_batches OWNER TO postgres;

--
-- Name: jobs; Type: TABLE; Schema: public; Owner: postgres
--

CREATE TABLE public.jobs (
    id bigint NOT NULL,
    queue character varying(255) NOT NULL,
    payload text NOT NULL,
    attempts smallint NOT NULL,
    reserved_at integer,
    available_at integer NOT NULL,
    created_at integer NOT NULL
);


ALTER TABLE public.jobs OWNER TO postgres;

--
-- Name: jobs_id_seq; Type: SEQUENCE; Schema: public; Owner: postgres
--

CREATE SEQUENCE public.jobs_id_seq
    START WITH 1
    INCREMENT BY 1
    NO MINVALUE
    NO MAXVALUE
    CACHE 1;


ALTER TABLE public.jobs_id_seq OWNER TO postgres;

--
-- Name: jobs_id_seq; Type: SEQUENCE OWNED BY; Schema: public; Owner: postgres
--

ALTER SEQUENCE public.jobs_id_seq OWNED BY public.jobs.id;


--
-- Name: migrations; Type: TABLE; Schema: public; Owner: postgres
--

CREATE TABLE public.migrations (
    id integer NOT NULL,
    migration character varying(255) NOT NULL,
    batch integer NOT NULL
);


ALTER TABLE public.migrations OWNER TO postgres;

--
-- Name: migrations_id_seq; Type: SEQUENCE; Schema: public; Owner: postgres
--

CREATE SEQUENCE public.migrations_id_seq
    AS integer
    START WITH 1
    INCREMENT BY 1
    NO MINVALUE
    NO MAXVALUE
    CACHE 1;


ALTER TABLE public.migrations_id_seq OWNER TO postgres;

--
-- Name: migrations_id_seq; Type: SEQUENCE OWNED BY; Schema: public; Owner: postgres
--

ALTER SEQUENCE public.migrations_id_seq OWNED BY public.migrations.id;


--
-- Name: password_reset_tokens; Type: TABLE; Schema: public; Owner: postgres
--

CREATE TABLE public.password_reset_tokens (
    email character varying(255) NOT NULL,
    token character varying(255) NOT NULL,
    created_at timestamp(0) without time zone
);


ALTER TABLE public.password_reset_tokens OWNER TO postgres;

--
-- Name: projects; Type: TABLE; Schema: public; Owner: postgres
--

CREATE TABLE public.projects (
    id bigint NOT NULL,
    created_at timestamp(0) with time zone DEFAULT CURRENT_TIMESTAMP NOT NULL,
    key jsonb NOT NULL,
    email character varying(255) NOT NULL
);


ALTER TABLE public.projects OWNER TO postgres;

--
-- Name: projects_id_seq; Type: SEQUENCE; Schema: public; Owner: postgres
--

CREATE SEQUENCE public.projects_id_seq
    START WITH 1
    INCREMENT BY 1
    NO MINVALUE
    NO MAXVALUE
    CACHE 1;


ALTER TABLE public.projects_id_seq OWNER TO postgres;

--
-- Name: projects_id_seq; Type: SEQUENCE OWNED BY; Schema: public; Owner: postgres
--

ALTER SEQUENCE public.projects_id_seq OWNED BY public.projects.id;


--
-- Name: sessions; Type: TABLE; Schema: public; Owner: postgres
--

CREATE TABLE public.sessions (
    id character varying(255) NOT NULL,
    user_id bigint,
    ip_address character varying(45),
    user_agent text,
    payload text NOT NULL,
    last_activity integer NOT NULL
);


ALTER TABLE public.sessions OWNER TO postgres;

--
-- Name: settings; Type: TABLE; Schema: public; Owner: postgres
--

CREATE TABLE public.settings (
    id bigint NOT NULL,
    created_at timestamp(0) without time zone,
    updated_at timestamp(0) without time zone,
    key character varying(255) NOT NULL,
    value character varying(255) NOT NULL
);


ALTER TABLE public.settings OWNER TO postgres;

--
-- Name: settings_id_seq; Type: SEQUENCE; Schema: public; Owner: postgres
--

CREATE SEQUENCE public.settings_id_seq
    START WITH 1
    INCREMENT BY 1
    NO MINVALUE
    NO MAXVALUE
    CACHE 1;


ALTER TABLE public.settings_id_seq OWNER TO postgres;

--
-- Name: settings_id_seq; Type: SEQUENCE OWNED BY; Schema: public; Owner: postgres
--

ALTER SEQUENCE public.settings_id_seq OWNED BY public.settings.id;


--
-- Name: users; Type: TABLE; Schema: public; Owner: postgres
--

CREATE TABLE public.users (
    id bigint NOT NULL,
    name character varying(255) NOT NULL,
    email character varying(255) NOT NULL,
    email_verified_at timestamp(0) without time zone,
    password character varying(255) NOT NULL,
    remember_token character varying(100),
    created_at timestamp(0) without time zone,
    updated_at timestamp(0) without time zone
);


ALTER TABLE public.users OWNER TO postgres;

--
-- Name: users_id_seq; Type: SEQUENCE; Schema: public; Owner: postgres
--

CREATE SEQUENCE public.users_id_seq
    START WITH 1
    INCREMENT BY 1
    NO MINVALUE
    NO MAXVALUE
    CACHE 1;


ALTER TABLE public.users_id_seq OWNER TO postgres;

--
-- Name: users_id_seq; Type: SEQUENCE OWNED BY; Schema: public; Owner: postgres
--

ALTER SEQUENCE public.users_id_seq OWNED BY public.users.id;


--
-- Name: accounts id; Type: DEFAULT; Schema: public; Owner: postgres
--

ALTER TABLE ONLY public.accounts ALTER COLUMN id SET DEFAULT nextval('public.accounts_id_seq'::regclass);


--
-- Name: failed_jobs id; Type: DEFAULT; Schema: public; Owner: postgres
--

ALTER TABLE ONLY public.failed_jobs ALTER COLUMN id SET DEFAULT nextval('public.failed_jobs_id_seq'::regclass);


--
-- Name: jobs id; Type: DEFAULT; Schema: public; Owner: postgres
--

ALTER TABLE ONLY public.jobs ALTER COLUMN id SET DEFAULT nextval('public.jobs_id_seq'::regclass);


--
-- Name: migrations id; Type: DEFAULT; Schema: public; Owner: postgres
--

ALTER TABLE ONLY public.migrations ALTER COLUMN id SET DEFAULT nextval('public.migrations_id_seq'::regclass);


--
-- Name: projects id; Type: DEFAULT; Schema: public; Owner: postgres
--

ALTER TABLE ONLY public.projects ALTER COLUMN id SET DEFAULT nextval('public.projects_id_seq'::regclass);


--
-- Name: settings id; Type: DEFAULT; Schema: public; Owner: postgres
--

ALTER TABLE ONLY public.settings ALTER COLUMN id SET DEFAULT nextval('public.settings_id_seq'::regclass);


--
-- Name: users id; Type: DEFAULT; Schema: public; Owner: postgres
--

ALTER TABLE ONLY public.users ALTER COLUMN id SET DEFAULT nextval('public.users_id_seq'::regclass);


--
-- Data for Name: accounts; Type: TABLE DATA; Schema: public; Owner: postgres
--

COPY public.accounts (id, created_at, updated_at, project_id, email, access_token, refresh_token, expires_in, token_created, status, revoked_at, nb_moved_messages, platform, micro_worker, micro_campaign, micro_vcode, pico_job, pico_worker, pico_pcode, payed_at) FROM stdin;
850	2024-12-17 12:09:48+01	2024-12-17 21:19:51+01	19	kian.vaughan55@gmail.com	ya29.a0ARW5m760Tj_3uCg4CekXm-8v-5_p0kCd5UxLgbYXLz24NN_K2sYIkbZvA6VJkAAHgLMWTfwIZNguqTCpBGABfrZUPBg0g020wi-PLZ-jYKZAe0AN7v6nD4u81HTAUyZybavRbNbjQ6St0F4rpS-F_QZ727m11DrKcMLIDU7byJAaCgYKAcISARASFQHGX2MiUxJrfKcfHoa0qi6py_Hprg0178	1//09Gqpf8QSCC52CgYIARAAGAkSNwF-L9IrqLsNtc7UI1Dza9Encn98lGiKs-jrSlOGPi88S8155MSEHMFCQUd7nwOYJyC8DZHkzDw	3599	1736893380	success	\N	4	pico	\N	\N	\N	dfdfdf	45545ppp	pw-82cb87207b78feb7d41172a760297ccbe8c48696ac9e7c350b1bae532e6bd3c3	\N
853	2024-12-17 15:14:20+01	2024-12-17 21:19:49+01	20	amgjon5@gmail.com	ya29.a0ARW5m74UfZo6B1UvFoMWA877frXwCuanyCcJMQi22Lefip-IUuRXx-Bj2A4C-_FgBJ6EHilMD_mVXwQ7ip3qVGG2oOGw_zd9gZVFlsgwwhCHyEfbKdp25aWyMSXWwIf6wVDDE6-cjgGrp4TiZoztMrnSu5RCi2rm9oMN7S02cWIaCgYKAVMSARESFQHGX2Mi_WRuDv1HaTCWZVCiyKBlDA0178	1//09dv_r8l6YONdCgYIARAAGAkSNwF-L9Ir4HXnmn4OpYDCgs_6BwZnVzYwMXvaI1f23tVdaCwYyHMIZGkNhOYMLkUa1eeMQ9oFra8	3599	1736893379	success	\N	4	pico	\N	\N	\N	dfdfdf	45545zzzqewddd	pw-6992168608b6c167d451f08ba84e1e69e723b8458cd0b3fee8b647b8bbcb6de1	\N
849	2024-12-17 12:08:36+01	2024-12-17 21:19:53+01	20	theenx.7015@gmail.com	ya29.a0ARW5m76EXPBjqaCwj0xJD9AZVrxprmXq4-1om0LYPplM4fkABHX5RO0D0elej7Yu3GvoeU74scUZyFHFk1XlONi6662Du5I4S5E5fFHsunO3gOaSeDYdrpXpFZVuTY0X45YArWnAsTop9zICXIbjSqpCnVPGW45Wxnh7qLS_hykaCgYKATMSARESFQHGX2MiFIdhRbZ3ft_9JXC_1gGKeg0178	1//09ltDVZXP977OCgYIARAAGAkSNwF-L9IrrH1bMp5SjRREfy6pJeRUo2Wv8JJhVYAzSKpNkpIgtPFHPW1JcP10Bvbf7x2fAIhCBO8	3599	1736893380	success	\N	4	pico	\N	\N	\N	dfdfdf	ddd	pw-2211ca3f4b6c2d092d799b5ef2232c410b6d565f036133086da978f155b68c62	2024-12-17 14:52:08+01
852	2024-12-17 15:03:47+01	2024-12-17 21:19:48+01	19	imad.elkhadir01@gmail.com	ya29.a0ARW5m76TvyK7y9yMlCy-MxyRTon_alW2Lg1-FxpY_0ISY0jcNwL2TwLdstcGSGuvS_eNMqKqKIXawa-XxVAgHC8OgdJ37Ti6MWid99H0ZZqt21elXvuHea31_CNIwxc0GmPX0UgjBiH2FWIyvj48JW4n2fim-jZF_GOklcSMyxUaCgYKAbASARMSFQHGX2MiCI6WOmOrL5i8bGCuntVGwg0178	1//09vAB7BDfRx_WCgYIARAAGAkSNwF-L9IrbN_HAHJCViZAAxKDonl66E2RNxX23uhP7AXHJk181_eWHHntHjVpT0Zk9etIxI5D9wk	3599	1736893379	success	\N	4	pico	\N	\N	\N	dfdfdf	45545zzzqew	pw-a71549b1823cb99e57a44c70932e6236e79cfedb7e104b6944aeb18395a19b6d	\N
855	2024-12-17 15:19:36+01	2024-12-17 21:19:42+01	20	wolkinzmbrota@gmail.com	ya29.a0ARW5m74V_MH0IJ4nJ89i9H0otdOOt0HwzoF759g9quxaIiBmx9PLXyZmhn_gB0cqETZ6P3VsxPvkVdcsPQR_3V0ogQ4lcwnR1pF3Cna6J9jSJYnjHiIzxjm0hDVbfaDFAVw9679hkw50E2OjxBocnmx7-3_3P5ofHONbusl16aUaCgYKAUESARASFQHGX2MictdKN70n3mcVPzkzHpUo9A0178	1//09w2nWBPn3K9yCgYIARAAGAkSNwF-L9Ir6lzWIBQMeUyM-LlYrxCtgJ6sqKudjUSs1EohuVshl3m4Ro7jUqaWrW403dYTJNwmz04	3599	1736893378	success	\N	8	pico	\N	\N	\N	dfdfdf	45545zzzqewrrrr	pw-0688a48ec812acf0b2215ed70b4d748dc73deb5378c2750f2d0ba3506f0c9e21	\N
851	2024-12-17 12:11:57+01	2024-12-17 21:19:50+01	20	autorespander1@gmail.com	ya29.a0ARW5m74ajqsh6Cl3Ke2t_r6_X4Pft4o3pEbv0fq6czp8WRU3-KwMXm0r3-YymRqsGPx3cIRdTsDO1z9Lc1mtcheT8kz0HP9el7BODJkLuQXLh_ozeOYdRFra-5yD1r4uBXm2DZsADVHGpR5rrRGzbQFLTzBaaLGLnylNkDz3KWQaCgYKAfkSARESFQHGX2Mi4LAqydzhOybYsT5iSL8auA0178	1//09eRjjDZSm0mHCgYIARAAGAkSNwF-L9Ir0bX1ytGxI-q5tgpnHcsDWEvpLSw3LXFI2VZhJazZRT8OWOc2dGrsAZGHm3E-sOa9XmA	3599	1736893380	success	\N	4	pico	\N	\N	\N	dfdfdf	455451332	pw-696fd61f6831c9d6ceb4d0e8fb2371e74909f1a30c463350c7251425131d44ba	\N
848	2024-12-17 14:59:36+01	2024-12-17 21:19:57+01	19	toco.salamanca.445@gmail.com	ya29.a0ARW5m76YXqOjENN6VYG470UaRIlLk96C7yOXTwCX7qAdVjZZIogwa0v0baBZItamKij2I_p4_jgsBWP48kPB13_BypP9PV_iYK1c7083RC-ZXX1Xpt61YA9yLuDNv10JC_-U-mrBfDtdaUlpiGDPL_9brPaa1i32YOINyAUV_IoaCgYKAakSARESFQHGX2MinwTMG126TAh3xR4mjLsSwA0178	1//09DC9crVDUBacCgYIARAAGAkSNwF-L9Irdhlcqvf4ItnqCLVbDO7RppU4Dh8TZrXa50ln6oAEUHSlhMoAoZKEwuVjJjqcxuMbU-Y	3599	1736893381	success	\N	8	pico	\N	\N	\N	dfdfdf	45545	pw-7136ce064e7dde3c6477e26de905d49977e73dba9c108d3a40ca9c81237ae1dc	\N
863	2024-12-18 02:59:22+01	2024-12-18 02:59:22+01	29	fdey455@gmail.com	ya29.a0ARW5m74IT-NHlvgpF-WJIrTpxsEY7_O-zsPOFObo_x4Gu11AZaMu7y0AOPS3vTb9USTmqxNAtf2EiWjo2MwfqbgPrOH3yFmpE8uB_rTsP_Qx5-SD85R7sBUkSiNx7gSuWIWA6wHUl2Y-tSmDMvCmQJsoDMSJUePkujM25dv9C24aCgYKAakSARISFQHGX2Mi3eq2dosMpZ9fE0cyFuGaOQ0178	1//09VBv6r81exQHCgYIARAAGAkSNwF-L9Ir9kh1Un4-H59TPwphGFmgf0ghbGpVXWZI_kU56iDE9bF-0OkvQsWwLz5Zt2dZzdyfsxc	3599	1736893376	\N	\N	0	pico	\N	\N	\N	3af5e5bb0026	eeeee59e	pw-fa4f3f4acca4f4002d2092ea249578515b3d10986b653f9f0fb1ae6acc87c859	2024-12-23 18:12:46+01
862	2024-12-18 02:48:41+01	2024-12-18 02:48:41+01	28	aindrilabasak77@gmail.com	ya29.a0ARW5m76P_-1bSJPT1Bj-2ex0JsH8dsHi3KFc0W1A44vGurcy8gOWboEFswpRR9OkFiRRXg2KWO7rpsAz9B4x3GxPC3FSDSnjU5R9R_LdLfjwI1GrdSh7SXS38R1UTuWA-yuwBBtiShM38LPuHD9k9t_QsjP_B_Rn9bD93qQQ-_EaCgYKAa4SARASFQHGX2MiP7HW-io1HSxOBkhvMrqcsw0178	1//09gXDSSNk3kw1CgYIARAAGAkSNwF-L9IrMgddMk7p4miSSGwTikx8LO1OMyBOLCong7QJvP9_5afxuuZirJS-zBJYWYd2MTAnuAs	3599	1736893376	\N	\N	0	pico	\N	\N	\N	3af5e5bb0026	f3e44825	pw-38918a53f86f67fb28726842b450c2b709b2ad62068631adc74948c6139a5e73	2024-12-23 18:12:58+01
861	2024-12-18 02:42:55+01	2024-12-18 02:42:55+01	30	dasdipika367@gmail.com	ya29.a0ARW5m76xejIqaw6neqtSZjfZgzLvxxH9CdZZMPbZ0SPwuxGZyzYTs2EFZ-pp4vy_GARWNmNQm1SnbZwsZLdFopWDe-rRfD0iYT6xDT76jSCAt0Lbm8WnNJtUlalmOJgSP5tmcoTI4Ll73_5bllBjPciY7WzTdHbB1De8bBK3bJ4aCgYKAQQSARESFQHGX2MiGD0uhNblZvAeXQYRsTACFQ0178	1//099V0aNjc-rOqCgYIARAAGAkSNwF-L9Ir2MUzrBMREiIQRwtIJCR86HZd2p9fA3rjT0Ndel54wu9zOuAH_-5MIIoToaI3OZj6_uE	3599	1736893377	\N	\N	0	pico	\N	\N	\N	3af5e5bb0026	fb2f37ed	pw-b3b47e7b77d69f6cbfbc750ca4889f29388f2a84ff63b94313d9f929d2a68f9d	2024-12-23 18:13:13+01
860	2024-12-18 02:41:57+01	2024-12-18 02:41:57+01	26	rojalina97@gmail.com	ya29.a0ARW5m77Rayl9Gn26yTEjl74QnP9nC_WUXSSQhFN1_JeUPx8Dp34EMiMoM7Ik_DqjWDXKafzjfhp2bCn8TSm58LFOBh74MPAAKMIdgwl7hQNIV1tgyoUFhfVDoZRd9WLEOHN9vtUDiWQhEcCZS5NFCuPxRG6Y2bMaSSKHveCCReYaCgYKAa4SARESFQHGX2MiiA0xmBAmSf5aKSQh2NktEw0178	1//09uzPwKaeSWhsCgYIARAAGAkSNwF-L9IrI_0GuquznqBf5wJMv3vb0ODC2F5M0N8CQ-dHKdzEdJO88elP5Z9oAbQv9DYaKXaJeX0	3599	1736893377	\N	\N	0	pico	\N	\N	\N	3af5e5bb0026	a46fe2a4	pw-d4346db44083ab06952646fc6d0292c3bfb14544fa506794ebb5e65d7492eb53	2024-12-23 18:13:25+01
859	2024-12-17 22:25:39+01	2024-12-17 22:25:39+01	22	imad.cap04@gmail.com	ya29.a0ARW5m77iTwdVRtiZECysDVljPXfBMLDeCZ_Iirae1o684BsX6RwrWZgLyfq7baE1Arhl_wt5oqJF7_u8kf4NunYO1xOXv5fuw7gUB9RC7xC9ued--NOUyeqcphYcORytuCF__4WZV6NVGdUfuuoAPyN5CvChm87jGEzPRey_MDsaCgYKAYQSARISFQHGX2MiqG2zIn8FopZuKECp9Fr94g0178	1//09HcJ9hWbjFizCgYIARAAGAkSNwF-L9IrFmy2uVuOYcPdpSyKOEqDXIq-ZQqGWSumfJW0UoWamucKg5e4_O_BBSG8JbKd9faav_s	3599	1736893377	\N	\N	0	pico	\N	\N	\N	dfdfdf	45545qqqqq	pw-51eea8fdefea84d275ea4b8d4c507cd88fe88024e80460fd77c126c4854ea8db	\N
858	2024-12-17 21:41:06+01	2024-12-17 21:41:06+01	21	napoly410@gmail.com	ya29.a0ARW5m76_Q7m6D_PIaRt33f449lpVEYIT5fj28xrCREmXh5Rl4Jei5LRmprhEDT1m1TmLW2ezqjrCkXytYEF-HlN5weK_Pt5mlJxgshg1oHom6XVhrtXnWss1AgOAKHjVPWD8oOJ30JcfQWVokjiewvatfo3IFoKwvVNnbMX8Q9kaCgYKAccSARASFQHGX2MiXKJQb_Vws6TnnGOhH3MUgQ0178	1//09Fy36fJ_m6vvCgYIARAAGAkSNwF-L9IrZOJc_u8wjuyuA4A-xGfUuWJ2u4f0mJZP9--FDRFbZEFIxuyGd1ApF4TMcecQIPXEe0w	3599	1736893378	\N	\N	0	pico	\N	\N	\N	dfdfdf	45545zzzqewddddddddaaaa	pw-5c0af43bb3e9c4e843897cd7c563205f70ac77168190efc7d5891b08dc81c879	\N
856	2024-12-17 15:22:57+01	2024-12-17 21:19:47+01	19	boyezyoung@gmail.com	ya29.a0ARW5m74BSIJfsx3odihzUJF5UxDMGhgseVnoy5cBxkDtFZMdIAX9N5wMjV7xdfyMtAgW-TJZcLCgv0n-Lw58BWY0zFfhl0wuqnYh4qxCWZJ9oloolt8kdMFibasMyfMP6OqdzGtbi8IKCazwNiNAu3zsMNk77dV9Y2apjEUvIwoaCgYKAWwSARISFQHGX2MiW3mhtjONGgiaYl7LRLbqvA0178	1//09O6ow0730xqtCgYIARAAGAkSNwF-L9IrZLqzNrAtoIbMcLHeni4Oeo2pAC1hpyin7fpCGuQNcw-eBnbYlLlgJTntOtFl00X6aSY	3599	1736893378	success	\N	8	pico	\N	\N	\N	dfdfdf	45545zzzqewzzzzzzz	pw-c9694e875f85ed86ad1db7063ebf1a39cb47ec564fbbfe7e7d8f0a7c3ce4908f	\N
854	2024-12-17 15:16:21+01	2024-12-17 21:19:44+01	19	wa.tariii9e@gmail.com	ya29.a0ARW5m77w6GaQOaVixKy95dNODaeoLF5mN0bMLLsEAXp1x4mG7h4vhYxyLlZR9wehTehKG_mEkIdIvKxZ9chK4RQPYbOlSsnuh_BorEEocOuRBPIuoQWjZqFMrK5zYO3RCXW7AiX3dPGUhzUVv_Lpu7mk2uRR0L21_BfVOQ2P71saCgYKAXQSARISFQHGX2MigHDCZ8FwbpeYjCqhOVEjVQ0178	1//09T6SE9Q6LDvYCgYIARAAGAkSNgF-L9IrlIkvjqpuyjZseL4Vnm8ZzAZhzwSJ0FwrPcwVcsuyCk06EHf6Pq-YfgR4OQnyW8Pkbg	3599	1736893379	success	\N	4	pico	\N	\N	\N	dfdfdf	45545zzzqewdddxxx	pw-9eb455d3aff6b63f7258362b94ebf08974c3112c0c23d8d286ff7ca495406915	\N
867	2024-12-18 03:09:12+01	2024-12-18 03:09:12+01	23	ji9869153@gmail.com	ya29.a0ARW5m74Khofy-3l-gWoWxvhvGGI9qSiABJAFr-0PuUo__Fho-xiGtIlwh-HSlaejOa232vhO83CH84uqv9-KYswHHr-R-fWcSKHRgOXwLz-cL-YtV0PvMhWvU2imN4Wk6l2oDNMnnBVCg_OLOT4hVUFG4XexeTobbwN2S8Ylr84aCgYKARESARMSFQHGX2Miu9VDXru_57Ctxw3AAoYc9w0178	1//095ePCn91-fB7CgYIARAAGAkSNwF-L9IrehLFRrvfl0OmnHsM_EYChiW6zAujTAIfRqfgIehgeBEwjp4D8AHnJFKuBgLQaH10ft0	3599	1736893374	\N	\N	0	pico	\N	\N	\N	3af5e5bb0026	e62b38e2	pw-c5413548d614c839336ca0e4d5ad0ecc2eac6b9b88ef79a72a2f43f5c1339a2d	2024-12-23 18:12:05+01
866	2024-12-18 03:07:28+01	2024-12-18 03:07:28+01	27	shobharavikanth16@gmail.com	ya29.a0ARW5m76z4n_bXMqX-wMUoy7YqVgw7y86GyVAiOYpndos8641hpaAi94MqYjigP1R1RtiY2bAYB453oalU9ysF0ghUMVCVmZuqSeDxUBJve_KWGo0woL5jXSE6Ji3w1Du3_-sdtf9LAyvpn0qtleWNwMXUDxUODMkzhhmJbF4To8aCgYKAbYSARESFQHGX2Mit_Qt9xehhUw5WbE15NGpZA0178	1//096iiQ_ugcv0VCgYIARAAGAkSNgF-L9Ir_AkBuSiqc_wLtNME2OkOswrMxxwpzf3l0MiLnIqyLGBtyUjGHzrcUxmkUs7N3KaK2A	3599	1736893375	\N	\N	0	pico	\N	\N	\N	3af5e5bb0026	cbd5c23f	pw-198cea1ffbbf9711cc88cde7ef116bc39c597a639eb51dd7e2e38f64498e55e0	2024-12-23 18:12:17+01
865	2024-12-18 03:06:18+01	2024-12-18 03:06:18+01	25	amitsad722@gmail.com	ya29.a0ARW5m75089IKTnonixuJ3N3wu9etU-m5ZVFswrEYN26fM3hJn6ArvIqpdhSMhQUM7H9uG11pnc2DQVX_6sav8z133uowsvg9bGj8_ogyfsFFVt5chjvCQ7oqplveaxewHg1I-Yr1O2zqa1BnLk2gMxBvxeR_vS0HP4JCDpdVGwYaCgYKAW8SARISFQHGX2MixWLd6XYpuxaN4Hj_XCFoVw0178	1//09QJdDGDA0VBvCgYIARAAGAkSNwF-L9IrTmvt73TryxYzbuFyhf9_WApnkCDe7IugDmGYqSMgXNut-LOeH_FzotyvEFrpTy3sGUY	3599	1736893375	\N	\N	0	pico	\N	\N	\N	3af5e5bb0026	5bbe8e8e	pw-1eb95919482227902753cf7b81169b06fdba657949f82ce5818038df620097de	2024-12-23 18:12:27+01
864	2024-12-18 03:02:40+01	2024-12-18 03:02:40+01	24	chaitalidas1209@gmail.com	ya29.a0ARW5m77RGrfkghTLRKG9BOcLBp--akt9jxxaecXkfHWeLxLiG5oBvFFXSGrqtgxGbvzGxTv4MNb9bX1wDQGbd9ypCvzoAD2VJ-hTHAyNNdjXS8vLoPX-hALMxb0PvFrQC-SH6I5KKM_7aXKNvgvLIA0Wz6rLCHiBRqKEIGvImqwaCgYKAbgSARASFQHGX2Mi9RsFKZf7iyiBMyUXMvBtQw0178	1//09Lly831bWh12CgYIARAAGAkSNwF-L9IrAr8XfR2SoBAt5Jl1aHRD8jrOYPVf2DvpC4e5f2WbTFgf1a6OTuzRTt8wTWuscplUmWo	3599	1736893376	\N	\N	0	pico	\N	\N	\N	3af5e5bb0026	ea0efc43	pw-709c63bb6e279708e86f6e8f8fe1b408ad7648312675badd0354ebd8b32b63d7	2024-12-23 18:12:36+01
857	2024-12-17 21:33:08+01	2024-12-17 21:33:08+01	21	organicsend369@gmail.com	ya29.a0ARW5m744EsslbM5oUzUj5J9fRlBaydagGR2UJAKw_jPabF8941cW1dljac5VttXyLXKqBSjuTxZKpHWtHPAu9j9JoVm2tAkvuUUqC5xqNvHL1m-sWoijffhqe9gZzSWgYwTKiNKOiH46zdhQbqdZFKLbDxufisHiqpEn57eVaCgYKAcESARASFQHGX2MiJwxW9Z-YHrBh3-_fNpVFKQ0175	1//09nmwZpdibGHSCgYIARAAGAkSNwF-L9Irtqi9exIrOXglP72y8iIXqG8-O67zpIwPnRondC59zhyTNu9E4EYJJ2Qs0vj6o2VEP-U	3599	1734471188	revoked	2024-12-18 14:05:07+01	0	pico	\N	\N	\N	dfdfdf	45545zzzqewdddddddd	pw-375bb330ff7845d5011a79b83d0e6294dd825a70e5dcc6e7b08baefcb1e1ba4a	\N
874	2024-12-18 03:40:14+01	2024-12-18 03:40:14+01	24	sathiqueen87@gmail.com	ya29.a0ARW5m75B8j2QkPla0QEWepOascF5cGmH4mAghgG5e9VOOV07qkBSM71vEc5G_dqPVc4HCqgRui0AtJ1pW2C9toRpqH5QAbkpaHl7NZQzBBSP6OMqEHlTmBLO7N6dq3rRGqI2QesNj30NgX32hfS3wdzu4PG6pAVKkxgANvBjVWsaCgYKAUkSARASFQHGX2MiSGTMqQSYy6TvitenoxsgDQ0178	1//09kq2JO8-h8TACgYIARAAGAkSNwF-L9IrIxLSpHey1BrGdAUJjIXZH_M-4sGNfRC-TcjjZBc-UVuVY60e4SOU851-G8ocnTYPTn4	3599	1736893372	\N	\N	0	pico	\N	\N	\N	3af5e5bb0026	de2bf894	pw-25727496d7016131f001d7f613549ae85cbc34bd351aeae5ef78fc11e4fa0fca	2024-12-23 18:10:49+01
873	2024-12-18 03:39:16+01	2024-12-18 03:39:16+01	29	arpita93b@gmail.com	ya29.a0ARW5m75UaFmI_9j3enc0TGTKMb_zx3fi0Liay1LdGEFnnH6Rvae7kSJYn8t6o-YoCEnLLb7jPosFnDdLIsQuZygXC-Fkrc3qyIhqGUXo65tQPuc-_AIoiUFzxs2tHAd2-jKbtqOxvquoPYeDrqxKyBFM60hFIpeHbLO_SmN2R6MaCgYKASMSARISFQHGX2MipACsf5-XqFzKSEG3gA2Rag0178	1//09G_1GHcwdOVkCgYIARAAGAkSNwF-L9IrEkKNulGzrgnulEMpkxbzPiTQdtaFFwSPRa0QkUGkORIs27JA9WedgNpEfCQOP-BBNf4	3599	1736893373	\N	\N	0	pico	\N	\N	\N	3af5e5bb0026	e2e5b8cf	pw-fcecbc29d64e375fcd71709ff81a149a39f88ed3537a9c2eb8d1aef733937bbf	2024-12-23 18:10:59+01
872	2024-12-18 03:37:11+01	2024-12-18 03:37:11+01	28	piyankaroy350@gmail.com	ya29.a0ARW5m75rLwFqfa2B2_uQvlIBgPHHQDQr_FdgH5ltFq8B-Jc3Fy3W2M0eY4RTL3lOxfX4fkPu2j_TB3PjTMuF2YNxc3qY3ueMNvT7zFYtGYNL9P6GdWyzrqyFR0AsUSBImdjU4xPMG7yqiualZzmiFcXVsU9ZXVfQbpYqjUJWifMaCgYKAbUSARESFQHGX2MiTlqXIiwJbDEl6QYIHmyH0Q0178	1//09lERuX2IMnPxCgYIARAAGAkSNwF-L9IrrVA8glNbiIU4EnSs5nLJEk2r-px18-tFHG46zDmsD1HnlZos34ZqKt9hHCsLeylAtzM	3599	1736893373	\N	\N	0	pico	\N	\N	\N	3af5e5bb0026	d7df5480	pw-7b9a834e5e73488b6e41090662ff20c5ae906d2400b039c053905eeee0741402	2024-12-23 18:11:17+01
871	2024-12-18 03:22:10+01	2024-12-18 03:22:10+01	30	joeroot19657@gmail.com	ya29.a0ARW5m76RiTe7AU2sTIDuLkjq33irDR4Nfkj9h0qVa0tn2Bo-qVBRz13qdABGU5uFDZ64jDhF7GCpAQacdkHGfFwW9S8M_ZepzfqyPTJJnQ4OVaR9H-hnX_jvoL_e8P3f7aeclhD_ejy9eAbo59R5TnxqlQNlbP51Tzu7LgARgzoaCgYKAcgSARASFQHGX2Mifjx2vNtSfmjrb5t6SkUdCQ0178	1//09_5_Odr9ySkLCgYIARAAGAkSNwF-L9Iru6T5dWZSqyIYuCjxV1iBllQEXvAg2sTSryVHXzb_i0rRfUsb8B8v3LWjx5iKrcKX-Eg	3599	1736893373	\N	\N	0	pico	\N	\N	\N	3af5e5bb0026	a54b7dc5	pw-353b79087cf560f1a4df1f58c51c0b2454fab5939e558500808433311f3ee128	2024-12-23 18:11:29+01
877	2024-12-18 04:09:54+01	2024-12-18 04:09:54+01	23	sd7977346@gmail.com	ya29.a0ARW5m77vXuvm-_qYGj5kzD7BumFnBCIBro8Hj1qA6aTAdz5L_nqIAwZInAL75NKy3yAwQhl1puL6G_I2raHcBW4n26QY7KJjAFGZqWf4Fl98seIuVTxIGvl-bqIzQncz9wIUDPyXXhoHIVzfaBAvcqJ9HKLjK4AyGrBMjGILaCgYKAVkSARESFQHGX2MiJqjMR557v_3N9eVlhbgobw0175	1//09C4xHjNhReNoCgYIARAAGAkSNwF-L9IrapSv9g0L1R0iLvgmeECdIAfIhd8h8wGPMUu5iO2kC1ARZZCLPjQNZ2P1abr-XW7-l94	3599	1734494994	revoked	2024-12-18 14:04:51+01	0	pico	\N	\N	\N	3af5e5bb0026	3d0989f0	pw-f4c3d1c3bf3ea052ca792f3d906e2bb739e341ebc67033ba6e4ba3af4b36cdb9	\N
870	2024-12-18 03:21:26+01	2024-12-18 03:21:26+01	30	orravan37@gmail.com	ya29.a0ARW5m75AW9XPpkQzlGBb8seiJPZ5jLVDgn8Yjxskjks2cyFuDci7J9_dSVkVXmkMMIYec9vvuXHeg-irFWRsTu3JwglWY-xwMxRCH0LpfIGby8VxrpGQd1JFUu5o687RjomXdMExGXuaedK8qCmxMfYTLIdqqKmN5gwHrY3XPZAaCgYKAQASARMSFQHGX2MibgYM1bzSkYoMRmo8Npkl_w0178	1//09FN-5XZBeUgQCgYIARAAGAkSNwF-L9Ir5-hfHAylg5QEpB7u_l9auXQsIccaYFnEelAe9IXp08F_5LSyjH9i1BKrFUruJHk5vss	3599	1736893374	\N	\N	0	pico	\N	\N	\N	3af5e5bb0026	b13faa27	pw-06e32bf531e61001c1431cd08f3509760e1b51819e8bdafd1350840044b7933c	2024-12-23 18:11:40+01
869	2024-12-18 03:12:59+01	2024-12-18 03:12:59+01	26	khatunammara269@gmail.com	ya29.a0ARW5m76SCW1azb6Kt4p6rG55Eua_RejgcpaXFmPnw46ZTPFUHmaeKlpGk8nq5W77AG8o0WlomKz2eOEeoOs0Bui2aBoIaCseVKmzlFpxx8F6rH3QiZcwVrYniRhvF9okON70AoyBMS1wwC6x8VQkav9rGl8dgjui3a7rpqbLjBwaCgYKAbsSARASFQHGX2Mi9hqkZ4xcIDaeicMkJYDaGw0178	1//0930geN3u74zHCgYIARAAGAkSNwF-L9Irr-llznafKSB-2XpEADEDzplY2vlVuUuZDQNo_0ZYGXUEhqCPS1_0F3yaYwn0XY6LiKU	3599	1736893374	\N	\N	0	pico	\N	\N	\N	3af5e5bb0026	fedd5881	pw-02c51a19dcde90ffd1ad3fca5b804381490cea4ba9ab7fc8cb9e21a94b6c5d7e	2024-12-23 18:11:52+01
881	2024-12-18 04:40:23+01	2024-12-18 04:40:23+01	28	jacobmilan59@gmail.com	ya29.a0ARW5m76ShJukqvGamGK4zRbmP-4u2UdLruHjV43lK5E5d3AtmOTeJA6dptIw8-kgtK7hzm4BwdqUlqfEOpWxzkRJzOqV62gQ_iPiRoqwCTpkbfUP4zcMCSF1h7b_hpAr-VmeOWLO2vmJsuk2gYFB1jWNJK-ZoNGGMOk0_452NOkaCgYKAcASARESFQHGX2Mi9TMut5Ifv5rkCEyk0ELc5g0178	1//092QSU5avyBo_CgYIARAAGAkSNwF-L9Ir7XbyXJNCCDST0YLtNviLzaIp7Yx3rgFYTM4rSuBW3TCNZAdA9EVDBUpBnYfLip_4ebA	3599	1736893370	\N	\N	0	pico	\N	\N	\N	3af5e5bb0026	75c3d2a2	pw-9085a4c28580da32c95fce11559a01e0b4948b2cb6ddcad74ed0d362196cf02f	2024-12-23 17:51:25+01
880	2024-12-18 04:20:46+01	2024-12-18 04:20:46+01	21	dasm14468@gmail.com	ya29.a0ARW5m74UGLYTOoIcnVAY57piT6GDBdYYMU6S598wf7ZqegMDtDoDD73Yk_1-Gf9yXqEr_8aGfTRqHyiFaMMa0MgIoZrV5Hy6HL1C5MlQtoJk-IRf7YekYJkgsZwLDIDiAJmWHpskFpaZTsGTaX34tGFKteK7VDYgGpDUvh8dpawaCgYKARoSARESFQHGX2Mia99bmyDALnlcJfx3c9jv0Q0178	1//09gqZM0VTtBf-CgYIARAAGAkSNwF-L9IrlDvFjaylHcpRMcgvxGRtbTwyUi82NaMD6RljCsF3cx6PHZhBp4fdLXcf9uUQfSM829Q	3599	1736893370	\N	\N	0	pico	\N	\N	\N	3af5e5bb0026	1b677495	pw-62b9796b88559c64e20fa16056f6d7987a067d4744aa3874c5f684a11c5501c8	2024-12-23 17:51:41+01
879	2024-12-18 04:15:16+01	2024-12-18 04:15:16+01	26	bennybestin199@gmail.com	ya29.a0ARW5m75tD4A4SVeoG-yg4W-zmaveXR15hEvq3_WpEKuo6xdH_5b9h_5j0UonDR9ALx7sgPeDnu5VDPh264krlEO4PUU8y-sloOgZkYs5wie-jpM8V1JnW-1D1-0Dx4imp--9ns_93hfyUlO05WzDz7uWgIdXN09r9-i8DXmLb5waCgYKAYcSARISFQHGX2MiGp-0SqwfWKJKFl5iGWEUow0178	1//09WcQAbAdCff0CgYIARAAGAkSNgF-L9Irgp9iEiHlf7xjixA_CvYQC3mfc1sDTDppI7d5bWsDE6pAs2lRIm7FOEi0uM4vNzmdpw	3599	1736893371	\N	\N	0	pico	\N	\N	\N	3af5e5bb0026	2a531e2e	pw-a6ac9c31d21e6a89472a740812c27a5c2f6d6b3a72a53c3b1fe7a0f45c346720	2024-12-23 17:51:49+01
878	2024-12-18 04:13:12+01	2024-12-18 04:13:12+01	22	cuongtanky3@gmail.com	ya29.a0ARW5m75zwbiagwuQG4XEmjoJjKXwwq7augMxabjDhq4YPi-Jruls9VyIcyThDtrRzvw5T51Ut7cSARfGLu8eaGpVU2bO1MBEtjeJzfLZkXYc1USDbeJ0XLf09ORA2DD2W5aHOzYEjh9LYV4dMTJVrBLwbyKEk-KJP5OBLNnLk7AaCgYKAYQSARISFQHGX2Mih7mvuDJWSU83992i93G3Nw0178	1//09CMe1kWF5Y4SCgYIARAAGAkSNwF-L9IrKs17TL69ZcmaiOiSF2C4jT7rocZ1mOk4fn6Gc0mwN6IDdJKocBb-a5MkIQ3TCcbVFhU	3599	1736893371	\N	\N	0	pico	\N	\N	\N	3af5e5bb0026	f35cc0f2	pw-94c3f648ea353a17746e5d0ab2d5d97c9322abdfca686b185644e00d17abf444	2024-12-23 17:51:58+01
876	2024-12-18 04:08:07+01	2024-12-18 04:08:07+01	27	banikmishti24@gmail.com	ya29.a0ARW5m778BPocx2FbhZv8di-YX4zNqhmiodspfpQAJytwZXMkzMh7Qhfdgx8RTeVTODMa8T7mAQ22v08TM8Q9wena32VeugloeXXZ7zMMJortBDlpxx_3W4ovzayJsnh8Y22CN2qPEc1l7b-bPQfJdvhVXB6mj1vOldMOe3tgDqoaCgYKAQgSARESFQHGX2MiWGmOVe0lcLs6vLfdyTp-bw0178	1//09R7jTw4u_1O_CgYIARAAGAkSNwF-L9IrdwGXy5gS9Ka5C8iK9s90XTtl2djdhJZfjMCFd0UpFe7Pwg4pgPnU5HS8Kip2gdPk--Q	3599	1736893372	\N	\N	0	pico	\N	\N	\N	3af5e5bb0026	a244db0e	pw-47f92e847de4a057b5af002950e50df81893b7946a8e2e13a3a238f451ad5a2a	2024-12-23 18:10:24+01
875	2024-12-18 03:59:38+01	2024-12-18 03:59:38+01	25	aguilarcharmagnedeanne0@gmail.com	ya29.a0ARW5m76r-D_-SH-KR-eL5uKPCuR94Gyp7owVU7KTqJ_bYZmB_-25VoDP0rOMu2bqhMJZNFCsxF0X0CFD65I5sHyFektA7rHMAkJgsm9vs4ghCFcAJsk5TglEv19OTpkuNLGDuY0KgTkyv8Hu_ZscPBesoP0j83mRywmV7obWOJIaCgYKAT8SARMSFQHGX2Mil6U-pMDgv3AyDrEJu98g_w0178	1//09_qZqC2XHnxfCgYIARAAGAkSNwF-L9Ir-EeHvc6xWzgeby1ts7G51-Ovy4alAD3Vkd3RMTNSRhheiZrw8QlcfL70_KQJl2k6xyk	3599	1736893372	\N	\N	0	pico	\N	\N	\N	3af5e5bb0026	88741a34	pw-2ab16c77188c3252094e7dcbeea111eaacf691055a854255eba1c325a8d03f08	2024-12-23 18:10:37+01
884	2024-12-18 04:59:16+01	2024-12-18 04:59:16+01	25	mamataadak58@gmail.com	ya29.a0ARW5m77VecxyIMDpyApwYpigpsX5bt6Su4mRoEMrBP3CiK7z-vdyUrqHGotPEKd63q_8TWGtR7RUKm0aY1fY-CFF0jY3dWcAaQKIIlot2QdlipuSyL1WJ0-csnqd59sKbFdYmjkiy-HuvyQG80VUMbT7dJFvL9LnLb0CZO6q9vUaCgYKAW8SARESFQHGX2Mi2Ja9yrqTJVMoNqqLEKS6HA0178	1//09dFbMtLRP896CgYIARAAGAkSNwF-L9IrMmY47ih3_hADEpwVsXeBEWL2yPHLi_iBbe3dGUK4T0KCDm1cctBPKaDk-SZG_KMrqns	3599	1736893369	\N	\N	0	pico	\N	\N	\N	3af5e5bb0026	277a3463	pw-6900a92179187bb45bacb83919090e13f2b89abff27c3bb21b9be9b143667f96	2024-12-23 17:50:57+01
888	2024-12-18 06:11:57+01	2024-12-18 06:11:57+01	22	najiyasultana7478@gmail.com	ya29.a0ARW5m74hjOga-FzSJvaRjsoUMMX0e1DpQzWadR4TbD4cjXiq2QmHZ35GOBvNPCTeLYVGe7dT7esrIR0e05bT3r6vaXCJTuj-4nKGaVzkFJJNINJ2iitKT73jNmZYhGVOmpgxwTv9BV82mV---NMOWlxg2tudzqYFwrMkj3g6g9caCgYKAQ4SARISFQHGX2Mi0BfMoO7yhUlpbKl1UzjlJQ0178	1//09iY1V7j3vtM0CgYIARAAGAkSNwF-L9IrGBAwzvIb-de6si8yq2KHvxuaDx0pTtMlekXuyYrneC1zQIIqtgJU7FQ72KV8x8CMUTw	3599	1736893367	\N	\N	0	pico	\N	\N	\N	3af5e5bb0026	f557f8ab	pw-6a16a2c11cd4c529c4b2ce9b5df6b164b48eecc7fcd2b0579598e2a043e4e97d	2024-12-23 17:50:18+01
892	2024-12-18 07:04:42+01	2024-12-18 07:04:42+01	29	nikolinaprivet84@gmail.com	ya29.a0ARW5m76p61xGi4G6UGDxXPbEuaK2it1jI5vli8BdMGzrleC__7oe19rb27cZU9O31A4brduPvldars5djjLm0xM5TDdWH2-xPdSWmhaOagJ7wnXbvlJYQ9LTOt1hy2x4Jsw-ifSZrBdRCbeiDJU7ivkTEZ9LUoWYMT2xquKN2rIaCgYKAZMSARASFQHGX2MiM0daqNuAqGxeqyZsixbcaA0178	1//09POICVlRBR9oCgYIARAAGAkSNwF-L9IrC6fyqFVt_eSIjso0h-ysJcsf1LlS1O4xLBUklwYI61Dgj4tvar31egeeuTxHmpFQJxw	3599	1736893365	\N	\N	0	pico	\N	\N	\N	3af5e5bb0026	8b64f859	pw-246a7d1238a25b619dc2744253535b371feed1e611dfcadf320f4548f4317b28	\N
886	2024-12-18 05:19:08+01	2024-12-18 05:19:08+01	27	arnoldpasigna@gmail.com	ya29.a0ARW5m77nOevfAgXr_7XNeVXOfQ2_OOLE7ouX7264FjE4lk9cKp-Sh5pgHGtBVUngH4YBGbbjY6ZQvkTNVF-50t9Ey1jMiyXGLZCSTMPCu1mBins6y1FXEA1dxaCmqmMxiZ3K7JvlgfJupSEkGvF45s1q_HfY6wrxiI5RGSMr43QaCgYKAWYSARISFQHGX2Miv8391TBU51hVVhPvZAU7cw0178	1//09mTVxUtGO-pNCgYIARAAGAkSNwF-L9IrxCDQqxQxX03Rr50w_i5Cu3x9P_5--LxTqSVnEY8dxWoktp6T0Qx6ItfDjGIrGZgGa78	3599	1736893368	\N	\N	0	pico	\N	\N	\N	3af5e5bb0026	70a8b3ce	pw-cc50603f1decead44548c77c0339aeab76d582fb5811a9f7e667dd47fee4675f	2024-12-23 17:50:38+01
885	2024-12-18 05:18:29+01	2024-12-18 05:18:29+01	27	gomesfarruper@gmail.com	ya29.a0ARW5m76oVDO9BhsleWsDtXquUTpZmoNp1bPo0HO6H4j7bqo9JsTmK812PUtYpAgEeYeYEZ_CZj3Mbswz9EaDVX1hlqTD_KoGAkF2cS_vH16NSvz_6T4Xei_b63_NZGUJujfUCgHMTlkj1lgolHmxUtf9iuY6Yqumk7nSna9h4oMaCgYKAUoSARASFQHGX2Mifa8bdBXRp2yrL_cyaVoPvw0178	1//09ZfV6aziQfMdCgYIARAAGAkSNwF-L9IrufejUlYKhDeIU47nPXOyqoYl_73n8ZU79MogBQmcc52TpyqJRiwcNr95bag45lVn8kA	3599	1736893368	\N	\N	0	pico	\N	\N	\N	3af5e5bb0026	992bc627	pw-487de71aafda41bbc83a88e220ed4f2eb424fcee811054c1ecab17165b0b2ad9	2024-12-23 17:50:49+01
890	2024-12-18 06:33:14+01	2024-12-18 06:33:14+01	30	royrai574@gmail.com	ya29.a0ARW5m74hJsN4QouoPeqqW0DBJLD0Roan8AMyUWRD7KHdUNYGr2xXEQCmWz3sB-02YycIcNCxpvAcUEqT_17dxOFfvDak2-MRjnjIIsDrVNn8t4fk7zmt6MashYYURYKRlIyp7IBeedpMpBOUfsgfu0ysSl-Y2EiQjI4IK8hdaCgYKAXgSARESFQHGX2Miwk2gt4wj4nUlAoqrEcgKmA0175	1//09HV0X541U5ANCgYIARAAGAkSNwF-L9IrP6Ku9u4plnbcUYuRpqAB26EIkJyuXUVmOmG6xtxuTu4Q6BzqCEFyW1zag3dg7PhoQTc	3599	1734503594	revoked	2024-12-18 14:04:46+01	0	pico	\N	\N	\N	3af5e5bb0026	3c24be81	pw-9014e21d57afe0dba3e5073ebb24c6f6b13b5b42264a29b24f5794020873d3fa	\N
883	2024-12-18 04:54:12+01	2024-12-18 04:54:12+01	24	binoygayen07@gmail.com	ya29.a0ARW5m75rGC4D8Sf8MQ9OZss-xfTMaCcc0Xafu4C1CBVINtn3a4kt2n7waWwDhsKGZseg85KcQWDzJNxUSXJQ7jlsjsP3R362qyZMcBYzhARCCdPlLlisPwGwgAzMGhiyr_7aMBSIY8jidTXAVUeQgLs8aOKa0tFgj4EemllRj3AaCgYKAaoSARESFQHGX2MiPXUqcAHUjJWll2jBezEg2g0178	1//09jotoqroIG8XCgYIARAAGAkSNwF-L9IrAMk36coLhCRFW-EfyUbjN5FzUUKI4VuDmQvSNoxGZx3XJdGDEwkfVr4QEeJUgrDtJwo	3599	1736893369	\N	\N	0	pico	\N	\N	\N	3af5e5bb0026	8b84545f	pw-5a2a9ff22da313cfcb81ba1c70289873571c853608c0c29860bc4465598e3f0f	2024-12-23 17:51:07+01
895	2024-12-18 07:54:34+01	2024-12-18 07:54:34+01	25	anjanamanna46@gmail.com	ya29.a0ARW5m74INDRfiaS7iblB__6VyUkzp5j6P5Vv651XioF8GRCWQV3kL5s8wm7CBFmiWcObxdyRx14oyWkc7cB2elDFcGFiheoW9ZGLbYiKwmPrv_nxwMUHuxWcLvTHUQiZ3nkah4okF1NbuJold04bLATQfLtOTKCA6TfFuRgjOhQaCgYKAbUSARMSFQHGX2MiWNmyLRlPUzGYr7RJI9KzZg0178	1//09-a99kGgdjFiCgYIARAAGAkSNwF-L9IruHCKgsbDMfbUtZu-YegBT05YsSVR9PslrCjxemO1nvTOd45KkuWYzYwuY_l0CcNaz5o	3599	1736893364	\N	\N	0	pico	\N	\N	\N	3af5e5bb0026	9695e6c1	pw-d889143d385d0c7af2539c6cdc6efdadd29769ca3be7e00f1dcb3effe7e665b2	2024-12-23 17:45:39+01
894	2024-12-18 07:46:04+01	2024-12-18 07:46:04+01	24	tuweikipkitai@gmail.com	ya29.a0ARW5m74TUqQZ2uwXBCCE-giSGmVPs2C4WKhuuBZ9xTCKXvRE9wHOkacWZozyodhz8hsPdo-7oWTYHB69dkAuJ8Qg4rnTgmEduLuqLUwHmbt7f6AgRi736pT1zW_aUjsN5JJm7YEs-2JUHOFFB9tDv905Ig7akFASS_4uHJRkk9UaCgYKAWkSARISFQHGX2MibVU4keEHjMp-ct6tqr2qAg0178	1//096ip9bZ09MNrCgYIARAAGAkSNwF-L9IrR0nbjdVgAAvbRa5R9zwGXlPdOPzFQenT7znbQhyUlVAKN2hR8YAlm75BsL8piDqIuXU	3599	1736893365	\N	\N	0	pico	\N	\N	\N	3af5e5bb0026	43097202	pw-a58d61b0458eeb0685e080c5f5655ba37f980d4cb3977ecc9bd4f1ab5fb2e207	2024-12-23 17:45:56+01
893	2024-12-18 07:11:40+01	2024-12-18 07:11:40+01	28	jovancvetkovic1937@gmail.com	ya29.a0ARW5m740xfBEs3r-fuLo6Ra-lKHtOcfyVEeKGKqpYg_OfgUO3_XkRqNfijz05KJ5EnZ0N8jLZ6C5-RthACA2ZXN4SZJQiRLgwQ4UC4NYFZTfVL-BofZJ9NdE5pfe9z2TESI1iWek9pJd0g1IAQUiPyNEhF-MZZ8QSCG1ruOmCU0aCgYKAeESARESFQHGX2MiJsV2kOsQatlD7CHTZGzV9g0178	1//09_3UI9J0ZHDlCgYIARAAGAkSNwF-L9IrtTTbukJAw9bKJnewXWUXlE3gvmi6pk9yPhMDyDJUHNrwVLbrrUjBio7ZhiOXurUO-gU	3599	1736893365	\N	\N	0	pico	\N	\N	\N	3af5e5bb0026	ca933431	pw-af5fde35e039c55770e997a4a27000032771b6b3d1a6648373ebc7ae96f8202c	2024-12-23 17:46:07+01
887	2024-12-18 05:34:16+01	2024-12-18 05:34:16+01	23	stirki46@gmail.com	ya29.a0ARW5m76qx5DxS9DyPsux6Ico3Y0EwbRHfMI-JFAIHCoLCWu7x3ymKhStcpbCqQPq7z3u2nH7rIxiTi67eEpn5oAdlBu9PnBQk-DjnRWZlpO8SHJ_lWypDBGL63Wk31o0mujtmk--R6mxMK3BfdmdJM7s74_5yX6iH20GivQV49AaCgYKAXgSARASFQHGX2MijtlOhOBRdsNBkuNkl6_EXQ0178	1//09PwxDf3UdvThCgYIARAAGAkSNwF-L9IrPYhmxWzfzdjEr7TPXwrofD0ZSW69UeZKbkLs4U1ldwLtzAjeRq6MSleS1-31glR7LYU	3599	1736893367	\N	\N	0	pico	\N	\N	\N	3af5e5bb0026	a6600669	pw-a57adc0f08e9cf075a27634dff04b64650e1baa2903a09f147f06bf4682edbc3	2024-12-23 17:50:29+01
891	2024-12-18 06:49:54+01	2024-12-18 06:49:54+01	21	driptokanji@gmail.com	ya29.a0ARW5m74RPRYWiCScqmb4Vb3WNO4CzOPbuLJD3jPDbsW9-H0OYK3wWm1dcLGU9cRsEbF7JmYaArrZc46vJ4tJ0wNgAxTmZkuQSrl2JKpgfcdL7gm9RCdAqDBfvnbvhO28gJTLAUtKUGW3rrHmnb0cGtfoU21WrVcwOzNTD2_3mUcaCgYKAagSARASFQHGX2MiBhn_H_IOPIlg2xqaYQMdxQ0178	1//09yK7-RrLdsWZCgYIARAAGAkSNwF-L9Ir9bAtnkojTuDo437U-LNSGSV-sr2nausf_dBZ7HZ23vwXfRGrBYu3uQDZ6-CBn9fXcTY	3599	1736893366	\N	\N	0	pico	\N	\N	\N	3af5e5bb0026	0a8daf79	pw-e3a7f22a5d353cb2275ac14c560165293b7636b1f7faade29afadcc88ce3ba3f	2024-12-23 17:46:21+01
889	2024-12-18 06:24:22+01	2024-12-18 06:24:22+01	26	binap0014@gmail.com	ya29.a0ARW5m74dhKPXHIJ1XBCob76eimKMZCem72yf1hyr0UwjpfVhC9AHb24LK4-yPvIi3eAvmOt2WAARSpHkQh_-MXLAUfU2VLdF05rContHGEIm39_cF8N85QlFWY3KH3ZjfK9UbxqoXxcDF2Z5Xxm2rREB64hIVjEMHzp9H-oCZAMaCgYKASQSARISFQHGX2MiI6_wHaJSoae7ZiqunfytNw0178	1//09arhmD4orVP-CgYIARAAGAkSNwF-L9IrqX4AhzvCYTTAt4oEkSCW2vZeIasffW9iqWN9D5F-YFiZz2-V4R9j4kVmqfWkCIFt-Iw	3599	1736893366	\N	\N	0	pico	\N	\N	\N	3af5e5bb0026	8f850544	pw-179002f916a2650feca219a54d4e85bd2a9cbf46fc1b0294e4514593419d5e02	2024-12-23 17:50:03+01
906	2024-12-18 13:58:23+01	2024-12-18 13:58:23+01	20	ariel.10.burro.ortega@gmail.com	ya29.a0ARW5m77EzeSK6EQgVzcVozvcQerdZQWmWtvEkc228-yttq_f7hP12yUmJX5VV6iYIhK9WqttzaO8I0r-8WOkKOcIEhLgrDXcve8VXS6dBy3aX-oSv-NOIFi-p_6n7m6DrHSt2JJLf5sGyEMiFnDyJOGXd79TukFO3vg3TPsVLrUaCgYKAagSARMSFQHGX2Mia5YVTqdqbu2cUbv2Xfsf3A0178	1//096ee-Kc29wqhCgYIARAAGAkSNwF-L9Ir4Cgo42R-D2JDl64msWo_TTsLW6j5qoxF0hk1bnGLA-aIz9TgAexcX9ae5FCTwj2t9lU	3599	1736893360	\N	\N	0	pico	\N	\N	\N	3af5e5bb0026	3c971568	pw-d22d1273969eff1ab1d8dbefbb7ef360bd14166c45b51d29154dc84fee946181	2024-12-23 17:43:00+01
899	2024-12-18 08:52:10+01	2024-12-18 08:52:10+01	30	mathiogone@gmail.com	ya29.a0ARW5m76KlQrXh9vXpoVrE1lkSEXnzYaPMtXzncJ7Jz0m8PvvpHY4cgBsUK-Cn8KOteQM31lu0dPFKJQedKi-RV5KDiiUx8DIBU2uCHM5rbtMrwMm2j8hAZoBBj4cRT68V0hWfZ59Qtl-vU0C_3rL8agI_8btJ9rod1RjYrkwMSUaCgYKAXgSARESFQHGX2Mi-zNmcl3yLFoaiAllN-akDQ0178	1//09TDqBB-ssuiKCgYIARAAGAkSNwF-L9Ir84TbXh2XzejMypUVxoBCOAlgniRrBpa2vZCOq3Smm2GZdCs7lqy_2aFtHGPEAXtyBKY	3599	1736893362	\N	\N	0	pico	\N	\N	\N	3af5e5bb0026	6225863	pw-2a80a0aec537be14b3988e1c4939ff085b03d93c12d3fa986538ca64962960de	2024-12-23 17:44:16+01
905	2024-12-18 11:56:51+01	2024-12-18 11:56:51+01	25	smukherj1976@gmail.com	ya29.a0ARW5m74IKtUo3mo6mSF7yvg47ovJb1dbh1x3FYvQuIqgpncut2SNawc_3r21Q91mrCfhKUCtKSRsiG2iQOsuM4gDdDXN6rWncPtnMZBQRl4t32ZR56Zh1F-yWhrMnqH4WyYCApku0AI3Sqs4s5dSi4nC5cBsGsuS3SevFo0_ufUaCgYKAXkSARISFQHGX2MiJ-zO_C7GaaGau-fGHqG9FA0178	1//09DE2Jz9LwyXFCgYIARAAGAkSNwF-L9IrliwMLqkZzvOi1hHqC6YR2ZFOZYTAoVgYedDIhkO3r8v_4XZPSO8sQWmDSrRykpe9IP0	3599	1736893360	\N	\N	0	pico	\N	\N	\N	3af5e5bb0026	c44f90f5	pw-0687e1b351e244bda2b9010acf9bf07cd31c824987deb8ee42ab4a75643886d8	2024-12-23 17:43:09+01
903	2024-12-18 09:24:40+01	2024-12-18 09:24:40+01	29	kiamaelvis254@gmail.com	ya29.a0ARW5m76Y2v6RQ9dfB8kZxntTzFinAg0gJ13eBfLWqQTBlNYSS-E3L7kLSzj1IbjKLs21cJBSvu4ZOqJT2mmmpp8y3QRMOstS_1VDR77Nq3oaZPswO5TSeOs8TRrZqkaIF4-VmthLBeqzqBSyzO_uFqc6c4aL76vxeQu9ygCU4vIaCgYKAQ4SARISFQHGX2Mi7YTrL6oefTzouQk73IEh3Q0178	1//09Oc77uf90y_zCgYIARAAGAkSNwF-L9IrokFE7-MCF8-H8fgw9SJgcshzAGkNNlAp6rxZ8uIpMe0tLdT-0ZbU95aXzhktaQN17dw	3599	1736893361	\N	\N	0	pico	\N	\N	\N	3af5e5bb0026	d127ee5e	pw-bcc272e2f4480212847007b07c000bdd451ecc67477f237a1590ae19c66e42f2	2024-12-23 17:43:45+01
902	2024-12-18 09:05:51+01	2024-12-18 09:05:51+01	28	sandhyaranisagariya@gmail.com	ya29.a0ARW5m74BQ06NknTXaCJTRZEnDu1pIVS2B-3F0IXPk1PmSWlsvYfGxgl3toRHE9lG5Rp8L4wYvhKZpua_BBtWuM0ZcDQ0TROG52I0nqq8FgJqOHYm1XmQ0QEAT4JMkdyvV1lPrkEJRJkfJkyVmj3tinaPbCoPASe2NeZC3Yk3RaIaCgYKAWUSARESFQHGX2MizBIqVXpAeX8gtH2zNtbI0Q0178	1//09rIW58BMFvNLCgYIARAAGAkSNwF-L9Irl0KODZUO0Ut_v4KWdJ8e7Mb2MvwK4lW08Kt2EQ0iHL2mi2z--89ExMGl84hg6MZY8_0	3599	1736893361	\N	\N	0	pico	\N	\N	\N	3af5e5bb0026	758510cc	pw-7d1db1ce062de184f825622ab5fcacc8d3bf082397960356f0e791b792403726	2024-12-23 17:43:55+01
901	2024-12-18 08:56:13+01	2024-12-18 08:56:13+01	21	jenniesampaul@gmail.com	ya29.a0ARW5m76TVye8GA2OlCX8Qk2-zYujZO0L6d9mssF0WMoZzdOu8brnOekzwWrFVseNotTEY1qMvmKNxs0DHum92RuNMuq_S9h0ppDr_X0DJ6-IzkUtJsJ2LQKv3wASeoxtCVrJPgXH1ohvxzv-G_Cg6WNVwWblH3odBTov1e9B5yUaCgYKAVkSARASFQHGX2MicCgd_rjzLp3bBw3DO4kcgg0178	1//09VM8x4yT4QjKCgYIARAAGAkSNwF-L9IrMR6JIQzS0bSDgXrUTUwZXgCMn3N1F6nuwfwvMCYmmFkgdPoxKo7fFQ3oR2cOE7_CRK8	3599	1736893362	\N	\N	0	pico	\N	\N	\N	3af5e5bb0026	9a0f02c5	pw-2917be5ccf687efd1aff01aef5dbbfec06d892bbe4448727ae23233bc5275520	2024-12-23 17:44:06+01
900	2024-12-18 08:53:43+01	2024-12-18 08:53:43+01	30	rishashaady@gmail.com	ya29.a0ARW5m775egsVd0makFetRVoF1822KMUJzpDDIx9AYvpW0gEkJY3v4clBF2POMQ2RmqkGpOkXBBu_N0LKvwbDJnUo_QtCK1R_u2ssCiKTUHY9jUOlL7DKiyZwV7JGMT3-r56VmfrYcdNmn9D-5EP2qZYgRXHezUcyxH9ez__0CyIaCgYKAUASARASFQHGX2MiafM5jk7Y9D2OXZL0A-P86Q0178	1//09-eVqT05xX75CgYIARAAGAkSNwF-L9Ir-Mepb2hnF1oakERpTzipuqJAHGDE8Rreht4xLfFgQ9JCZh-qYW9Yd_pYCXUey08Glp4	3599	1736893362	\N	\N	0	pico	\N	\N	\N	3af5e5bb0026	a39b63b7	pw-9a83cf7e90bef3d8e78c3399b3bb6a5d904c3cb793b84a7d9a3050f513e62cfc	\N
898	2024-12-18 08:49:16+01	2024-12-18 08:49:16+01	26	melinasebastian32@gmail.com	ya29.a0ARW5m77qjTa5TuBK3wenKhRIUQSn62Foupo4cH7XrwVBl21LWPYJNGIGF0AOSYKtLfiXUw9-FSX9mB91wFLgDUSAhA0ZerBTnP0bL-Gzafih1v6S-rjnI7TRyrFgNfMCiLr6MlJ53EDcZP2lEgs5AhBmwwkBnTNki-D_k13RKvIaCgYKAVQSARISFQHGX2Mi2brsg8i2zYQoEA8iS46z9Q0178	1//094SwJLSNvlg8CgYIARAAGAkSNwF-L9IriMnQEUEhk3B9iVCM2-zmmESJqpADHtgifShSnKjtpmUQHWN77R2B93dIpv5aDL-78Dc	3599	1736893363	\N	\N	0	pico	\N	\N	\N	3af5e5bb0026	eb94f13c	pw-54eb76fd38d3ef2a51e1c3fb6b5b631271f676ff0bfbfdede4e12fb589f97dd7	2024-12-23 17:44:28+01
882	2024-12-18 04:45:15+01	2024-12-18 04:45:15+01	29	neenajaquline@gmail.com	ya29.a0ARW5m74e-PeZa4zFtWS9jYrPUPsiQJKs00TSjSEjMabhL0HFv_yl6ldnkLY8ycbGNUAVB9VzQyKAnW70dXqWsNnQQj4A5A8fEIRZolrZ6viV2SmHZpHE3CGXrYRt8LBlBxh4TOqVYch3ymJ7A04i_7xwAy0A2B2DWcpWzo0L1BkaCgYKAYwSARMSFQHGX2Mi4yaPsgu0g2qZ9BCySOawdQ0178	1//09ZWEm17rU2PlCgYIARAAGAkSNwF-L9Irya4e8KzRjiNvGXcSQaFeT_kehIDu8WF-VFSfTybO1NGpZy9F3Jh8CgmqcuKvG4GhKtc	3599	1736893370	\N	\N	0	pico	\N	\N	\N	3af5e5bb0026	c6d378d7	pw-b559bd2d653fce3887e4944d3411d85c0e06a8a286bbff30e207ce48ee3ed20d	2024-12-23 17:51:16+01
904	2024-12-18 10:03:48+01	2024-12-18 10:03:48+01	24	bpuja9938@gmail.com	ya29.a0ARW5m76RWnUljEq5qhhJNaEi60phUpgTD8ezeGzCtBKsBSXSXxhL6dGnNu0SZcOA5Xuof7PdmGT-vX8wxrwCVyBkU12comauycggoF-c09Cur4bn5YQpKPCfQxQv4fbg6g5XTlbmf4fA7RIbKkjC9JIDsTNTJu_ReeiXo_JBrX8aCgYKAQgSARMSFQHGX2MiIlPA7f2tSFajWk0lZhVzmQ0178	1//09HEaUI9P7x0XCgYIARAAGAkSNwF-L9IreuedQuEOMbr7r1tEhySl7BZhyv5Dydqpo13WhVftohcF7zKIj5Svy0BFJ4nvJdF7vIw	3599	1736893361	\N	\N	0	pico	\N	\N	\N	3af5e5bb0026	cc8dbbb9	pw-5ffabd3e8a743470ae2bb2e27c4dc046622ff0882dc5fe3b1efc89b8148f82b3	2024-12-23 17:43:34+01
897	2024-12-18 08:24:07+01	2024-12-18 08:24:07+01	22	das832615@gmail.com	ya29.a0ARW5m77-Iu6Udye83Bq41kch5nztpYcny62NNTlbSFoHLQhND3IQ4UDXQbwxC3-gMZiHT0MKvMD26Fa3bEDkwTY0QiYthBmFfOQX069-3iIM5ytXgiinPwseWNBjp3e2zaEV_Ra2xnJV7Nh1ga0WuRKR-aJTsYnqldZYBuV3FOUaCgYKAUwSARASFQHGX2MiaYCmNRgaaECfGye3DxdMkg0178	1//09JSgL6RMn2SZCgYIARAAGAkSNwF-L9IrHMGerMZg5ImhvZWezV8_-hNVUiivf3FvAGXMGiuWXVNr6XL9m-K4IO8za9cqUZ0bC14	3599	1736893363	\N	\N	0	pico	\N	\N	\N	3af5e5bb0026	5d25dffc	pw-f434c3e5c0f9fe6c8b7a339c9854d6c7912a56115596620be007f35e904bc66c	2024-12-23 17:44:38+01
896	2024-12-18 08:21:55+01	2024-12-18 08:21:55+01	23	oxyford52@gmail.com	ya29.a0ARW5m75ujsI35ekd48Im-U7ak8zUbfhkC1R2Sop9cuinzUMegutZjH7YcuNfx4ZGEok8tIRndtI4zvHbZpVuDiE99RQdNQLbOROjLf-E7j0CmIOPnsYZqLe6r-ckBluI__HY2Ag9OKX1DeNx2o2BPtAEVxaT9DYxWqKuhbqi6K4aCgYKAWcSARASFQHGX2MiftVBW6AZQC_EKG3DYIh2qA0178	1//09GX7Xm-U0J6kCgYIARAAGAkSNwF-L9IrvG5zrnbb80dyVMGq15MUKIW2IGzjSD0Ff5y1KEGXzyaaL0Owg_1Dkqqp8DuGXp0MMeI	3599	1736893363	\N	\N	0	pico	\N	\N	\N	3af5e5bb0026	fd9ef4b7	pw-92d7fd4e90be6d621b59487c80358d09ae8cf39a585d324f8ffb862d3b11f96a	2024-12-23 17:44:49+01
868	2024-12-18 03:11:55+01	2024-12-18 03:11:55+01	22	ishanighoshsnt@gmail.com	ya29.a0ARW5m74tiCQXQtUCoIG5Y3nhQxYGfdX5mBcCv4Xr0PuI97n2NTsFb7hp3XpoKLPzAvq4rSscwMAZxT0tVLrJXId9JdzEq8IR1CEO5hZR2jweZlqUeMVFXBVjpZTIIrTEAqGcEIBjravZC3WT-nhUP_vIMQFD6wc9oV4mI43EaCgYKAZUSARMSFQHGX2MiyC5TkFzkOdti_N1W9F4Skw0175	1//09yfd1x0wyyEaCgYIARAAGAkSNwF-L9IrBxDFxaC08fR7jVj_6R6iKhPL1mOiRkGIOrpzuM7GR43A54uCq6H73OVkL2-x__8paFA	3599	1734491515	revoked	2024-12-18 14:04:53+01	0	pico	\N	\N	\N	3af5e5bb0026	eef213a8	pw-6c6dc40e2fe03edeb4f3f4290bddd36408e90178573b7ce283f249d723792c9c	\N
912	2024-12-18 14:33:43+01	2024-12-18 14:33:43+01	21	64bec6f91bba089933ffed31@gmail.com	ya29.a0ARW5m76I3t9oY6R0JjfTIbNDIMmx_W7esVRVeWFKX6dgQU_vmGueOJgcCM_8iyGZ49hK70ctYoUhewX3VdTpd6x1_V3yjELYsbS3RIPNfxeIliDTnZD-K-LpbPJiUX7hsOL6Fg36tJAPuxoMOgjj-ehLIeel-iEyQ0VAavYGApQaCgYKAcESARASFQHGX2Mixq-KKxwAmEb3vs5pjLlw-w0178	1//09OtDcxs6zj0kCgYIARAAGAkSNwF-L9IrC3cg3R5PmztquqeO8YiRu5nkJetccdsTsELnYEnNPP_2SJIG9LyDNdQUsKKFzF27p0w	3599	1736893358	\N	\N	0	pico	\N	\N	\N	3af5e5bb0026	81817366	pw-210d55facca9a206b5c9e0e9186ac658c7014d867ad3615fec3a8cda6a6ae2f2	2024-12-23 17:41:52+01
915	2024-12-18 14:55:30+01	2024-12-18 14:55:30+01	29	susmindro1234@gmail.com	ya29.a0ARW5m77Y4TOTsmUuNVu5EDT0-Lv0RHALqFgFVfeEIwaXeDflgdhTuGNxx_Xe_0bKd4SaiK4lG0c3eDm9Nc1mm44YtbLpHqjFapYnjtNJfq-eKLCw6o6zKur6Mbhtt5DLwiPcxU0fCOvz73KOWOpIdj3V-AALv-ODohR9PD6kVQ4aCgYKAZ8SARESFQHGX2MiWFH5zLPINGCJjDLHr0kcpw0178	1//09uoVP7Cp7KmaCgYIARAAGAkSNwF-L9Ir5ZEnmeoqyWBWZXq3fGss-IbQrx6Er-58T5OTv4YpxDXTFSOSjY6jxwFPO-pMpHynQuo	3599	1736893357	\N	\N	0	pico	\N	\N	\N	3af5e5bb0026	a97c4267	pw-eab66a41c5b6eb62072a9980ca2c14ae125597d51b5abbfb89d7f49620ecb8a1	2024-12-23 18:10:08+01
910	2024-12-18 14:23:16+01	2024-12-18 14:23:16+01	26	tocan.sat@gmail.com	ya29.a0ARW5m74Z-f4PMm9qiqcPmjbu4eu8SMhi34o38XcFT3prbh2wX9FBm9JWRAs5UASI-pEmE8GofsIjfY0VLp_CAKuxdwMIJhe7NFCI13dgJVjG6TrCfaC8YgszFQvKNZVbgv0YSGU7Qby2AGKpCmAomAGP5fz0ptI8cxaP9YG5Rw8aCgYKASgSARASFQHGX2MiI1FwtZcTuL1-T6FgmUv7uA0178	1//09ZOt1F5rk9bDCgYIARAAGAkSNwF-L9Irv9zT0Qqqfj7mlpV1iwa50lLuPhA8btYlmkCnFwyzlM_QYHCsHggxekf0e44Z7285p-0	3599	1736893358	\N	\N	0	pico	\N	\N	\N	3af5e5bb0026	59406cf1	pw-f86373cd2eee737a18f5d8c88384ec3e17d6fb7f4ccc8c449c794a2e3a28d558	2024-12-23 17:42:11+01
909	2024-12-18 14:20:59+01	2024-12-18 14:20:59+01	22	macbshon@gmail.com	ya29.a0ARW5m77ZtGwms9iByeUhrb12Eb6Ns6nC2pxbwhjjNdDoVPRtXXjd49JizTZNPfcZ-ai6ar7dJmBOHo_Khnvm9IB6xrLlWmGpx2R4pLk0ecilnm6TYuYs6-14p_SaSa-8hYN3HcBevT4ipyiQMMXV68AVhYe382g5-VlvT6XNIS0aCgYKAR0SARMSFQHGX2Mia6FmHhv1Hwp05_7GvvBjmA0178	1//09bx0YUMR9G1QCgYIARAAGAkSNwF-L9Irb5_ziR3m7qhRwlRcsViy4FRUO4U0CF8JxB49PsIZapGZTNxgjlUW8pJvsKqHUu9XlE0	3599	1736893359	\N	\N	0	pico	\N	\N	\N	3af5e5bb0026	91ac2db3	pw-0720e694f1414969a4db5830db66e362e4ac3931299e898c61be615d18e7dd7d	2024-12-23 17:42:20+01
908	2024-12-18 14:14:38+01	2024-12-18 14:14:38+01	23	radhikaavsham@gmail.com	ya29.a0ARW5m76HMwiqs_GBwjc0At72OqxE7N-bJHi7haieDsDfE2oaaze90Egil8lkUdar1IyTWlKzSxTlApaQzgxHzdn3V2L3NJNpOhqG6YZJR_R9WEIIfwfcKS66oVgTAjDTfT6uQc-kOcu7vAxWud52VZlxAXWCtJScYMl3psbK4XwaCgYKAR8SARMSFQHGX2Mi4B9dV6SOgQXBauKs9nGORA0178	1//09Y79JAiOSJBrCgYIARAAGAkSNwF-L9IrPu21sJID6ZdQRCK2ByJBXDMArWrvgigqYhxLVAh7u6lg5ghb4PSmnl_fXdXcGoMvVX8	3599	1736893359	\N	\N	0	pico	\N	\N	\N	3af5e5bb0026	a847b55d	pw-682847e69652043d1c8e888e7777d01919e5986b7a6f8aa164ba3514f53fb2ad	2024-12-23 17:42:30+01
913	2024-12-18 14:44:21+01	2024-12-18 14:44:21+01	28	abednegoandati347@gmail.com	ya29.a0ARW5m76o6LQfi1ISCfNjtihwH1TjoHk-QbMbNOgeeOkOpkSsRyCU-znznrSxyfeXJv-dEFlvMDHbjM43eI3stVjSx4-0W8gN_hwCkP-xGtGLyHEkJ55VE09p3jn3wzBbazCZFQRjsYSJ2ScYoQy12kXBkarCHwaXLUjFp10EaCgYKATgSARMSFQHGX2MiXYKE4561MtymfIxD7e-JhA0175	1//09CCQEwxBISmTCgYIARAAGAkSNwF-L9IrN0pBA6r_fu5U0UpTolFOKGd_a_j_vV9E4fhSTUpZ92iWK_yzKFl9ddf9RkeBQ0NfIH8	3599	1734533060	revoked	2024-12-18 19:33:46+01	0	pico	\N	\N	\N	3af5e5bb0026	b64d762c	pw-6970c3cbe3a90b6969c93e2297195233eb436e4778e870b9ff363459287ab420	\N
907	2024-12-18 14:04:56+01	2024-12-18 14:04:56+01	27	miaflorens7@gmail.com	ya29.a0ARW5m77IZTuBdPoxsEmiNmdNU7kVTUcXLOTSSaXFfL8OHOkkxmlUqd_Ebyzmh8uCcpHJb4FqAhTpTisCuA1lsPGuUachJiqfgEaEWxkmrIuhO4bKHELvNMN3fyrXtv1QbemIRq3DD9t6f28Wbt8lbvutDUSXbuJGuI6inUP5rT4aCgYKAbASARESFQHGX2MiG5_93lnZcYlYuy43QGZpvA0178	1//09-G1MS45xMo8CgYIARAAGAkSNwF-L9IrqM-7ZNQlkKMZujO4gU5rId7SihQiyLzlv4sioiB2w2XHslJPuc_Pj-Uug7-ym9ACp14	3599	1736893359	\N	\N	0	pico	\N	\N	\N	3af5e5bb0026	204b14e9	pw-6bb3723f9d09f6233c24667d0107cada93efdf39eded763cd37b895e39c8bce0	2024-12-23 17:42:50+01
918	2024-12-18 15:32:33+01	2024-12-18 15:32:33+01	20	dkish809@gmail.com	ya29.a0ARW5m74OnitXVOD1VZvhdWM1Bh-18aDWymGPn8W9FTqS3Y_qNYN7nH7l49VnPOmHtAJ9wIj4LAC5Dg7inZA_dE006Myd_c6yQI6SDyEGyrcLs6orNYiQ5Z7rSvHfxes57ghRY066DbyqR-USCeVdXkDQfcfA3krNaV5aLdTtO40aCgYKAcsSARMSFQHGX2Mi2zYJ-e6fjJ1UR6erarSiKw0178	1//096WgdcXGomIGCgYIARAAGAkSNwF-L9Ir6jGJJqeyAId6vYTP3V6vKjpblyqEwklnKp3grQYburVODgALwNjhjVVVpzLwSGgBS3c	3599	1736893356	\N	\N	0	pico	\N	\N	\N	3af5e5bb0026	05cf041c	pw-d8c21634d1f450dd21284992f9068223b4be2b94ab6f1146fbb91c83fb0cc0bd	2024-12-23 18:09:44+01
917	2024-12-18 15:07:16+01	2024-12-18 15:07:16+01	25	arjaymicroworkers@gmail.com	ya29.a0ARW5m75BE14mLZeMW7A6wHJwl__jymn4ECEhENOaTlZALWDb4GuMJvP8Td9LROFIE4e24tt6TvwaSBNHT7qBbBYI5hTuLEiGJUoVPRT20W3f7nWUv9oX6KBASuAjc8yzh7AV8A7TT3SGKnyFMQzF3AHjRMZ4blEvhuewzcZNvJQaCgYKAfwSARESFQHGX2Min5V_1V3BdUXDAITPXux53Q0178	1//09Og1125s3wM-CgYIARAAGAkSNwF-L9IrU2yhffu6uzKndSdNuweRAwBHYNuGEp1JpwB96ii0eJPyEzCvS8o3VAEBM1nkHPHz0Qs	3599	1736893356	\N	\N	0	pico	\N	\N	\N	3af5e5bb0026	075f62db	pw-47787ea9faf56dabf85b43a14e7334d5da5a6497dd0c0de83a6bb8dff2d2c9cd	2024-12-23 18:09:53+01
916	2024-12-18 14:59:11+01	2024-12-18 14:59:11+01	24	akashpurna103@gmail.com	ya29.a0ARW5m76CVphO78nRIacfxeWwlmYa7MYGKSBolLx7prEBsU_Y2spiUK8mkdDuvFQoBghLhF3pU6UMEF9p7zVbaun5TbkuwWcPsCRQs_8yBdK6Cg4ZUtg2pKuZMriT8NvvyrQrYagKgnbDP0t86TtWlO9zI9ssT6QeLKXIgmv9SasaCgYKAWkSARESFQHGX2Mi3RTf9XsQXB20EFMVZRLiJQ0178	1//097yvmJoVQKrmCgYIARAAGAkSNwF-L9IrioqHEkVEPQzgHv6m8KJRRTt7WBMWniyhYLjZ2-ZgS1q4JBD-zBhiOnnhzUYzkG3A_es	3599	1736893357	\N	\N	0	pico	\N	\N	\N	3af5e5bb0026	d2490ee9	pw-c80754ebcd03eeb202f4e9b37ea531009d0f4d4af236f4b2679dcda72a97ac11	\N
911	2024-12-18 14:24:43+01	2024-12-18 14:24:43+01	19	bentabree33@gmail.com	ya29.a0ARW5m75JzBs8wD6sEEV3JQ0S237hDrcQxIlPJyPmmm4HiB6jIqBK0QZe4QZ9c2TCYHd8cHqyfncmCC0eDtIITme2_r-mieGetKqyKcGVrnWpYe8WU_bBj3oGTXScGja2GnlVaIfkXRb-IJTAsdg1eWwC5UW2wGT_0dgwx2RpdoEaCgYKAcwSARISFQHGX2MieL2G4D19gFed-GbnyWR5Ng0178	1//09OieXOhbJcwlCgYIARAAGAkSNwF-L9IrZIN8vfgeO3GP4Ecsf6OndhNj3YWRoFWt-kTcqDd3wezRTxeREVWIlJSj9ymYYWxeiCA	3599	1736893358	\N	\N	0	pico	\N	\N	\N	3af5e5bb0026	4b8ef76d	pw-04a5e083100c61e791ed6298cbe249bc220f424bb0963c3aa0177f8a6a70daa4	2024-12-23 17:42:01+01
914	2024-12-18 14:55:07+01	2024-12-18 14:55:07+01	29	gebreman128@gmail.com	ya29.a0ARW5m75mPUgkR-caCFrKyi-2vIcRhZBc2iJLOy6K3M-8mvZ48Avecsa1pCww1Hi7fzRQ1V3dmx9P2u6iTFm3bkWqjVTvkq4EbE01Gw2MC0U6QNoPzCiPdEJ3gAeCVBvoUFw19kYPZDL7P1jrRkTLhDtsW0Le1vMJkExW6Q7M-cwaCgYKASESARISFQHGX2MiINz8xsXlK8T6V3Mw8QKgIg0178	1//091lJPTfoGQwpCgYIARAAGAkSNwF-L9IrrVwpCcr1OQ9KvI0FXClTSS7pMpwNnJh93YE68tuzgGTnM0xsJnC17ZZ4b6HjIZpdKMA	3599	1736893357	\N	\N	0	pico	\N	\N	\N	3af5e5bb0026	937abdec	pw-a291f8e610cfbaa31909097bf685ae1d1cad7e2e498c8fe2125d410c42c0667e	2024-12-23 17:32:13+01
920	2024-12-18 15:46:38+01	2024-12-18 15:46:38+01	23	tomjermoses@gmail.com	ya29.a0ARW5m76zbBlOMA3cfZSuvFJlrikNNUeEFb_K7oTi-3oBhGKp9jBhrjHi-KyNyrTf3P06dUOYJQsSUQa-de4hX8w9omYwNGC_x61DM8RxehmSx5haUAPJM0TmWZ8OQRt4UObsp_rn1GimfdwRv0LmufaLPetAcAcpnpGlDuftLk0aCgYKAakSARISFQHGX2Miwc9PK_-AHTK3W8LiEJ-PMA0178	1//09yYaASATJpnzCgYIARAAGAkSNwF-L9IrqeFltW3oABepfRuKgBsKgwUsvrWHIhTLJOw9xiiyOdgmJF7E0RJCwBITCospmz1WfgA	3599	1736893355	\N	\N	0	pico	\N	\N	\N	3af5e5bb0026	5d9e0157	pw-d842ebde68d2bbeda8632d90dbbbb7ddff05a2a2d2f34541944809a3761e5d1b	2024-12-23 18:09:23+01
928	2024-12-18 18:18:22+01	2024-12-18 18:18:22+01	25	loimumbi@gmail.com	ya29.a0ARW5m76IkftyDa3_qDYnO7If-_v5a-ReiJ-1J5qZMAOBW5TeW4v9wtjK2gd8LSkyUsNYCPVIVWDh1WOMHePhVQcXpxDRbUIXyjnrWie1VZQs7Vw4LP9xiwmHyUn8nuT5ht58MbGSc12_r3CflKpT-2zxgpnxQRMHjN_pSh8caCgYKAUASARISFQHGX2MirLGM5l2HCpqAttrdjbF-9A0175	1//099une0zROhvtCgYIARAAGAkSNwF-L9Ircoyj7xGDuoMAIyACnv6Z5rcDRBv9t7d6LmiaEMAzsWpgEEsl40_nlfbmKCt12_NS8P0	3599	1734545902	revoked	2024-12-18 19:33:41+01	0	pico	\N	\N	\N	3af5e5bb0026	9bd68f38	pw-ae0f2b242361690ea95aebbb16b489af1f23400754c820d1aea9dfc090d0c713	\N
930	2024-12-18 18:38:29+01	2024-12-18 18:38:29+01	27	rmita5642@gmail.com	ya29.a0ARW5m74v2e2qSNX8ezNn60fpmsy0ueeUyqfFG2uHS60mD8e744qMHqkrXnP7QvCXOj3-u7z5QdhY-dXGgwgCbfj-SJ2ygMNrdhwO7hLL3dI6nqwIfUTvu-vMdi7rRVEFw3nbN9L_3tKzeZADgQYlSFrVExGCiWPJm2ZijNiWvGUaCgYKATASARMSFQHGX2Mi3qr-D1ZLNILIDz9Ha3unjw0178	1//09o0zdC3oTnMaCgYIARAAGAkSNwF-L9Ir82AldpIpi0CUv2UUPB8kLEq408iLkQAILzjLMX2mzfO33-7nLPSj3UgZekwt9UPzJF8	3599	1736893353	\N	\N	0	pico	\N	\N	\N	3af5e5bb0026	8976adac	pw-352746816d2f34b958850eee6fcc20459a4f802b8cf54a31d508035a865aa939	2024-12-23 18:03:20+01
922	2024-12-18 16:31:58+01	2024-12-18 16:31:58+01	26	debra.boulier@gmail.com	ya29.a0ARW5m755o9DSf6pGKMpsZZyXG_P-9XZYYtznQir9at3nMt35WnZXljjWyPpveqz5cMOAJAPnEsXbsfKj86xSRVnJLHeeRAN24x3Cut1-4TuFrUsT0RaiP77jBVnR0WTwFbG5kXtLfLxUo7xzoI1vhIAE95NNIbOeV6cGS3txQAaCgYKAdYSARISFQHGX2MidkxcWISUH_9bNAV2HwRiyw0177	1//09vpGVstXWfifCgYIARAAGAkSNwF-L9Ir64et9sdx3__7KociO44h0-lpFD_v1L_m1biPJWAnK9TMooWkHqO-MxA-ep19jNIaaO4	3599	1735002027	revoked	2025-01-09 14:15:23+01	0	pico	\N	\N	\N	3af5e5bb0026	dbe84ad8	pw-c4b1987ff0fb1eedaa98c6429724e912d76f31af7231196249e2545dc1f54667	2024-12-23 18:08:57+01
933	2024-12-18 19:17:40+01	2024-12-18 19:17:40+01	26	chatterjeesamapti22@gmail.com	ya29.a0ARW5m75lqelbiXDxlPeI6ZFENOLuyvpNzInb28tTHdG1JYj0eCNGq8neNRxwO35ADiO0VNIFJ4s_nbUYXYFElSj3Sx9B5r9wCf6yjvtA09c66YReeGVLtl2gfO8TeMvcd-9TCPxprvLU_a-mYyk3TcaTbi0q0JCNOn0AoLbO7vwaCgYKATsSARMSFQHGX2MitlJ8bGGzQe6iJQFqET7WXw0178	1//09z7lkZseZFd1CgYIARAAGAkSNwF-L9IrbY9Y-rIIArNDsaP85psNNTXjY2lbOBNO7or06UwJtW5dZyMY4Q913I7JYqHfD75DKo8	3599	1736893351	\N	\N	0	pico	\N	\N	\N	3af5e5bb0026	aacfe591	pw-73a87e43c6ca3c926b71ef07bd6c4688a97ab1384e4938f10cbec209ff87a3d4	2024-12-23 18:02:50+01
932	2024-12-18 19:02:11+01	2024-12-18 19:02:11+01	22	monicadeary21@gmail.com	ya29.a0ARW5m74UFzuVvTbPb9ArL2mOzLABBRMl9yOKDdkZOkRliDFg1at7G8j9-l-HCRH6QMRNuGpQ-rD0MowanXFDh7vyg_WZ95hsmF6n0W1_OIOirVheqUhRWfCzsEVlKeMylwfDhKG9e8la1GagCbrHRa9PHw7g9jG7esMw2rvqngkaCgYKAZcSARESFQHGX2Mi6ZyMIMN0NLKTULedK_s7MA0178	1//09K0NZwh1TrHTCgYIARAAGAkSNwF-L9IrVj3q32SL6NzHYfxPH-OphXH7Hfitf7D9d9w43LG4RD3xlGaW9FU5hVZTvylyizqsPwg	3599	1736893352	\N	\N	0	pico	\N	\N	\N	3af5e5bb0026	e252cf7f	pw-e9c876d24cdac1c9f3f89284a0fffbd4cdca3361aaead91a9586d623bb1ac20e	2024-12-23 18:03:01+01
931	2024-12-18 18:47:35+01	2024-12-18 18:47:35+01	23	peterpace8978@gmail.com	ya29.a0ARW5m77NBr9jl6v-Mi1DeQzFTanES2m4MhTuUTslyLhunrsDBS9i0wPeYSCaebSn70An50ZCSH-dH6xhfCZ2rc424jyfN2xh148GV3HMVlxYQZWDEuet_fbx5ZLAmyID7PUw_SVTxBLyOBtddDDfYDtu3SiexrFaaNSh4rNzqfEaCgYKAdkSARMSFQHGX2Mi-69jbWmaj-04g-0mXXzVkA0178	1//096P-7Jxsw4XFCgYIARAAGAkSNwF-L9IrqFEK6koNYJMFmZmfeCfC7OBtg0psH4ejRwHLR7wMu_fVvdiFzYxDqngHn4O2rcRXiYU	3599	1736893352	\N	\N	0	pico	\N	\N	\N	3af5e5bb0026	54bc56a1	pw-2e7789a522510f4bea3b5f22f70f5779ae43a657397cca45be2a19807ffee18e	2024-12-23 18:03:11+01
921	2024-12-18 15:52:32+01	2024-12-18 15:52:32+01	22	rmouli540@gmail.com	ya29.a0ARW5m74bqbqZULfTwcIHR4_LWTOFoJ6L2JJOfLOj7WD45uMeziA1Nv2M1lXddqWrgxr88VOQMsgIEtCPw5q-Ma2kwFmViPiujQ8vbeIHZjV79Q3Ib5PIDna7TdvCPULaSCbeN7Uk0P_hj2zGgq830s6vVVaNa3uYW6odOIF8r3UaCgYKAY0SARASFQHGX2Mi2OC0qgWJNWJoMXt_s5ZMyw0178	1//09dzpkjqKYRA7CgYIARAAGAkSNwF-L9IreLLviq9BungNjk605tNcgURS51lmBRZZtN0hkEFkl1gV7GtiKwQAO4b_vQphf-5rVJA	3599	1736893355	\N	\N	0	pico	\N	\N	\N	3af5e5bb0026	3cf6791d	pw-2c5619aedb3b43e3c1933e1f746905c2ce8360768339936a4cd65a61d9ef05a6	2024-12-23 18:09:11+01
927	2024-12-18 18:01:40+01	2024-12-18 18:01:40+01	24	paaswift8989@gmail.com	ya29.a0ARW5m7664yjwvjUtJG0ft1RO0BLIIE_9C353hkFSM6om29gANyVedkqpIi_3XmhlMxHEmA_8W-ANKBZBrn_1e6MZjEoJrFpHes9bjlg7MtdOHYShadSj8YI0X5MiSjTJMvAT7rBCD_U6oXMDfhKHgYpEusG7z6Hmx9HeEYIv_LMaCgYKAU0SARASFQHGX2MiezHGibdpC6ury6nLiPB2UA0178	1//09JR7ld_KxdFWCgYIARAAGAkSNwF-L9IrsOBELlwKxxT1PqLKBJ6G9gB2LWwA3k42xrLgB184rJOtqG5EPVQFeDpVMJtBpDX9hRE	3599	1736893353	\N	\N	0	pico	\N	\N	\N	3af5e5bb0026	b9181b9d	pw-69c61506706970fae9626ac9a58a240e1334b74968eb4f064aade7f66a2115e7	2024-12-23 18:03:48+01
926	2024-12-18 17:48:39+01	2024-12-18 17:48:39+01	28	microsonam18@gmail.com	ya29.a0ARW5m753BamKSlWvEPyjs66FPOwIMyIMLw3tVZUFBLFTZSm1iWciZmBRUJMSChMRNQWNFzV_lbuaklLTGYp9XmP8ZI0YCXP0b9mtGhdBD6Y_5B_8ETPftRKzbeUctcObrh7T6o8ENBNm7L044ud3mxCJf2GBZhQj8Bng8Y59J-UaCgYKAT0SARESFQHGX2MiHiJNMwqI5ZsXcDEbqc5Y0w0178	1//09V5ChtrAfM33CgYIARAAGAkSNwF-L9IrOaMbmis8_M1Vh1ewfqXpuRpBHorwjRaHyDBdObZiy0DiVRzfRD04jk60M-T1vzAQhSs	3599	1736893354	\N	\N	0	pico	\N	\N	\N	3af5e5bb0026	71245338	pw-0a9e0c9767c862a2fe7ec936f5c24b60e8a5bcf34fe535036a9ab3b56cac85e7	\N
925	2024-12-18 17:17:33+01	2024-12-18 17:17:33+01	21	etianggrace04@gmail.com	ya29.a0ARW5m74xXM7o3-4RYZXU10B6vb8WdtbKrJVC0mu1C3bl1gRKEGCimBXkYrnlWAJEXzu58ADyGu69NdS6RuZvvz2D1wAaTCMxXNde7yGIcGBLUWCJfJrDXJcu1CfIZshYci2zuPzBHhHJJwbhLfsnyLt_f15DKIavRI4fHRNcVwgaCgYKAQsSARMSFQHGX2MiXdikYjlRhQbScpbO4BQKvw0178	1//09ozOdb2Y4MDSCgYIARAAGAkSNwF-L9IrGrvqJo20EOuTENqXfMz0OCV82lA5erzLVVoc04-YoQr6eoydjdmgw9vI8-5WQuz3p2c	3599	1736893354	\N	\N	0	pico	\N	\N	\N	3af5e5bb0026	ec9d4028	pw-4325ef05a68824b1b83cd3ff30937a8b7ce09d1c50b0c90b167da5cdfb587887	2024-12-23 18:08:20+01
924	2024-12-18 16:49:07+01	2024-12-18 16:49:07+01	30	dhalisharmistha834@gmail.com	ya29.a0ARW5m75_g8t7MB5lBIG87hW4KIluSapLlGaKq9_Tx1UFvrbegQFKURsjbCTDdoRB-HBRsVgj180EjBt-k_EfBxRkIO_49n7vv1eRw1bUy7MAX10ZNiEF4UAA86eFS0r6T1yfXgslSAc-iJmnOZITNYa-5pp6ArecENzwrzjfvPsaCgYKAbcSARESFQHGX2MiD0kDWgbq2UBYoeEW6QNnJQ0178	1//09c8KaCWDQTezCgYIARAAGAkSNwF-L9IrnJp1anWUCmJgwjqHexXqcz7_Ac_K30GlrbH7nZGnEhbFkgjNAjaBlp1QjnyMMgJIFDM	3599	1736893354	\N	\N	0	pico	\N	\N	\N	3af5e5bb0026	8b0c8057	pw-a5488c8f7df05e6095140da4b4cf559b071d7d7ffdaf6ddf556bd70d7aff3453	2024-12-23 18:08:38+01
923	2024-12-18 16:46:53+01	2024-12-18 16:46:53+01	19	bennieekigen4950@gmail.com	ya29.a0ARW5m77ihJAwEJKhF_R30_IH8n8_kQ9aMWmPiWd11l973Zt-WBQXxiGkMVIRfByYA-Vw-nwRfdTx1Z6aadSZoAC5aPtU3rYe6-YrOXgvueHyLqz8wN5OMbmkZHyNEjcGWtv05ZIPrqy68foURY_8bp6FvcC6yq9oU0GLO1E1wToaCgYKAeASARESFQHGX2MiFawGbnJM2SFWKaZKXvMbng0178	1//09a9nThGhInu-CgYIARAAGAkSNwF-L9IrDOTMy6G0kVNCQYitvuTzeRnemEfaRUVKQuITRWv3c8gDsxbTk3cjRS7ReQA9AUv59xs	3599	1736893355	\N	\N	0	pico	\N	\N	\N	3af5e5bb0026	43fe6edd	pw-4d6d51b64a59cb2795086dbf36673722873ae366cf8bbfc1a39a9e86e463c603	2024-12-23 18:08:48+01
940	2024-12-18 23:31:36+01	2024-12-18 23:31:36+01	25	baleiakyc@gmail.com	ya29.a0ARW5m741dghmsw8eCz_VE2mMUUiVP3kSlNxfh-FHKEA5N4PPtNLi2ZEWnH4HzX-9azcN0zlXxY2ili67LDKLtUUQ7TlF2UPEPLqvntBQZMsB2rsFPS7ACjppxmInIoLNYWcaqta0H_o1VF88OxZlZFwPqiRBvApGn668c3tRVvYaCgYKAQISARASFQHGX2MiZInFUvWwI3t46XpNdrkzCA0178	1//09NwGclmX_Hq6CgYIARAAGAkSNwF-L9IrwXezuJlCNC3cdzppi_JOTkBAHgVvbWHHTPG9EAI00NOaIaPJUJebpChqkLsjOS5NiRo	3599	1736893349	\N	\N	0	pico	\N	\N	\N	3af5e5bb0026	736a1f28	pw-69ac764f6bf019a4a113fb67bd89277632140210b2ab96eff4abeceacc61fadd	2024-12-23 17:53:40+01
939	2024-12-18 22:44:25+01	2024-12-18 22:44:25+01	24	njoro59@gmail.com	ya29.a0ARW5m74lNRmIr1tnJAEFdtDHinkrgtYSN-AVkrhpQv8sHJj7RTNfE_k6hfuS7Mmh0_qNKnKIJHnQLQLHTl71RTK9wfj8aVaK2wI6pi2HtFi1i2_489vJg3rA_NB2LlAs7sQYMcIdxNFaBezRyrdTEBHdfbuLDCqyYOa448xbX1IaCgYKAf8SAQ4SFQHGX2Mi128NDN6hPTLA7r8PkKplCg0178	1//09bhme1f9iAN5CgYIARAAGAkSNwF-L9IrBFs690A3Kx8yEvgFoSCE1-UguInwngEyhSNYOiukVzM18TwJSpm-0JtqhLv54cNh5QU	3599	1736893349	\N	\N	0	pico	\N	\N	\N	3af5e5bb0026	73f990b4	pw-4f82995551edd45aea82b1f20e09028d3a5126506b3d963bff6ede9fc6045bc6	2024-12-23 17:53:48+01
937	2024-12-18 20:39:39+01	2024-12-18 20:39:39+01	28	beth66187@gmail.com	ya29.a0ARW5m778090Tg4mCppsGEOD4fEGHYAdZRu5SMILLq0NE-CHHUpOrXPs4PSMoZfkE7A8UXZOMO5r1xdJ7Zz0JavGwJuwugYrPP6MB_-22f3xCm27rB712CDS82Y_OLiL6iLIgHXbOnZ_wojJ96MZ499m5_xOjgwJAh8RivWGt9mQaCgYKAYESARESFQHGX2Mil1LdDCF0-_Ly3JIWxD_TyA0178	1//09hSHxMDKDXsjCgYIARAAGAkSNwF-L9IrIixwqhRidRt92LYvFjqwubTHmGihodHSqXGilyXAqm68TtyVUMkhNwxLvib_A2rWgYo	3599	1736893350	\N	\N	0	pico	\N	\N	\N	3af5e5bb0026	8653f2a7	pw-c541b65403767311a5094d6fb542f8c2c4f9b5f483249519d153602ccc4c50ea	2024-12-23 18:02:31+01
936	2024-12-18 20:20:49+01	2024-12-18 20:20:49+01	21	leslykisia350@gmail.com	ya29.a0ARW5m77HaVAp3Jt2Ya-aYw8XXWDiJSpvRmkPGhT9m07qx9L9w7RpNr7bteSCV2s0Vgqx_0pMa_65_igYD4SVSDyzNG2MfK78kZLiiMJO1VkGJXXVJIecFNAWqbGyGWx3gQGw4-5sSuXRMCStwGnOfKeFQeYtxxVZLQrf1Hvg9P8aCgYKAZUSARASFQHGX2MiF2dPeUTf964RRQmai2gnhg0178	1//09Kdc5-sEakD0CgYIARAAGAkSNwF-L9IrzLdhY8wK0Ii7a7nTZT5JptWLOnJLG_DkK5kpI0vEoFEBLvZBpGCfQpao3xrN721C2Yo	3599	1736893350	\N	\N	0	pico	\N	\N	\N	3af5e5bb0026	09af0bd8	pw-15341e8b95d3a06715ca10286f7bc1904edc00c7d37c58609bc61dc833e5fc53	2024-12-23 18:02:41+01
935	2024-12-18 20:15:58+01	2024-12-18 20:15:58+01	30	ahmedelsayedgad@gmail.com	ya29.a0ARW5m75xefx8jrhXQ8VCOsuzlOAt7pwmec5fBnVcCqtCWe6d-QHEmazbMmvo68V0HvMXdhwIcZHWqSe5dXGgelRZhlZ-rtd5ZnXUZj1j9VPeQQdx2tJd1ob9A-6zmr7ZJa_Q-D8XcmiaYkkttdOSWtdr8xPJ7sn86If9qM_DnjcaCgYKAXoSARMSFQHGX2Minf1dfg-H_TM6M4B6LyxBzw0178	1//09wpDOPgeUcBqCgYIARAAGAkSNwF-L9IrufFam7Jc0b7TdjmhWtCbMzIzkYTCNLsghCo8asUaTbBHKPvmoNgtbfseHqwyvtC_6CU	3599	1736893351	\N	\N	0	pico	\N	\N	\N	3af5e5bb0026	0361c9dc	pw-ead4870c79dd310041dd6804e0b2794b4ed0446037e4ff011de794e4965ab4fe	2024-12-23 17:28:40+01
934	2024-12-18 19:30:03+01	2024-12-18 19:30:03+01	19	duttapiya521@gmail.com	ya29.a0ARW5m77tsTM_oJecfQ5kVxLBz6tvHTT5VpkjTfs8kgnF3nH2sxCzVwi2ac9kxh-nvQCc7xMKcUzxmGBrcX6X4P16w1g3BzHft5NafPDzYEdSGKp8A-_k1APdhACYes7QSgZYK3TVTtVSDZmym3sem3634JQcuJ2cb6RDvXN8sgaCgYKAaASARMSFQHGX2Mi-vwhlPPHztmbGaqdONTW7w0177	1//09Y_yxszWUcISCgYIARAAGAkSNwF-L9IrcESuyUxBZhYBBQDDLGdJLSr3vQP3VjQPFBeyZRzNNUzBP6xZgcPUKKzyzAk5JT5I0-o	3599	1736432117	revoked	2025-01-14 22:22:31+01	0	pico	\N	\N	\N	3af5e5bb0026	71740071	pw-0d84490c698b428ad08a699eaf46032d261f93694e691c2e4cb54bea52887a10	\N
938	2024-12-18 22:16:17+01	2024-12-18 22:16:17+01	29	ibrahimissahaku901@gmail.com	ya29.a0ARW5m75JpQ8KcRZblrHgLwG9pdo6jTJFD4EXfTcgjGakUVW0DsT_CXiktB1nzpaBC-gFN4lLn_cfq6RjYRsqonxYMHf9iOtpg4E4rgor9Qfle5_bWwHd1URYZFnmJYnprXDn3oGqSn_LWMXbgwaUJOpOoUezT-waoomSzFrHaCgYKAXYSARMSFQHGX2MiTh0gWZiCcblK6DBdoQ-hZA0175	1//09O6tff5x7ARvCgYIARAAGAkSNwF-L9IrIGVD3l7mNXT_qHf-Y6mENqOL2BDjx90At-xA-BA6xZ6fRGoSua_4HsZu1d2iUy8An5Q	3599	1734560177	revoked	2024-12-19 19:17:04+01	0	pico	\N	\N	\N	3af5e5bb0026	0c5bd995	pw-fdc6a1883e3dedc8aaaf8f0ac507e4faa8ee6f9096587409946a047f803ddff3	\N
929	2024-12-18 18:20:23+01	2024-12-18 18:20:23+01	20	danmuriuks1000@gmail.com	ya29.a0ARW5m74SbDGEaUKpBRtL8a9BzccRlOA0hsJ9FUewaEwq0Rj2-rWQc3AMnF47YIYWWIYHhRL4qT1OP80ni796S77-dxLZVqV1aLje_Dz9IhApxYI-YzKw-y6ULJUoboRdrZUgKvHu2gutu_Ea0KGeba5H9G5AaH19dG9rSHTdXzoaCgYKAZYSARESFQHGX2MiPN6FU5ultmTziLWoo0IzTw0178	1//0917YijMfGsiICgYIARAAGAkSNwF-L9Iroj0NTOyeuy0gmJ-E1kKEbNAOjcT0tbRbzuvTlvyX_HpQBRrwK-PhcxQCmz8Q_XAz7Fg	3599	1736893353	\N	\N	0	pico	\N	\N	\N	3af5e5bb0026	ab4005d8	pw-18a629b0082b10233a4f52072541c96f4b2131de65562896e21c5fc31d1f048b	2024-12-23 18:03:30+01
919	2024-12-18 15:33:57+01	2024-12-18 15:33:57+01	27	somabasak394@gmail.com	ya29.a0ARW5m77oAEIoRiipoeNvCt4t7jeluCyXYulSaPVR9-zRnk2ImuvQGwMmo8Dm011kQ15oRZwvbujDCHQskox4d5K9aF4la_szhUoqlDiBn_nyp9XVGHFDeq5RrcIVFjVBiir6XbCEcLPs24Tvpm43KqOWmnQazJT01r0ghDOSdV4aCgYKAVISARISFQHGX2MidBVgIPDzD-04ZXbzVzDy-Q0178	1//09AlkoJmEv7-hCgYIARAAGAkSNwF-L9Irz6bD0fjmRHQAngZASyI3gpvS3yjWaAzAazR-pxR2g_ziXTOKe9WjV5HE_lTCxJnulMk	3599	1736893356	\N	\N	0	pico	\N	\N	\N	3af5e5bb0026	d4bfd51e	pw-f65584bc6bf56d5c5c2f5027aa9a9f12c92c3224aa0bd944b9bf8f65f1a14a5c	2024-12-23 18:09:35+01
941	2024-12-19 00:32:23+01	2024-12-19 00:32:23+01	20	tpaul9412@gmail.com	ya29.a0ARW5m76re2Xe7pOs4hjy81ED-mPzbqtN1zvZePunlLsEMCZED0c3TwSBCJH1JT78gaNocfbYTRpYWGD6Lpiui5i-brc9NCRpd65qCy_hgf-7Gbrgy3ZokpoLv2XXXcBokbnc0YLTi4ID02kIEGpJ5aukb-CwPmqCSaXh7rtdMxkaCgYKAXASARASFQHGX2MiSGhXV9IYqdDI37oQurAgmA0178	1//09QBmK3tURRrfCgYIARAAGAkSNwF-L9IrY0VV43yxPEzLNR_OW7pM7S_S82WFcgXEJ7t9eecYu01G6koW0iuVIB0VD7q7WB4Q5ug	3599	1736893348	\N	\N	0	pico	\N	\N	\N	3af5e5bb0026	bf9be667	pw-e3897cf6b1817fcf9773e8d17332d660c0a1cae2ff1bdbb04137f05467859e34	2024-12-23 17:53:31+01
943	2024-12-19 01:14:09+01	2024-12-19 01:14:09+01	23	senbibhas38@gmail.com	ya29.a0ARW5m75_uM4qLs7I1-r4gQdpToZHQJLJRpfm59Wb9hiGv7GOiZiVHQF6BnEs9DQRirLTcmQgYtREEc541PpyGxKkcUqJfStYjb4bEk8jM2DIcDeu9FG5EHUf1_p49eTwPTxRnJ2bbpwVKAjiEjwTq_vogL5_5uGINFQisCDxHYUaCgYKAT0SARESFQHGX2MixfGf1hmUn52J61YHvURIvQ0178	1//098hYblSOuXwyCgYIARAAGAkSNwF-L9Ircqq6OrMLdluyDdzGCCzpBezPdhaRAgwg3bANaC1hzZXqU8lB65umUYVWLNkX1AHbGa0	3599	1736893348	\N	\N	0	pico	\N	\N	\N	3af5e5bb0026	857bf39c	pw-6cce8f1773852144b8d44c3f47fbc984278225c2ac605decda0f4706229a4088	2024-12-23 17:53:07+01
942	2024-12-19 00:54:08+01	2024-12-19 00:54:08+01	27	sammyakhtari2016@gmail.com	ya29.a0ARW5m77qiSIjqtsUNbu7BM1eYubYtkXHQyXdHYMfhAG1997puFZ9wxCz99qqZJ1e153H9grLAO4a2sqIdsjQ7VpqRYoTS2MAf15itDBY0R3epDy-tBL7OSDtcwIus6qxK3IPud4I44hxCl4VbfELF0lI631FQwziVhz-f53SN6EaCgYKAVYSARESFQHGX2MiZ7teW8-ICKAxTrLzTfN-qA0178	1//09sXEzTcCZbNVCgYIARAAGAkSNwF-L9IrATlnjgHPk06YKWJ4j7R3aX26Z8M2q5Wm8jFu27Jug5ls54os6XKMhyXXLweRnzCF8GI	3599	1736893348	\N	\N	0	pico	\N	\N	\N	3af5e5bb0026	f3248aa1	pw-a5bc173d86a2a5f80b00f2c947ee3424b7b55557ca9383237a184539466195ec	2024-12-23 17:53:19+01
944	2024-12-19 02:28:48+01	2024-12-19 02:28:48+01	22	ashishec19.roy@gmail.com	ya29.a0ARW5m77Ybi2hbSn2cjUJyvavAhCOjxQGjEUqv8YFu7gnDRCmflIbbXhpPAMu8yGLFrvY_eDi__O1DBwj6voPqH-iJLfn1UN90wVKVD3MKvkwUhlWsBZmxeGFwqlg5GbytHAbvIWucHntTZb4jsb9tzK3FopASm1L1wiiC23SKSEaCgYKAZcSARISFQHGX2MiVceNIuZHYL9WbNZb_gcY7g0178	1//09nqJGTa_V4e7CgYIARAAGAkSNwF-L9IrEcUmxew3x-99ojHS3fXg3kcRdGXza8f1iaQrHWrnLHfKzw7aZwPgTIsg16EUrgWqTAI	3599	1736893347	\N	\N	0	pico	\N	\N	\N	3af5e5bb0026	8d81f9e8	pw-a081e927b6e7bf3b54c7dafff10eeb4a43dbd0d2b005dccba610fd93dca32911	2024-12-23 18:14:22+01
958	2024-12-19 08:53:38+01	2024-12-19 08:53:38+01	26	ramnidev050315@gmail.com	ya29.a0ARW5m75DmYFz0dTbkT5Alnw9LqrnMupmiU629nfjQ5M6trLoM8ZUOsGCq2RxL6jUhWZNfZPMGTXAd5raIgbKGsh5zeE15aJlfVE4ceIWdYcGO45ow3PzTmvWFy2_wj9eoj4L4fhAqFdcEEHQd4i1pyLy7kGGX6CGbfXZR22-aCgYKAQwSARMSFQHGX2MiLBoaznHGroQMncywbT3IwA0175	1//09crjyZVJ4jTqCgYIARAAGAkSNwF-L9IrXgolHruXeP1OSiNw6OOT6jgKHeeYprpvPAzIQ1W3Tq4jnBDchFUI8xSoz--AKb7ex70	3599	1734598417	revoked	2024-12-19 19:16:58+01	0	pico	\N	\N	\N	3af5e5bb0026	1741f523	pw-97b448cb1ff9284a9c7aea31fde8d500fb2a45317d6f0d879c9cecf7494e809d	\N
950	2024-12-19 04:26:29+01	2024-12-19 04:26:29+01	28	leavy12indeche@gmail.com	ya29.a0ARW5m77-lHbakEvFPJrLEvIVFqjAtYYMBxeYb5f7Z0HJapqt59wtVg-Uzw8buc7O4kkdK6_XTRe3Cf3xY0_bDBtTNzuhAoFnedDioA3vUq6O5FCQ8YLIrZ1yLCq3opNABoKr1Asva7hHyQL_Dy1fWe2dONjDgoEhiZY4eGY9uL0aCgYKAc4SARISFQHGX2Mi38yxlTCAkURc4J-u9UBrWg0178	1//09zneoLTo77vhCgYIARAAGAkSNwF-L9IrSGoRtSjP5NWwZo2lefj6paXmUgh-eH9-QptTo-GyzQ6x6pXMgPxHO2kzuKLmzTAmSx8	3599	1736893346	\N	\N	0	pico	\N	\N	\N	3af5e5bb0026	f6f23651	pw-a2b555cb84f348b3996adf55dbfd08550157318a964d3fe2ae569600594cb622	2024-12-23 17:29:01+01
956	2024-12-19 07:50:51+01	2024-12-19 07:50:51+01	23	nishathasan498@gmail.com	ya29.a0ARW5m77tmkuxApGpzbPEODOWTOb_w3paFW88m7E0mVluc_pYzy0TbEWE5C7gq2ETJErgk25S8Vl4NFuuHTMkxuN21dRO-H1MMIsFfF1RFrzqNa2QTP5hGcjb4L1oWWMloffdkXRbBYjbGc9jfB9N1UAJ7n6xcCl0iNxYV3jzaCgYKAbgSARESFQHGX2Mijo2AzkDAW2qRnmu3Vr6VkA0175	1//09Rc_rTf2viFkCgYIARAAGAkSNwF-L9IrgeWnCwX_6dHiGWRGqs-IL62rsByVXAywyNIfICLvZ-0x-CA457H58sR7OUT8R4pHWDI	3599	1734594651	revoked	2024-12-19 19:16:58+01	0	pico	\N	\N	\N	3af5e5bb0026	cfd3e0fc	pw-8bb2ad7349719d3c9598eab94daf1da13395bf0729346243d69e3ccd242d8fc2	\N
948	2024-12-19 03:26:55+01	2024-12-19 03:26:55+01	30	dolibasak25@gmail.com	ya29.a0ARW5m77g8JiLTbgHVIqUKB57SuY-WlU12HemmF1Y2OVgcUbd59oLD9maOpkmDuhRvGe2jyGGpdE6S2Tb1oe2sOnsY5BXGZjV04FdtOOv5e_-I-5XIoGQythDpjwSk9qGztQEu4jCuSpMOQp4yfMv5V4NXZtU9uUqba1K_o4JDdsaCgYKARYSARISFQHGX2Mi7VC8GP-yP89BssKS41t7ow0178	1//09j378OTiho6aCgYIARAAGAkSNwF-L9IrMCGCQBMRlqWup57rcGGqMw2GFd_zdb_lHg9gruC4jkSB9JKS5xJBUKoGP4O_8ctl1kg	3599	1736893346	\N	\N	0	pico	\N	\N	\N	3af5e5bb0026	4ffc39f5	pw-2bf1e2ef6f3f424b1861b0ec1e1ff736c77018e536c18c436aa08c2647d690bc	2024-12-23 18:05:32+01
947	2024-12-19 03:26:33+01	2024-12-19 03:26:33+01	30	sumitragour.mld@gmail.com	ya29.a0ARW5m775iVqHK6iMtbOuSXiKKnZhRPKX16_eQRHEsuUXl5oV_YmhOIDIC6kT__kM3iRa7X4Y1HBrb9azMypHJalEq-cc7FMwXW6yiz1KvEwVb5UWlpOYNICIV8gdgaV_VXtmXqWA964SQjiX2__Pd_zqdBZkOPRTs7dM3MTZlL0aCgYKARISARESFQHGX2MiU_AM48C_rrwEbrCejcYkjQ0178	1//09JqFocO7W7rpCgYIARAAGAkSNwF-L9IrGH8uOksjeNx5ORqG0olPkaNwtKlWW1WeAA2Sptfcd4IQi3piMGYgR-Tqz54d4_S9Lcg	3599	1736893346	\N	\N	0	pico	\N	\N	\N	3af5e5bb0026	bfd9418b	pw-56ef193ccb9f74078fd2eab3a5b9c16df6f07d7e1a173f30f3372d1fd26d1efa	2024-12-23 17:58:27+01
952	2024-12-19 05:35:46+01	2024-12-19 05:35:46+01	24	msunanda784@gmail.com	ya29.a0ARW5m74rekNGlxumw3zdfBdtSqlaHEJQSJJu4JYuauUpdz_qhYZ30q5ms2KPlGd5luxJNChGjkJSsowrhr_Ou9SuBUW-l2_57RxO_74LtgWmbesWl0f5oKSlWf8xTwfjDDHsZ4v_oh7mivblfuyBZjIgQaiZpdKoWM2OA66ZF6saCgYKAZ8SARESFQHGX2MiahqfEv8FTu3qrs7hwEa6mg0178	1//09lO2Ck23sIs2CgYIARAAGAkSNwF-L9Ira48JFUh2K6ftBvZRv7vmZO9CVRmuHvD6z_FtkNE6vpx11StvLCiWQnXcaTKUffxkkuM	3599	1736893345	\N	\N	0	pico	\N	\N	\N	3af5e5bb0026	6778d9b3	pw-cff150610c9599f844c83f9636a438b7f8e567455eae7aa68341598ccdb0470a	2024-12-23 17:49:20+01
946	2024-12-19 03:02:40+01	2024-12-19 03:02:40+01	19	azuelva@gmail.com	ya29.a0ARW5m74eONQpUMAERZZR5s9jHr5Hi8z_uiSzH68S4w9p_rcByHVM22-c1AB3fD6J1KJ-35HTi4eEWSnHOZDcigCyXoOJiquL3deHvAJfi-2v7Sltmh2mtNCcZKid7rrUVle5vpQdufENJkS79kaWeYONS3mnaQ0E722qDPKUiTQaCgYKAX4SARASFQHGX2Mib5QNT2tqhGZcQhsfwCa7kA0178	1//09AVMSbOcLsyCCgYIARAAGAkSNwF-L9IrOGhITW1jBV6Gl2-JGXR4fHW4_zr81_HQ3CSROlqTcVI2K5KdlGC3VSNuzgDf0GqXeAw	3599	1736893347	\N	\N	0	pico	\N	\N	\N	3af5e5bb0026	ba11d4af	pw-4fdf86e045d27a3389e2cea3bacf63ec19eb0370241dd724fae559691ccd7f2e	2024-12-23 17:26:56+01
951	2024-12-19 04:30:59+01	2024-12-19 04:30:59+01	29	fitrohamaliah60@gmail.com	ya29.a0ARW5m75C8JBcGYIaA99YUU74A_9qcMPgHgwcCr7ARwsLPfjGXPUmWBMqqLKmdToG24GQMSEJYLPCyiGZnX5QXzQNtjpAWiL291_RIPKN7sNkM95amCCOHDqlbJj6Hlet1gbRljljQ928W8-h-XUHrxNifODBYzgChr6MLPY8aCgYKAYQSARASFQHGX2MiL2HMWLD0sX6HDYQ2tJYX7A0175	1//09YRb-KhuG6j3CgYIARAAGAkSNwF-L9IrwBbcWwXxxW7u81T3J_KcpN1JGUYIIG7mk3tnr8V-7sJtmlyeURS-a2XvBTmVWrTSR9k	3599	1734582658	revoked	2024-12-19 19:17:00+01	0	pico	\N	\N	\N	3af5e5bb0026	1602124f	pw-e051e691e1adc7b4229edb8c896f79501e25c68e03ec261c3c8dc05daecce441	\N
949	2024-12-19 04:14:24+01	2024-12-19 04:14:24+01	21	carreon.reneelyn@gmail.com	ya29.a0ARW5m74vOUDhRZw3kAqh60QeIBj80WCQ3YaoDVn60MajWupjzuR4ddgnUWcQaQ76lgr7YlPxbCts91RO359ybYWWoi6qZ50dA5D5ZLxHuDUl4JG8UVIKn1NR9jIcNzH5CdshpdD8xVc6175g5x3GNyWBOxrdPFXdG4fQPs6YaCgYKAf4SARESFQHGX2MiiAxChSsxpwRujC5tN_J6kA0175	1//09o9C4b2XKdd9CgYIARAAGAkSNwF-L9IrdtWBQJVoWfcBWclSEs_vNrHDbqA7G5WuLZtQVjp7H8ltWSiN6wrSnjMr-bNYbLaEA3E	3599	1734581664	revoked	2024-12-19 19:17:00+01	0	pico	\N	\N	\N	3af5e5bb0026	6e4904b2	pw-19f0b3ec8d11b24fa8e44165ff071ecb6cc0adf8bde6610e41ab6d3988f3a543	\N
957	2024-12-19 08:38:42+01	2024-12-19 08:38:42+01	22	okybahari@gmail.com	ya29.a0ARW5m75aLMafYqTU3Fv6TjG2iSsayv89aKHtydFsJM_P0vDvAF-TanP8sx7aspizbWINOMqaehCOTR5EnfhM_2mMJP0aLFxIeKnbDNvaUGMx0roe9Zs_3YyH-gM0Tt2Kb5coUgEABh5eOKFSxk4Gkc-whvG3CXVItKy06yUfOAIaCgYKAd4SARESFQHGX2Mide_xJCaAPBBJXHTKcIjt1w0178	1//09NnmOpZaRztFCgYIARAAGAkSNwF-L9IrvZpQs6UnEPqROgOXlw6L1BLnc0pwA27wNaJjMAy3KZIPUus_56VuoTjA9ZwvyHrq2ls	3599	1736893344	\N	\N	0	pico	\N	\N	\N	3af5e5bb0026	425ed5a6	pw-422d1fadccca9ca7b4ea79feaea6b3862de104232e8f110bc3da721ccb089b0d	2024-12-23 18:04:48+01
955	2024-12-19 06:41:34+01	2024-12-19 06:41:34+01	27	dukeelizabeth376@gmail.com	ya29.a0ARW5m74aX2FO8PBHbFEHp_w1JLxZ0IX7lyoz2l0cNT9nPMP5xZSaHYGdbH9bamCiLHUcOJ9lQY_UfAleOcgBoe4O8GaTiEnmma8QPnhxVaWOqFvzgnjITM_S86x8sbkv6qGZ_2lks0cPYLPQBxrobNHDm1qHOCkR6jV3nvbvUYcaCgYKAVUSARISFQHGX2MibuL8h6Sjo-L98uvBfqR1Qw0178	1//09zCQnljNaEaRCgYIARAAGAkSNgF-L9IruGtM34YzeiM4E9H36ulfXwjePmzuTNWUw_vOSCs8QwCjM_aR1r0frrPRozuskrKJJw	3599	1736893344	\N	\N	0	pico	\N	\N	\N	3af5e5bb0026	618579a6	pw-f2576b405bc0d0379966ce3fbb6034b6e35c737b51f03804018382827ac7ecd4	2024-12-23 17:29:23+01
954	2024-12-19 06:35:57+01	2024-12-19 06:35:57+01	20	monikaparvin1992@gmail.com	ya29.a0ARW5m74DIlb8egtSXIBCW7SbNLjksNn8TKAzqwo28rUMjKYTljWPUx3HVWQf39VguamqSs1CitPlj8ZLuseD05Yo2B3aHUTiruxflAoojeW_tcYhup5QpBkUqyOPFYKmu3xD3B9Av7X5uOH7EeM5oefSNmOZV9d7uZg5eUsGXFcaCgYKAQUSARESFQHGX2MiVnL-hO7CNi_JOfXKotV_dQ0178	1//09EUsBiFZSEAiCgYIARAAGAkSNwF-L9Ir5B_aKaf11bMO9Yl8Y6l3KPIYDQ1v8eOdqIgy3RhrirVRpA_yW30Q-LmBnuWX8QOUz5I	3599	1736893345	\N	\N	0	pico	\N	\N	\N	3af5e5bb0026	bbbde503	pw-72c35c2cb82da81bd4d78f785b690f0fc0e8e7991646cd95c649ca5c6d3b6215	2024-12-23 17:29:42+01
953	2024-12-19 06:25:17+01	2024-12-19 06:25:17+01	25	alnadi.kitchen@gmail.com	ya29.a0ARW5m749aYTiFH9wr56b4TH2no4cTXysmCBlw1WKM5eIZbirxJ3y68snEAwZJvUNgdHuA5i90IvLDMOmLtJKbrz_cj7D_eKPCd4jSSmtDxf19mzizRkoUkbVyh3TbdzYLbUIpCEp8xEpLYg3_en7zQgqjdai7XFVvtVa51VzaCgYKAXsSARESFQHGX2Mi_79P3KFBkCaazgaQvC6P3Q0175	1//09s5oCKLw2k5KCgYIARAAGAkSNwF-L9IrVkQXA5kitWpEIWnqmX0aYdrJKSpVsYoY5ssCwP9gkY-c_KzKw9ZmYLp6YAfMXxq_5Ao	3599	1734589516	revoked	2024-12-19 19:16:59+01	0	pico	\N	\N	\N	3af5e5bb0026	63fcd2e0	pw-58239bc0bbf1aa38a1a3ab6279298505ea7cb5aa7b87405e8875938c9ef1b1aa	2024-12-23 17:30:24+01
968	2024-12-19 14:18:51+01	2024-12-19 14:18:51+01	23	roypiyasha8017@gmail.com	ya29.a0ARW5m77t9WrSCYJEe6gT0HyLNcELjPANiN-0LByVXKEfRhz5WRBd8WIOj1PYyJ-BX6qtHpxtqSxOikJ2UlhJrxXYXDUYpium3e8gbTy3cWHJX20piwz1wOhtJBXRWLt0TJugfYzgFPXHpvGyVmPyD2IIQe3408d4u8yLAiI0FQQaCgYKAdYSARMSFQHGX2MiM4gafDrd4JEDh6HdEgLE4g0178	1//09g4dVK2hPt6yCgYIARAAGAkSNwF-L9IreEN4DkAmeIHI8bzR1MSsBexFP1bU61NvyRdqoxzeWlVIQv3WUm-PvW0ojzsHPzX9fu4	3599	1736893340	\N	\N	0	pico	\N	\N	\N	3af5e5bb0026	2635756c	pw-5ba0abed53a1b7a78ac367692c93051d8126aa72b935616c69e588330f83aee7	2024-12-23 17:27:39+01
967	2024-12-19 14:07:42+01	2024-12-19 14:07:42+01	27	martinmenendez19851885@gmail.com	ya29.a0ARW5m77ueynkrZKJKKB7S9MZRkmdvNO_y9wglQvH_FA_SLdvx7ilGd1YZ3tmTNTSDvE8bY4raeasns-G93apl1B3sFqZ5qYBT1xUXTQMDSm1e35z87cHGztLZRMbKsrm5AbOxpXB6A6W5awrTaIi4dGEgnZKM3hVKurAAdKjJqgaCgYKAZcSARMSFQHGX2Mi83gNdk4gakVUf2OveEdPfg0178	1//09-YaLFFmuNWgCgYIARAAGAkSNwF-L9Ir38lez5lW4gjm14er-kkgqg8zLk8AaEPEne_fwh66W7JRiMtZJwNVSnU1LO_dEkBy7fI	3599	1736893341	\N	\N	0	pico	\N	\N	\N	3af5e5bb0026	375a28cd	pw-03826b2b6fc8af88c9f57036ea56fe6a26e31ebbd2b53ec91912900efc351b19	2024-12-23 17:48:59+01
966	2024-12-19 13:31:28+01	2024-12-19 13:31:28+01	20	leberechtavantimuller159@gmail.com	ya29.a0ARW5m77oH3lj_NydIP4Jmm5hFJbtXbthv43LWExbmRXbRkIRnSXTqUfUaqSpRsFog8wuykitJt5UuOARq1FvXezXmoLKdGVSBeaD0J-my32SmALvt2k3xPVFiSP3mwPHRWzLaaoyL3OEZL0x3QEeYusEyfv54TC8m4Xo-8s7SF0aCgYKAcwSARISFQHGX2Miqx8X_y8gaGgkSEMNO3zm_Q0178	1//09Fu24X5VIGh3CgYIARAAGAkSNwF-L9Ir7Ghwmq-nRmmHhrhBtz-Xpz4J-Kwu2CxE8lcbbYmSf2HO7154VIjnSwPChL9ImHQ0Ab8	3599	1736893341	\N	\N	0	pico	\N	\N	\N	3af5e5bb0026	eab45c33	pw-1df8b0b3caa5f3eda5312347bf514c340e9e9980e2ef39dc6381c30c1d66926d	2024-12-23 17:33:43+01
965	2024-12-19 12:47:15+01	2024-12-19 12:47:15+01	25	innovativeinstrumentz@gmail.com	ya29.a0ARW5m76aytwoGwRkmzzdDwLmyKJiRu37QXnva9N8hAXueYxWzRVq4zUIiPrTupM70fekxrzC5XbixHgs8xSQqSGRLbrMQoD0K1cIJBTC0T7uylU6Z00fu7bPYVvjj1DkwAhW5W1NKGdb0EHuLsTRN4lE6iUug_-cxFS8536Q32saCgYKAf8SARISFQHGX2MidwV75BuoO8mgeqzYlx51nw0178	1//09weBqHMxBQ-RCgYIARAAGAkSNwF-L9IrJz6UBxFpRjOyNx-09U2e6rPcbi3hlgqvKl5jiPFXq-65Jx0DhPqKKNI3_5tQlmLX4wU	3599	1736893342	\N	\N	0	pico	\N	\N	\N	3af5e5bb0026	f3f7bdd6	pw-68ea2a4d5a63d8f1461f3a3a5b5ec217a120b8c0785e4244ac989c3a47427915	2024-12-23 17:33:32+01
964	2024-12-19 12:44:17+01	2024-12-19 12:44:17+01	24	hslcyber2019@gmail.com	ya29.a0ARW5m75CQFmGOMR5mXC-mv_9FIpc40HA0_lhELpIT5JfNusZeBrM-PMJZe3H1_7Qd_vPaoiDgQcYzt0n5sUT9InyHF_E-0Yh11mT1XC7mT4gPjRYsdnK-SOFCovJXaBLSxfoSQSD__2Vcp4HD4eS4v48VuLsv1Z106NZHx_ZQqsaCgYKAcwSAQ4SFQHGX2Mikth7Paj9pniGpUsYgeyuLg0178	1//09nQ0VVisEXO1CgYIARAAGAkSNwF-L9IrDuZt9FQqbvrMxeT5VXMO8sq4QAs_ZYlxa2fEg5FomhQyNVFKl7YnMlehrkLbOYdD0tE	3599	1736893342	\N	\N	0	pico	\N	\N	\N	3af5e5bb0026	4fb3d8b4	pw-06b41d5c247724f83ad968baa0ae2178e5b7b51d2c4cdc861306d6913b001d59	2024-12-23 17:33:52+01
963	2024-12-19 12:36:08+01	2024-12-19 12:36:08+01	29	judashammes@gmail.com	ya29.a0ARW5m76ABFU2WEdU1L2KyvIr0_6QHqNXmWOPVyc-TDfZuHqJ7_BediYZlClNd7qEC6i5AZbQukQlze1snP5Qbupl0MER8UbSmU61TfYpZLCTav5mNyRC-vWJ2BaZQ9LqO132Q57xp27cDbnD8D3PjtF9KWd7gf-Y2TWWT2CnWE8aCgYKAaQSARESFQHGX2MiNX0Z6le0qs6y7Y4gB-um6A0178	1//09t7faRsf7LFUCgYIARAAGAkSNwF-L9Ir9Q-2B0jKarAT3XKRK5tdJwoKCWxGn-OD-miwhyfCGP5kyTTMiNMNOHCxbqnJkJQpzbk	3599	1736893343	\N	\N	0	pico	\N	\N	\N	3af5e5bb0026	ef73d2eb	pw-df3315b6c3800e819859e6c4a2505371a2a9142a63448dfd20af673a3582c359	2024-12-23 17:34:02+01
961	2024-12-19 09:54:08+01	2024-12-19 09:54:08+01	21	digibrandmn@gmail.com	ya29.a0ARW5m74StIQfCUbao0oUSmtw55kP7V2x8BAhNjWPlMTOO9t_Obb6Ui7tHvVtz8UfC_j5CgF1w00rKO6-WpBjeAoU4OBBTmrTnW6_LsFFEI5GoB5ptZCU78QDPoP6P18eVPldAA61vekqCgkwDqd-CO6suJXJ0JDIeXQHDtwytCoaCgYKAaESARESFQHGX2MiJhH4318s9OIfUJ98emyphg0178	1//0913S7TqoYRuRCgYIARAAGAkSNwF-L9IrZvRC9gD9VY-z6OkHljkZa1ZLMiHJ4GoJB5d-UVyHqi-F0YrSYU5npbqkevujLsQdSdE	3599	1736893343	\N	\N	0	pico	\N	\N	\N	3af5e5bb0026	b1134c87	pw-ac3157137e3b20b4c161e1633c5d404cc03f0028a1bf03bcc97ae7028c2d943f	2024-12-23 17:34:13+01
960	2024-12-19 09:43:28+01	2024-12-19 09:43:28+01	19	donaldsworkar@gmail.com	ya29.a0ARW5m74FX2m74DmgDIh9xsCZLFKHB6p72Y4Ceo0FIuHo45xvH387T7nnLQJbHHULAmoIG-0DKCAAGLtp142HkOQB3E55fPjkWTJNuYEv-b9J-CfOdIt9Z5sZAeP9kcjS7or26g2UFAIq09vmWuJu2NebEV74zYlfsXZKWYHBAGUaCgYKAToSARISFQHGX2MipsQ3bX27AOMK-KjcpQWciw0178	1//09QeYpjOJiIqDCgYIARAAGAkSNwF-L9IrECuGQHeVfmqMcc0ZMH2HgbX5q01P2M4Dvtuthf22camD3fRtC-ZUEmlVI2sJCvscUyc	3599	1736893344	\N	\N	0	pico	\N	\N	\N	3af5e5bb0026	1c8b8f19	pw-63e5591bc7fd5e5094de16edaffdfc3690076683fa4c4bad640ac2d1f1901cff	2024-12-23 17:34:33+01
972	2024-12-19 15:17:32+01	2024-12-19 15:17:32+01	21	befikadutefere@gmail.com	ya29.a0ARW5m77WP50XC1PQ_qU0c36eXJShxf8gpTVarS3qBiBY0DsYxWyWynCDTz_Ob5ppcjKis0v3lQaWGdXw2EmBAvm0UfcMDXRPbphwOHSYeg1lWENAhXF4a2CXhQ07kfdd7kYakDJLXwZPTS-3ojl8tIHl2zTnc9a8yawJFDy-Fn4aCgYKAaUSARISFQHGX2MibsSNopOzP0v7tyqQMZ-_ig0178	1//09KnSRdHkGOzQCgYIARAAGAkSNwF-L9IrTn95iQpLMKY8OBxNMY0pgd3I8u5HY5jC--4fq6qzE6UadISA0RqfZbEH9mW-_EGA6lQ	3599	1736893339	\N	\N	0	pico	\N	\N	\N	3af5e5bb0026	222bbe3e	pw-1dc4a0fe920b1c72f873680f5bbf3bb4e664977900b1dd845b27b9ce31d276bd	2024-12-23 17:26:28+01
962	2024-12-19 10:25:59+01	2024-12-19 10:25:59+01	28	anasousak321@gmail.com	ya29.a0ARW5m76vIfHHNR2NDhmAS-7hb98CUzysiJ_iNxTe52Tui0P5BV7bgYO8mALd_7Y9tFsEFpOAuRVBZ6n3w5pcdFcdiBEmem1rctDN5o_TkGfws-MMHXa-0UtT4wpgVSKnGgAF0O72tlJHaE4fpBq3Z259pDUbDjJRPtheMf6eaCgYKAV4SARMSFQHGX2MitIOIfhw5XwLUas-1L8Mbrg0175	1//092rc6kaVvejcCgYIARAAGAkSNwF-L9IrPffZ48wN_OI_maO8lXvpyKb3-_Ha4jmTG2-WpaibAV1dIaZ2SuHu3WuwocwT900qjRc	3599	1734603958	revoked	2024-12-19 19:16:57+01	0	pico	\N	\N	\N	3af5e5bb0026	cd1efbda	pw-57b7000adc754b851876dcffaa12b23f666ddbeb5198b3ef25e9d8f98a0f8986	\N
971	2024-12-19 15:14:45+01	2024-12-19 15:14:45+01	30	ramadhaan42@gmail.com	ya29.a0ARW5m77wb1WBR8BDdLg8qEtXlzyTlPyGXsdwVm_63ohLuTXDvcHhwVZfeV_QMU0D-km7gdujjIcHrcJAt4CFTqOLf93-Qtt6qEUe-DRb0OQZsTVpSy9ZsaNbLrq4G6UAfCi_gG1iDdks_Syf4e9qfDFGtCvz70TxHMSZFeVIo78aCgYKAZwSARESFQHGX2MijNDdjxQYctwpfx5ErXPCAQ0178	1//09XMyI_K5aBN5CgYIARAAGAkSNwF-L9Ir7LbnS5wlsUuHAfdFTACdKV1sGFXw716PmMc0_DV2PU62V3UcA0SLLbuatWsu-byUFmo	3599	1736893339	\N	\N	0	pico	\N	\N	\N	3af5e5bb0026	d69c40be	pw-75e2052391c6756b88cf4253f6228b2dfc430769c8bf4024ef5c7591d7bbdecd	2024-12-23 17:48:23+01
970	2024-12-19 15:06:07+01	2024-12-19 15:06:07+01	19	christinechisanga0@gmail.com	ya29.a0ARW5m76y0CxdEFzKq871sT9jqDNS_TLY4U9Oz_o5YntDCtpxkVJ9u0crszapTs1PozUUzHyA4lzC8Qji0lMwCB2Cs7iCgepK2aZkiADz56l9L-v0XdV9MSKBtAK458KjYOrx0lbagAh_XY-7lQhz6KMq61YW-NDUpZdPJZyGA60aCgYKAT0SARMSFQHGX2Miet_wOkc37qFI5gmDtg0Kng0178	1//09R-4QlBtp2z2CgYIARAAGAkSNwF-L9Ir9fTdI7Mb18ozEOPjpCdAFxFnChkH_ksu8xmf8gQ75NKI363-5CVseDPRX3DBDzJIKJM	3599	1736893340	\N	\N	0	pico	\N	\N	\N	3af5e5bb0026	b0028a94	pw-1275fff04666658a1a4826346a7123d99464f494c8c1a54fe5b45d0871b85984	2024-12-23 17:48:34+01
969	2024-12-19 14:55:04+01	2024-12-19 14:55:04+01	22	mulageorge50@gmail.com	ya29.a0ARW5m74U4iypRXnTg3_63AUezjFd6HQaXE7rw14uQEvY99ycHLXr7xGR77ROY88HITDHa8M0Kkk2o88ObCw7sZ5_DIrD9eW7y5kRFhAX40VIe53uaq4pqQw0QhV6RArbAa_rL0gtFgTjMqdN4zVQSNhw2M1XVBp_CYuD3R-LQu8aCgYKAboSARASFQHGX2MiMEVu26s2LnFUbeam-TOwnQ0178	1//095iVJ_WDGBlaCgYIARAAGAkSNwF-L9Irs_6BPksVsmDMGowsybQgIiIngvLvYf8j0RHNiHN77PrDK-0m7R4E5eg1dyuVNKusS6I	3599	1736893340	\N	\N	0	pico	\N	\N	\N	3af5e5bb0026	188f7242	pw-497ccf8d21d68371edb5e98419a391fabd03fcc50b59d909ac6b8972a2100425	2024-12-23 17:48:44+01
984	2024-12-20 01:07:32+01	2024-12-20 01:07:32+01	21	malyngeorfu@gmail.com	ya29.a0ARW5m75r9oG6_l2ryblcWeW5ZpXiWRhXTbKFEiGLb4MjApoZ0xsB3l2_hzo0cv_bHHGxSbKy9wIlgsH5waB5sv3i4EVD0J7G2uVbM1Tkix6_E53U029MElbyhkEJO9WP_mjGmTlOgW_9yROICyT0cYuwUo5AwNBciDd-IQd-zwaCgYKARsSARASFQHGX2MiWXQS4T13Jz2p-29bbM0tXQ0177	1//09bnorJg45CTlCgYIARAAGAkSNwF-L9IrcjF1q7A3PhflPMMAvtdQclXg6ZLgEt-kDjGMFHZZBlBKW_tg1rx9sDAIovGGBXsjI7Y	3599	1736432084	revoked	2025-01-14 22:22:16+01	0	pico	\N	\N	\N	3af5e5bb0026	9f7c2f1c	pw-b459906568ab6e25a74b21a1e677c3b4f88764a826cebacac921e7bb3a9eefd1	\N
983	2024-12-20 00:07:52+01	2024-12-20 00:07:52+01	30	julianorz@gmail.com	ya29.a0ARW5m77yHf0iX5OYpNMeoqpIcrS_NMYhJPD_6t81EeqWZvxxnGkjsmm_VaNHZIJ0mih2O2psDF10yTakijjBqodsU2EzYXET4-ep40T_NN6O_kpgtEAVm5iM7HZkFLdgjmtV_qjl9q_XfLJ8Gnbjm10skMk6xlNQcfYbBjt2EA4aCgYKAT4SAQ8SFQHGX2MiNUfd2GuGqUN4pJR95ib_cQ0178	1//09sSqcE78ozDcCgYIARAAGAkSNwF-L9IrXQOG4HAAhwqRrNXPi8VJ-6s5Cae1aj-KN29yOFxA8bkM9T6oTzFqzHdLDKrYWBqKjHw	3599	1736893336	\N	\N	0	pico	\N	\N	\N	3af5e5bb0026	0fd6d53b	pw-ce1ca88e9c852de5aed85fb56e9b7e430982c957df7f0379735f7a09872db458	2024-12-23 17:47:22+01
982	2024-12-19 22:24:17+01	2024-12-19 22:24:17+01	19	igormadson7@gmail.com	ya29.a0ARW5m76QJilFpG7Q97nmP9a_YQO9z_CQqA07p5nvb5qSKEkw4S_ZXOE8vervliqYspDig25CjNLvPywfNHlUbR4_aR_CEtG2LP8KcDrTdC9q4eg5ij-rAjPn3hltZGXfCvva9nUxcI7v8Pus5qfK3RaKy775GprbxlNtgIWdmFYaCgYKAfcSARMSFQHGX2Miuy3_6fDb4457zhTv0-Or3w0178	1//091Q6XaYxqkYtCgYIARAAGAkSNwF-L9IrAb9XEzV9smKuX9ulJ3JJw8wBaJpkzrGvT2U6qsWFoAXett472ngEdQFA5zDX-oLBUho	3599	1736893336	\N	\N	0	pico	\N	\N	\N	3af5e5bb0026	a4ed2657	pw-2c01c9e48bd25338239892b5b2dac92773f8c3d8625c3f1be51de0a7f45b46b4	2024-12-23 17:47:32+01
980	2024-12-19 20:56:55+01	2024-12-19 20:56:55+01	22	isacmaina9@gmail.com	ya29.a0ARW5m75NPIpx6AyzRZDI_kEMO09v_YnUge745Kd_KkKnKREaESANjRR2yk-hNdsYDbeg6k8gY92kOwjHw_AvZRoEVbStiAghf_pcBzXDCEDAiqjfOZwzxK7f6AivtYkCy1Gqc4NoueCXkwTXU6qeyoIKCdlYgUeoOnlo1BdLbx4aCgYKARYSARMSFQHGX2MiSKWUF-BkG46so72zoPQ7Cg0178	1//09pht_yyUvax5CgYIARAAGAkSNwF-L9Ir6wiH79KU-WMWtynA4wEF9hdKpuGgQhosXKRQxL2Sr5p4a9gz9SCHToG3bZs3svdwebA	3599	1736893337	\N	\N	0	pico	\N	\N	\N	3af5e5bb0026	2f7f929d	pw-2d01f44dc714c55820accc7174d5d47d401ec2f7fe67bcd08c7df6431a9e8a89	2024-12-23 17:47:50+01
973	2024-12-19 15:40:43+01	2024-12-19 15:40:43+01	28	suemochorwa@gmail.com	ya29.a0ARW5m77soDv-BNzMqs4pH5hBr9FY1-8p4U6nOonnXPX6rzg5pF0phAYifR48Yy_FauD138bkcYRDON5aU2MQUnvgG7gkP5dviTFMudfzU9TJ1iqi4hTrs6QIKT4X1EpMIDa31CpsJsUZvVFmn2kB_w93QHUoA4zrFaYpeZ-RaCgYKAXsSARMSFQHGX2MiHll6L5fF2iFL-icQLhw8WQ0175	1//09WKYvhc9GselCgYIARAAGAkSNwF-L9IrgvTFx0YRs7egEpUBbYsJso-oIyplzwBylDEgq3LmfmUqbMgfNFZah75iCDWCZL1UcLU	3599	1734622842	revoked	2024-12-19 19:16:54+01	0	pico	\N	\N	\N	3af5e5bb0026	8c3640d7	pw-20564aec4e26940581e35d8e24abd9977eeca1f360942a637882bbb879eb03cf	\N
959	2024-12-19 08:54:10+01	2024-12-19 08:54:10+01	26	martineward00@gmail.com	ya29.a0ARW5m74IhJpZNl-9pp1QPf8e_m1nomSnbCq88ddhCpXij8Xzv19BSyVbnm-XrTODFZfUed7o7k-N8tsImFYVuLpjuu1R--7tmpeJYgNwVLGFA5B4QmHWPe4x2l8OBfQ88Qg3FR3Z4NkuBdi5mpemklTUWrxd12g7i3UNhHrDaCgYKAV4SAQ4SFQHGX2Mi1S-SJFUezGtBiBlcYgxqOQ0175	1//09yCJL2BeucoACgYIARAAGAkSNwF-L9IrofkIS7nbYaACjvBbvkiBdWq7Ixbw9yRr7CQwqULwxXqUJvt4AZGPJ0XERPQE7K0nVY0	3599	1734598449	revoked	2024-12-19 19:16:58+01	0	pico	\N	\N	\N	3af5e5bb0026	0d8534f3	pw-797af4037075d67540c28b2de3689f863cc7239653ed4cb168b2e547858e65e6	\N
945	2024-12-19 02:34:11+01	2024-12-19 02:34:11+01	26	brityranking@gmail.com	ya29.a0ARW5m75vWLTzXicNLx7Oc430giEA5nJRt5lXsi0oQW2RQcrYTpo5w7QM7BlhwYII-Kz6hhtQdtJHE_CfcF7iwWK2i4UvUxaFQHm0xaqxiNh4_ItXXlbCnnZEHE568eiCPhwWoOrRVQQiy-WJxEHG0yZ-OrusCjwniUgA_S0IaCgYKAVwSARASFQHGX2MiIYJ86un4u6e3gINL2yPLzw0175	1//09kF5eykUbvmCCgYIARAAGAkSNwF-L9Irc9dtiLlV9qD5_1sJIPagDd5ueMre7--fKDW6ES_PlbPe9OT2XvGqAsuCoq1yek6ALT0	3599	1734575651	revoked	2024-12-19 19:17:02+01	0	pico	\N	\N	\N	3af5e5bb0026	fadec829	pw-78131447ff772b589855bbf1a2e3063b1d30d860a73f68d84ed732b67f1bce3e	\N
979	2024-12-19 18:24:05+01	2024-12-19 18:24:05+01	23	lorenzobayer834@gmail.com	ya29.a0ARW5m740xAT8rtrxtResV5h8PtKF5qFzaOZdEt2Q7-YAEc0Q_9WdQEQPeWJuWP2UyzgfCrF8QbMW2Zm_u27lmVD4fKHrXr6b-0sDvEVudJLT8YfKwvYCPNhbe76Oq3v4V6oYTizRnjifLp2GFn9ckQuPrUM_Qhd0g_1zXMREJjgaCgYKAaASARMSFQHGX2MiSIbg5gXqqdJ-NVTWfyNGXQ0178	1//09xwk2WaUKePPCgYIARAAGAkSNwF-L9Ir_CMpDOpZ-x_GOpfpIrVs4o2OmjKkpY7eOdfU3FYuablUC2QYBgeUS2049JdvKnFOIbQ	3599	1736893337	\N	\N	0	pico	\N	\N	\N	3af5e5bb0026	7bd1e910	pw-8af2c0df1075c441dedea3cb80c52e66f5e82d2e731d304b7eef81b8ecbf6a8c	2024-12-23 17:48:14+01
978	2024-12-19 18:15:13+01	2024-12-19 18:15:13+01	27	jatipriyanka291@gmail.com	ya29.a0ARW5m7764VZANzN3XgKKINIFefW8vjQniVD1cUayTebEj97MNJ8fi009vrdlxe0zuJbTKywRCVHl3NFvlb5-ZvIXNi4kIwBg_A2rAI6o696ewXENjI45w9bRLUUampGVhW1aCc4Llbt1S2P27Dm4BBm-aIvYiXE16HLdoN_CUtcaCgYKAe4SARASFQHGX2MiKi3B6X3ulRmt5d0JCMdHVw0178	1//09xZR9fO08411CgYIARAAGAkSNwF-L9Ir5VveHbC77E1wfuXAvIYRB5jI8PU8jKRCWtMw34D8jGMFLdXW3FaaY0eLSHuPlVCwtxQ	3599	1736893337	\N	\N	0	pico	\N	\N	\N	3af5e5bb0026	a7eee4e1	pw-4baafd2b560b81c7fc439ad691ddde5687ed95d69450f5c49df3ccd75c51933c	2024-12-23 17:35:09+01
977	2024-12-19 17:53:20+01	2024-12-19 17:53:20+01	20	adijoshua20@gmail.com	ya29.a0ARW5m75QAp5oY3iBjxQzD1lB-wcXRkYx9lb34Ol3pkym-QspFPR54YOxtNVdPi-h7vlS5Af6V6LzLNDr_srsDaYKENvfy_PbmxG5G6SX235HyTWwE9McJUP6v5-5onkg0Wu_o5hMGeLqi_wNPe4xgE-4-4fn4KGKUWFCGurmIBAaCgYKAYsSARESFQHGX2MiwYPFI-TdmlcwTvYYPIb0zw0178	1//090ut_QwWavj9CgYIARAAGAkSNwF-L9Iryf8EsXULQf3Tuglb2y3tFDjVjVWNJaRTAff_C6tRI0E8Y6WCyWLHwFoKDxb2rc2oNko	3599	1736893338	\N	\N	0	pico	\N	\N	\N	3af5e5bb0026	5b83e188	pw-18e28e21f6b187555313005fb84d7ba7bb729414b644b6c548191454204bb6e9	2024-12-23 17:35:18+01
976	2024-12-19 17:19:51+01	2024-12-19 17:19:51+01	25	jangirjeetesh@gmail.com	ya29.a0ARW5m77mKvzU9unbervsW8w7UZeVFR_7sYiDFzbtxgv631-EqWTNS2enSifLlR7GrdyTWb4kQC7T1V_BuBdp2-eUskUwltMzQqg5cLjhlNTQO4MgnCYN9JbK46sFcFu636dTNV-_fQ-t4bkPT6qt20NqNvD2mAL64Zp8akv5bY4aCgYKAVgSARASFQHGX2MiR2UrE1mymodI3i28Tyq2Qg0178	1//09rrxWLb7rdoBCgYIARAAGAkSNwF-L9Irbj9EdwmIzcYDt18gHKUg34tddYO5PvpJgf7F4CmEA40sPwAW0werN-4Pzjbs8bqHwNQ	3599	1736893338	\N	\N	0	pico	\N	\N	\N	3af5e5bb0026	08462bf1	pw-21a1ea1257c590377a03b90b2a069b812a1d138491c5ec93ca32c33ed3ac3093	2024-12-23 17:35:28+01
975	2024-12-19 16:29:50+01	2024-12-19 16:29:50+01	24	machariajames294@gmail.com	ya29.a0ARW5m77nVvVIurf-EYK2jjMtf3R7nBiy2aQRVVB3sR6JES7PFnouJXSSfrz-gsOeinQ_xpTsEWjxnPXrVRA4FvnNx84XAZ7r_FxT1pQ5zpqC9iC9oUxY392bEDTIZp7hBmNZ_Q6WJG5D79wuBNQR21iDnqE1jgCNErQFbyubs30aCgYKAfASARASFQHGX2MigRGWPo6YPooh2Ub0zevZmw0178	1//09EFJL9wpzgJsCgYIARAAGAkSNwF-L9IroyZCu3SkChb18EVNtOvrpCwAujYIhF9ylMdbkWD4NIkgc0sBdRiAiJOdChAt740Zf9g	3599	1736893338	\N	\N	0	pico	\N	\N	\N	3af5e5bb0026	252211bf	pw-ae5fed58313769e5cf7f5e57dae78ec62fefaf3659a30e8d36310c4da97f4fc0	2024-12-23 17:35:37+01
981	2024-12-19 21:01:31+01	2024-12-19 21:01:31+01	26	bellorinc95@gmail.com	ya29.a0ARW5m76Ub2qS25d-1Dxcz6PeCqQdZ2JZFDZzlizDzGWMgT3kT4gVtpAuKPOqZJa61X2DY0QEHmj4w4UV5SedQW4bXxWXKm6Kg91PlyqmK_2xuO4JgnOUK4230D1ecEI4EOqYKSMP9zJzO1yBW8lHGAf6ny7wo3o9jOccLT7ZJxMaCgYKAeYSARASFQHGX2MijC8UkxItXlRJ4FR1EdssAA0178	1//09RSaeC1n8kGeCgYIARAAGAkSNwF-L9IrbAGQx-JdyjVMn58Inh2Fj_xY20Qxx7ffNc1iInfxuacqNqb5SXpaV5KZ_iMhbnzONXY	3599	1736893336	\N	\N	0	pico	\N	\N	\N	3af5e5bb0026	a61f015b	pw-19a1e872dd2206a903953f6bc29835f5ba67039a6faff6e71ff01b2634c36c12	2024-12-23 17:47:40+01
986	2024-12-20 03:33:52+01	2024-12-20 03:33:52+01	29	sarahvalencia221@gmail.com	ya29.a0ARW5m76e9wuFaGwzXEDo_bUrpA6vZv2PYa9d7zo1llhhl0g9c0bZYGumYTJZVtESjeG8krhmvhIqveCGMJ40Mfr4uiWhKSPuDgnKFYNMVNvoOzcrEyPWqUlzL_EW8rv4CkFeRJ_3Rqzu9o9QNqQhb_t4XXutrWITbfuOdSbaANkaCgYKAc0SARMSFQHGX2Mi9pc0VqUlrWWvuXzy46RsKA0178	1//09NUh95XaVBRfCgYIARAAGAkSNwF-L9Ir1VihPExx6Jd6JJkCBBwsoExDRoQ3vaqciFVC_QQRPhj9CaBzP2FDfu3LioYYP53NnmY	3599	1736893335	\N	\N	0	pico	\N	\N	\N	3af5e5bb0026	3c891be4	pw-a4db24b9288adb45a983d8d7a7e454397bcfeb42304acc5409ee33f79655c04f	\N
992	2024-12-20 16:54:48+01	2024-12-20 16:54:48+01	22	thiagoalmeidateste1@gmail.com	ya29.a0ARW5m77PA4_TOYhc08NZ5nC65CJdh5Jba5-1d2s90CqGhwXffZ5HtLIE0EMAnPgCUZ91fb76AH7vgXfEYVw48NxFP2d-vsax2j2iszEtXFQ9_Ig20ygqkDyoJTYsjfYHxj101jq7kMC9G5neRGu8aYIJKp_9JMKmOAWGN5bAgRwaCgYKAVESARISFQHGX2MiwzH10TmWhUutxwCPkPJM2A0178	1//09pAFBCMwtTy3CgYIARAAGAkSNwF-L9IrY8ML6wQI--KON_72t3Pq_HQHLTtXNdTHm-SjAPH7WzGFMhj_uAskqhb_Xozlt9Bqmpg	3599	1736893333	\N	\N	0	pico	\N	\N	\N	3af5e5bb0026	7a2d96cb	pw-85700c0c779a66474cbae027b2e83ddb3764575e35cb4c495fb340de6223d28a	2024-12-23 18:00:28+01
994	2024-12-20 18:57:51+01	2024-12-20 18:57:51+01	19	isaiahoburah@gmail.com	ya29.a0ARW5m74anTHAlS5s2LjazkYjZ44lvDUEUdj7J5wWb6_pKz-8XvEzgwuek-4bvljMnDUK6UkdoKpFIi_sqMMyPM75Be_tyuMLgHHMHd-iO0DhiBDHKu1S8A_sLz3kaYQEuwh_VgG7yvMBSe1FEgm178_F3S9v888Nd-dy0mkl1qMaCgYKARESARMSFQHGX2MiMwCfbBnAuP5Arafo-4J3BQ0178	1//09j957nG7MhX3CgYIARAAGAkSNwF-L9Ir4qoLMeXVE2ZKxYTCdk_A95E1UYaELT5PBgHtUxTKnbuUREiWGHmGcDDpmW4JLugD3OA	3599	1736893332	\N	\N	0	pico	\N	\N	\N	3af5e5bb0026	a3cff96b	pw-bceb5eb76873f97cc69d0c19fff1db44d444dea1d90b2a3ffbc9238abb1f6be4	2024-12-23 18:00:18+01
991	2024-12-20 16:12:24+01	2024-12-20 16:12:24+01	23	nuriaaliow62@gmail.com	ya29.a0ARW5m77Tg455XwjOm4pB2tIWqjHzrWDM_ED5cwJUKTpguXdd-lntVyoXC3MvxGaq0nHGIQX9AHlId_XMOermkrZ6Z3mksd60hRXaiBeF7p3xIIAIkfIzcJ06VuJkGuJMcvYrGjxDCLp0DT5WSRWKd4cqou8TuNv1U4x167h0lyAaCgYKASsSARASFQHGX2MioDNBP1DythPbPiGUe2dZ_w0178	1//09nlQhYAW0OswCgYIARAAGAkSNwF-L9IrhRYEk4onJz1n7KUmd03jtjGk5WeKh8sRJvDawDnZ-KjG110Le5rC8VFH8NHbng90YPM	3599	1736893333	\N	\N	0	pico	\N	\N	\N	3af5e5bb0026	27a8c103	pw-984e93955583e5d2b49ec9f8e04a613b181c85a5f4f6c9ee54907015f2393e84	2024-12-23 18:00:37+01
990	2024-12-20 10:15:12+01	2024-12-20 10:15:12+01	27	pauline.mutende01@gmail.com	ya29.a0ARW5m77cleNH84D_jADSd63VE0WU4K2SKQuOvre3TOlO0SGEyAQizpE3_qNr_1yI8Dg9SlONtOFA_v192Ud3ueR2hjs9DXHMya9haEzTEO79RppGYsJxfc3qgjkrLzryWnxZ5Q7_q542r46IO8tCCKE8WwOr3pCiDyT7F9-4qDUaCgYKAeUSARASFQHGX2MinjcBKTqvNRlueHpt4D4QBg0178	1//09FUUooFq8OllCgYIARAAGAkSNwF-L9IrMsa_kKd7UbntSbKLSjzOpS7vltYIw-DzqMrMDnHASZIUUqz6vVRDvDff8EPFFY7dzhs	3599	1736893333	\N	\N	0	pico	\N	\N	\N	3af5e5bb0026	705a1527	pw-c212bd42a84dda39a19c9a2374e625d7ea81788ab39b25fd1ff1b832529002c0	\N
989	2024-12-20 09:40:31+01	2024-12-20 09:40:31+01	20	abcd24jul2007@gmail.com	ya29.a0ARW5m74LCDZGNPjbty4EdYCNFEg7FEM_tIvP1G-QwN9mKj1k-ApPbCfQbXg42WzsU2Dt5cwDHyeBLL1NOKZWaaVYa7hUtDTILFBJaaVwsww4vVdHbUKVoSR2E-SJxJaLZ0IHp5AycxI43_tosj4Yj9FnD7g0-B8LbvjERhqwNR4aCgYKAf4SARMSFQHGX2Mix5OoeM5tH1_ed1xXCO2fMQ0178	1//09TecKNcnb2RgCgYIARAAGAkSNwF-L9IrRh4Za25715HQNx2qY0F7duSXzP98AkrZaynH_qntW2V7PzEGxy6V9oOO3rZq-9WVwDo	3599	1736893334	\N	\N	0	pico	\N	\N	\N	3af5e5bb0026	9d5e2f64	pw-bd7cad10ca8cf0e6ae5967c77c89e2cb06ad4e0c7a445225cfca8f2b5d22306d	2024-12-23 18:16:49+01
988	2024-12-20 08:20:44+01	2024-12-20 08:20:44+01	25	rutherfurdvera@gmail.com	ya29.a0ARW5m74aTEPtg3VE-abxipBYEMuCsgElVMNf7obZ4ehg5BygOu-imp2jdAqn0wCkv7fzp2arme4y7AbWRb4tFSRH3-hQw0NAz2EWNTgzltA6-P3E4C0nD0CAzf-v-rePFRvw6Q5SfxhRKOTC8B9K83FBPzdP_BEOK_17aZ3Nb7AaCgYKASQSARMSFQHGX2Mij5guyYVP5N0z-6qUBPFV1Q0178	1//09QzdTQYidLWDCgYIARAAGAkSNwF-L9IrWb5sqEvAJgwE55Evt0jwM13jSluFW1Dca4fEtiR0W5KQZkfmR1zrT19s31D7ba2tUVg	3599	1736893334	\N	\N	0	pico	\N	\N	\N	3af5e5bb0026	349d2407	pw-d6024c7dbefce6aac75544693efda57916d11b8d71232b72d8fbd0446f9f785f	2024-12-23 18:16:39+01
987	2024-12-20 04:17:01+01	2024-12-20 04:17:01+01	24	piu33125@gmail.com	ya29.a0ARW5m74tHAgw8raLCsuyeOh7NcsJtF8tCNj8fnfY422msUSVsSUdK7V_k-fO1VG8qebzQiCOkvx550kAswO9I5P2gs6lB_JnrCR4w6_I2NhMdXPIW1X5U-ufFHmeKicWzo5TYjYnPpeMg230SL6PHnD0jawZAhW_7ot7Afr8OmkaCgYKAWASARMSFQHGX2Mi5P-Doq6oGwgRZzOPOTm3Yw0178	1//09Jrg_whr3MNUCgYIARAAGAkSNgF-L9Ir1doc4I7NbcH9DaB9_e_3E-18QslK8U5deZLN6cgpZ7Ggwzcwlg8RAhuwBCx2fe3UTQ	3599	1736893334	\N	\N	0	pico	\N	\N	\N	3af5e5bb0026	55b344a4	pw-a2d2bb5bd26c48193584fe9c905a308a01159da44b9a212b6a4b88928d973f21	2024-12-23 18:16:28+01
996	2024-12-21 01:03:40+01	2024-12-21 01:03:40+01	21	thjose84@gmail.com	ya29.a0ARW5m74jCqweV6tiHLSkZEbP7XoPSeA1e0hSzJtlrnltQa9Gw4d-zmgVHmDDeMpzxNuVt3vnaOz_v5yOQvzPpwlY4XznGdAqcRzI88qXustBH4naaCvbKYKO5glV03F4pHwa3YJA5ZLSvbgGwDxCBa9OBGoGBnyJJKktkKsajzkaCgYKAaASARASFQHGX2Mib65g4O0EElMh1wZoWxYtHA0178	1//093Dmkp0cHLyqCgYIARAAGAkSNwF-L9Ir7Y8KCbpkayVEQV-rXhIe_QTHDe1WVqp24VEAQFntvrTUT6n-fwT7DO0bjmfTthTVM7M	3599	1736893331	\N	\N	0	pico	\N	\N	\N	3af5e5bb0026	2bc71468	pw-8eda180d569ee6f0a4f63c2b4477fad2ae7654e454fc3c0eb109643337a5b3f9	2024-12-23 17:31:10+01
998	2024-12-21 05:02:45+01	2024-12-21 05:02:45+01	29	rnr9770@gmail.com	ya29.a0ARW5m762vQp7yXE6GVrOIhNE7K0mzpMXM_ISf2963-knUWH7wbUtnhejdppLcCk2z5YqVykOID8RfK2L5edCbuFg3F-QOBdLkllpLwKywsLQ6gMSB-vP-uIK6KCGYMuo0e5GqEg6F08nL9lDGkQQUD7sH6ZkHwtctbRuLMukA_oaCgYKAcoSARASFQHGX2MiKXmmF42h6I3ewFchd0OCEA0178	1//09wAzMWLccxPyCgYIARAAGAkSNwF-L9IrJmCyuGhwf88nPbtt2WXaGPDIJkF22HP7fWqQMcDXjoA-LD7LP5vi1URCAPhW9-Wr9HQ	3599	1736893331	\N	\N	0	pico	\N	\N	\N	3af5e5bb0026	e808779a	pw-78648eb4aedf47ac3f24cd65aa5f6056175c4e8aec84b687c4000e17e504d3e8	2024-12-23 17:30:54+01
985	2024-12-20 01:45:27+01	2024-12-20 01:45:27+01	28	benardosiako2017@gmail.com	ya29.a0ARW5m77P2-i7CbI-lljzRXaBx1vv1en5b2dFIISGb8VeVGclfqN2aMKxODDdhTRM7zphpoR3hRGyhflxkrqnelKBpVFUCB6PDU4xg7qjt47QnVcArD39tYpO77RYmgjNXLd7jxdjoWwQ8lJ2ngVZ8UPBp_1PLWG6iVM9tpAL7roaCgYKAQQSARMSFQHGX2MifZhdTcQskADmR_Gn0Jf1-g0178	1//090iadDJTEn2SCgYIARAAGAkSNwF-L9Irc1otgdZfwEfO49x2AHcL0BuIcK4AA2AxthEoTSKmfaTMKZ_sr0xaYFKUruxk4Dsm5SU	3599	1736893335	\N	\N	0	pico	\N	\N	\N	3af5e5bb0026	1dc048a8	pw-99ee883bf6424e0b7fc2cc949e40fa1afe8ac27f22e989f009c91c96802ce4b3	2024-12-23 18:04:31+01
997	2024-12-21 03:54:43+01	2024-12-21 03:54:43+01	28	ahmeded2ed1@gmail.com	ya29.a0ARW5m740xlj0d5Tn-OVQjoNBaVvLj8uqfUCQaiRVcsKq_JFHIwAllUnqH64CACwtF7IbpsAAxfkqNRlg8d2tpn5VXRVzVMFXeSDGZCBTYpntNLxmjPk0kyLJ5fg1uft7oFj62E2m7FLzj1zxpie2j4IpvhHc70ixvKNmFy98Iy4aCgYKAXsSARASFQHGX2MiScG6dr6Qkxbx2o6ktmHlbw0178	1//09OhcssxOGgX7CgYIARAAGAkSNwF-L9IrLL4KO26d2SVrDC92OiO8vJvjsJtQx_V1l0KwGXxivgYYsOJlb0mV9uQJ_D7V-vUVzQE	3599	1736893331	\N	\N	0	pico	\N	\N	\N	\N	\N	pw-bde05bade45a90d4e43a7a72e5bd0f4d3b95d425f18ca7344fb0a0bf3308e47a	2024-12-23 17:28:17+01
995	2024-12-20 19:29:45+01	2024-12-20 19:29:45+01	30	web.ansari@gmail.com	ya29.a0ARW5m74Qg037ZU2BRnNgzTZzcdli3c0BzNo1iALIP8p8MKrbQKuaLOCbvFTWypAj8RFz7i4fF8OPNyxCqtugaYjBWochnlXU5xUXt_dSExyFIGNnohecRwnB_SB8mxfGnj8JCSchfHgcI9f0DU435XqrkuG9tEZC-l4ab724psUaCgYKARkSARISFQHGX2MiqWGaIrGZLcILBLqpMASEhg0178	1//096qGNJCxGHObCgYIARAAGAkSNwF-L9IrTbGL4t9TpWGnOnrf50V7tYwCIvyq83rqH5L-I_Rp7qaZT98qc8LIIusXXm-nRu2F1tc	3599	1736893332	\N	\N	0	pico	\N	\N	\N	3af5e5bb0026	b961cba5	pw-af4e730b37b192ef43b61dfeaaeecaa32e570feba0cbde9dfe09a1c8cf6aff89	2024-12-23 18:00:09+01
1002	2024-12-21 07:41:02+01	2024-12-21 07:41:02+01	27	mansigupta28dec@gmail.com	ya29.a0ARW5m740p1DSoesot1oB6CezhpcfU82iHjPc_n9JCchPxqewU5T8TRlXN27i35lbg-I0xF8jr-ZJGa7mm8lDBWXOEzSLNi04y2o_CS61KCFfH_swhbch82NWOLBNlfe5AxtSJTMQJPJYop_8trWtjCt-IdX5tiQbQfBwDyRVaCgYKAQESARESFQHGX2MihZAI1p4Aa5LSZeGgJpdKLw0175	1//09-ILcEWqA-rXCgYIARAAGAkSNwF-L9Ir-CZCAby3WudMlV1qAl7k2h08pInEDSjhjF0sdPyEFvsK7cZBrKBCew4GA1Atzp9nqhc	3599	1734766862	revoked	2024-12-23 17:55:11+01	0	pico	\N	\N	\N	3af5e5bb0026	9d8d0aa9	pw-da21a1dde2804280e056bfc2d360b93829dfcbc2b1991da7e9a3846fbf31dc2d	\N
1008	2024-12-21 21:23:33+01	2024-12-21 21:23:33+01	21	larrymichy19@gmail.com	ya29.a0ARW5m75sESo1GJly0u7n1bolErGYx6uVhRoxoKZxao4WymY-0RbjGX4QRCkoq3_Rs0qiV6hK0uOs0KodRy2sdMWAQZKEvTKj-8GrW0ulcfFo-Q1g0Edi0EPYS4WP4Dz2CmRMI8R6wbqOArFiJylFYHY3PeGGVtL80j9oT6rp-waCgYKAX8SARMSFQHGX2Mib-BD9BwZuNE-od5UlW5zyA0177	1//09tAnyXqpfb_MCgYIARAAGAkSNwF-L9Ir9nbRJRsbFwxVGYF2tKYyCxZ2daAzoHQnOIL82f1YmWA11DtGHVpOubA6F1Tyeu9kefA	3599	1736893326	\N	\N	0	pico	\N	\N	\N	3af5e5bb0026	a40af40e	pw-80eb775043b5f13ef72c72b0c0ab5f3939935a4bd46f46c2021405cafef324de	2024-12-23 17:56:19+01
1004	2024-12-21 16:50:57+01	2024-12-21 16:50:57+01	22	davidefabhy@gmail.com	ya29.a0ARW5m76hX0tNw-cAJiMSB3XVToL_DcuutVYKAODYXLURzEvbWufGwPEswPAsp29SMVEq8jGpyItuhJUeTC1pMQCGqmOnmNbjcvN2NzFDTfthaipGkFW4u4Kcr3RAcjVUCgjyUQ8ybjrX6i4FF9cjo0JZ7xH4M9Z71OVkycfTKwaCgYKAZwSARMSFQHGX2MiORLoKoYvyhzlbkljHs2v6w0177	1//090MonWFSANZgCgYIARAAGAkSNwF-L9IrgwLCFobkxT4-4p_Cihe1fl7TIQB1wOmClsAJc6h72jbSVzx3PmSWoaifzUALH8vwUk8	3599	1736893328	\N	\N	0	pico	\N	\N	\N	3af5e5bb0026	b745fb1d	pw-7b744a1a03f0c8538fb86f7e14b6f413f5e1ef3047b95e6560173195d290b519	2024-12-23 17:57:07+01
1001	2024-12-21 07:23:17+01	2024-12-21 07:23:17+01	20	preetycutesingh777@gmail.com	ya29.a0ARW5m74xVq9vg-19wN-g2JDUFYxAcLIcyjFgWpnMidYVKw0d2G3foOyKgG14NFG8LaPaQ8_RYxBKPcvXO3HctTtOtyIL69dwXMeMhr6RT01jsLDZnwwE7FRihj1V4uOCUpMDzI8V3ZrNP5yMg-0s3D0qk4soq7FITXelKb7vYZcaCgYKAaISAQ4SFQHGX2MiYT3AmQtmaLHnoOrMjqZfBQ0178	1//097zR4uQoT2AnCgYIARAAGAkSNwF-L9IrcWj4HVjAThVrCInoRJm_iy-sRTnKbkdW4ouEpxJn0fXZm_dddGxJVLFZ6a00lrqGCwU	3599	1736893329	\N	\N	0	pico	\N	\N	\N	3af5e5bb0026	4f8969f7	pw-68afbb4b820a17614601b1ca734f3884881fcef9e7c201ee8ea545bba289be6e	2024-12-23 17:59:47+01
1011	2024-12-22 15:35:29+01	2024-12-22 15:35:29+01	24	infoshahid.ahmed@gmail.com	ya29.a0ARW5m75ZbsuSPIlUCqgTwkwVXYhfedNN3sdJ9n-Ir3Fp-u3wMyITJJBVCcRSMFIa_8A5ezN362yW3EKFghXa0bZ3GsvLgpdxWlI1UMZk6W0NVYmy52Rl6Zf51JBJSgPvhyRcHLD4VdHmu68vQzP4_k7t0KSevvcqGJ5RW_G9QgaCgYKAVcSARASFQHGX2MiwoZIb6apDdON6mnG1gjp7A0177	1//09PUqRK2XYABICgYIARAAGAkSNwF-L9Ir9INhN3P-Ht7j7S-_dtypAYKSosIzM9851Ey9wj9S1284T1lzOGzJQ1YtD0t4-qMHAU4	3599	1736893325	\N	\N	0	pico	\N	\N	\N	3af5e5bb0026	56e2e847	pw-8721b7c7017f69e8c3bf48ddcdbdaeba0ced30eede022537e6ed926642298cc7	2024-12-23 18:06:46+01
1009	2024-12-22 13:20:10+01	2024-12-22 13:20:10+01	28	anujpandey01982@gmail.com	ya29.a0ARW5m75Q5JKPYmqzfmtOxkRdHEPZdtSxfDkqwQzVaDEeHxWhrhnn-jBF5RlMmjOKBnINm9eebE_fD3hO5Ji0GGsVOVdDkDuK13RREwaV_jiPGOhEhqCAIt58u5NIB5Wy3I38fyFQGiGsFiofgDGlNuz8g09scLJPc9oi8NYWSAaCgYKAVESARMSFQHGX2MigfKI9u0GP_5Ec9djI0nOww0177	1//097MXgoTuyeo8CgYIARAAGAkSNwF-L9IrRg8tugTZUTVwbhgAlZtTvCqkAF35qfSxm1vdjnDvZWL3IUAs7IMGGSD5PG69a4ADGrw	3599	1736893326	\N	\N	0	pico	\N	\N	\N	3af5e5bb0026	32554cdc	pw-eb0af2c12e73fefb21000f76f64479b6e53f047f22a2e3db60ef0a38a75a5584	2024-12-23 18:07:14+01
1007	2024-12-21 21:15:31+01	2024-12-21 21:15:31+01	30	tapanganguly963@gmail.com	ya29.a0ARW5m77DstnXN-eQn5tDKMJGMDseUFuGM777VoEaYaCry0577XLv3k4Gq7rzJn4klRDLnL5VR69_niZtUi_E9f3lGqJr0Yd8omIKcArTqYbnPpJZj6k-m7NuVTx1pCIuXQ3-q6vuf7qmCWrlgEAMSYm52Rv_VSgHncc5xGtjdgaCgYKAcYSARESFQHGX2MizYRrcLiAba2xpu1aIfF15w0177	1//09DjIV8gFVv8nCgYIARAAGAkSNwF-L9Irz-t7WHrnmbw15F946lLwkWBfpQa61ifp86rP0j4XbzBPwnZnA7QTL8DwH3wGPUIbExw	3599	1736893327	\N	\N	0	pico	\N	\N	\N	3af5e5bb0026	085e3fed	pw-f96cb0e6daaef3f23838421cadd744aa3e2ca3bb8165d9578a8b68c8d642f540	2024-12-23 17:56:32+01
1006	2024-12-21 18:46:29+01	2024-12-21 18:46:29+01	19	roy.sudeepa90@gmail.com	ya29.a0ARW5m77g5SWRksEl1QjYCLEqLUIe7f8ee0JawbC7dQ08w6_qsBvSaBSNXfwIjjZjdh_GosGR5wZIm_CzbDroeEUrO9rQgAkYSA8VDPU2GDAYHvDGk_ldE8uxgCwOrNa4-r75HlaWaSjmBD5H1FLQSvw23XRx8KT6y0AE9WAL7QaCgYKAdcSARESFQHGX2MiH63EwrvwObEnWmTmLcQU0A0177	1//0989ssQgs0EyqCgYIARAAGAkSNwF-L9Irek_TtmwVStYCYq_b-o6-Ai_WLyY_kTO2_uLA1prnsRN7xLmKz7xczYU7zQZtm1tLYeQ	3599	1736893327	\N	\N	0	pico	\N	\N	\N	3af5e5bb0026	155382eb	pw-c13d0ca1d013d51e5f9deb25c39ce810443847eba422d90cbedcf96495403af9	2024-12-23 17:56:44+01
1003	2024-12-21 14:44:09+01	2024-12-21 14:44:09+01	23	janakithammu@gmail.com	ya29.a0ARW5m77lEP42OCB7zT4_V-fgecWBCcAUGts79oDDUNTK7iTnK2sjj6FxY7lxP4Qi4t_VrNohN5Rns__l1MLu8E2Bsk_8oQE_FGvRnJQzmARvJVDhWuSKDHmxplnf1ZPIYekBMX1s41b8r9xbr18WL1fDwDb_hlN8tEGOOJNCkHgaCgYKAV8SARISFQHGX2MieTmYO7B4efpRGGyJhX6UNg0178	1//09SRDYi2wRz7SCgYIARAAGAkSNwF-L9IrItdKgmEgIREmLcyUkY6m41pe58mTHmrClSHDep27AROSsFu5YzO59Pv4v28fYo8Aq-k	3599	1736893328	\N	\N	0	pico	\N	\N	\N	3af5e5bb0026	af55196c	pw-d0b0994def78fc3fc1f8156d6df00140d1bb44db4f429368cd5e8c2e41fa7c31	2024-12-23 18:06:54+01
1005	2024-12-21 18:27:18+01	2024-12-21 18:27:18+01	26	johnwalicha@gmail.com	ya29.a0ARW5m77KhbiLOURJhfXFv8RPomTO9rpMT0WH3eHhIGd6z7QRs_r8flKwhz-bqAQKXYhsU6qkx4ic0rs3IzXX9qyDLTpqxs3CFiIaDumYc-b8k8gqWq_f6qFB6sCq1MrHJw3iWanTYpnwmh7l3rBsT1uc1yPiJbeMtx_jegTmvwaCgYKAZMSARMSFQHGX2Mi1l0VqKCHUG1xj_nAeV6nsA0177	1//09eImdRCfgKALCgYIARAAGAkSNwF-L9IrNyg209eMUV_FsVR__utdmXYK_f4ZtRvtzOTVL0GFKkrxK9iUCmxkg0gZrD6QCRxDMkU	3599	1736893327	\N	\N	0	pico	\N	\N	\N	3af5e5bb0026	a0a307c0	pw-b0415019a8d27d3ec2463b12739b0441e58f4bae2a3bf93d2a2263c699337f71	2024-12-23 17:56:53+01
1012	2024-12-22 17:52:30+01	2024-12-22 17:52:30+01	25	jbanerjee27022003@gmail.com	ya29.a0ARW5m77nh51XKxhjnCb3sUeIk2UnzA6nwrA3rNsnErbgf9Nv5nMKNWX_ON3lIsZqDY0NYaClY7dQAm1_0s8Y5ap-SMQn6TvsMG5bNDp6lqcAOe1270T8gWiFzG6leIc0drjgNH9ZnKooB3I3vdupzJ3sndwzqZFgM1GWRUyXjwaCgYKAa4SARESFQHGX2MiXg_R5N2bwvrXBqQmhyA0wg0177	1//090o1P3nhPaM5CgYIARAAGAkSNwF-L9Iri7JhBdut71NxBaVqi3h0HKGrAjufhpFZP7oIETYdstStBJ3zTfajkdg-olvYAeOMwao	3599	1736893325	\N	\N	0	pico	\N	\N	\N	3af5e5bb0026	cc242295	pw-3492f8a7d78ecbad135794732153ed1b21c5b346132615890d19ccccfe6b5529	2024-12-23 18:06:32+01
999	2024-12-21 06:10:47+01	2024-12-21 06:10:47+01	24	sumitguptabsp2012@gmail.com	ya29.a0ARW5m77m9K8o3eXJ6-Svf7fxh9ioBDJcVy9F7JFq3MK5yGqLo2MLBVQ_jStrhhMrSdPEZaj7klUTuegBryhVhTAj5TnSWIuqWDDDVx-oul__x5T60w5RqchvDQhYLjmyDWWdvljzI2isdP1nJa76HGP2-nZ0xYmppa4M4zLKDB0aCgYKAZYSARASFQHGX2Miniq-JX-FvENjnn1a0-H9CA0178	1//09cixsQsrFscVCgYIARAAGAkSNwF-L9IrRtgurbxMn9idW98rvQv0dcScRjld991NjYtjESoVM_dZpAuVZp_jdMs8Xg62Q52gG9Q	3599	1736893330	\N	\N	0	pico	\N	\N	\N	3af5e5bb0026	ddbf1581	pw-ea38075327e3b8a50d74235c8a5b5b5e9c873dc6d144555989ff8e71bedc4691	2024-12-23 17:59:58+01
1019	2024-12-23 18:48:06+01	2024-12-23 18:48:06+01	30	liwotsholoba@gmail.com	ya29.a0ARW5m75xLc5ezsz2myqmPlxO8ixgWNlhfhY4ZrKlQVLQb4Flz9DOjMxEcjuqZddVsGxptaf6o0y9inNMzbwDvMMEUkb2QWx1UU1z3kepMdlPGmdi0mokjS7oY34kgxv0WAUzBhlvZ1G8JCeewPrTYwz0AzQPaeGRwgdda7qy-QaCgYKAQMSARESFQHGX2MizAZMVkuzPaqx1LCOepJedQ0177	1//09BnpN7EYASK7CgYIARAAGAkSNwF-L9IrRXDjk9oGwUnhmCOCuMC_dwrnKSzRLJKhnf5OJrjimSHkx0DDb6yxwFHMqT3AdCcXDZs	3599	1736893323	\N	\N	0	pico	\N	\N	\N	3af5e5bb0026	f2f468f0	pw-2f42b27025e7569b8d3375a234abf26af017c2b55f216096411e5e06858bf671	\N
1000	2024-12-21 07:18:45+01	2024-12-21 07:18:45+01	25	manusudha2255@gmail.com	ya29.a0ARW5m74QpkFAfM0jmmWf2AlJkx8ILTyCkfXD0bFsd7afiSJAn65J91LUiBbA6NMIxboc-Q5XkjeBBZtbwvgdYrj-PdiUjPbVy3YBl-cm_QYd_KjdC6zsZ2re0GSkjy6PSYdxnpeRnVtFDte17YP_TjfAxP98ef8KrPsbU2m8aKsaCgYKAdoSARISFQHGX2Mi0huKPwD7QJtKSoo2mPRqMQ0178	1//09sl7cdEgfZUUCgYIARAAGAkSNwF-L9IrRHuoBToPCc3HbixhYUPGoWo0NYB2-7iSYZiYww9OPK6xjQBJm_zx2V0oLccX9TwQGnI	3599	1736893330	\N	\N	0	pico	\N	\N	\N	3af5e5bb0026	a5d4ebfd	pw-ecfbb6c29ac7f2be875e9539d7d9cb4e483f17206c571ce4924c6e978b133380	2024-12-23 17:55:04+01
993	2024-12-20 17:22:58+01	2024-12-20 17:22:58+01	26	johnyjuniorr5@gmail.com	ya29.a0ARW5m74zc_SBm-iTzROjq3qvVDyi6ZYDAZLWoyGGNtjx-ovwvZwJp8pFKC0_QWJoDCJRb52mhRC7J7AhoE2rhv7E83QdSFHiLxmIMgbs3MRm3B0M3JoWnm399ICeOyRZ2cdZecEo99qRbDVKRH5WQugzpldVxbs9cagTvhpOoGcaCgYKAYMSARESFQHGX2MiZxHtqm-3NFyuRniVNhAiWg0178	1//094rqizJzNX_uCgYIARAAGAkSNwF-L9IrAGgLawcM9LwUxD7If5IEayewCd7INYRuxuHDemRTiiF3qA6gyResS87FV7JpCUvdTUE	3599	1736893332	\N	\N	0	pico	\N	\N	\N	3af5e5bb0026	ab78ba7a	pw-9fe32b686295fcde9a931e9d755bc14890e1259790144de70c4d3a2b0d32c77d	2024-12-23 17:27:20+01
1013	2024-12-22 18:25:45+01	2024-12-22 18:25:45+01	20	dniharika624@gmail.com	ya29.a0ARW5m74pCnUIvOKrmNeUBKfLSq9SmaNleuT5_UX8xZBQvKER1cl1XxSQU0FOl794FrOfiDZiF7qcCQRJnTxgT2XnkXKw5EpvJQ4J2C-GszEo1a_Lx5SjE6rlayUaInIJxMdemINKtIJhpe0O1XUzEbutDUdxz2W76hJHSWtZVwaCgYKAeMSARESFQHGX2MiyMBW4iAfNbyAGtwGBZspow0177	1//09dq4HxNt7Y2eCgYIARAAGAkSNwF-L9IrYwhQMrxuQhLFX7GVdlcEuesJtYH6cM_Q6UIZILoIvJfe7MgmMgSXO6TQ2qg_uN85O0I	3599	1736893324	\N	\N	0	pico	\N	\N	\N	3af5e5bb0026	9987c0ab	pw-c527a84604edf9ec5fe3f7abf462799e7ff771769ca0ddaa64581bbd6039139d	2024-12-23 18:18:07+01
1010	2024-12-22 13:36:16+01	2024-12-22 13:36:16+01	29	pashakaragyaur2010@gmail.com	ya29.a0ARW5m76f64NvcRA_HJyHQ4rDS4W5S1ihF4pl4B8tHjJo7Cc5wryZi16bIUMm_P9R4s_cgzue6n-tsHjCK1fpoZBcxz2suudi3XPoUYvvREIdKspE4b0oZNX7nTM9kuVsrVgcv9SpQiPyU_j1oiF21_Teg9CR_QXYtqr8aEBYvwaCgYKAcQSARISFQHGX2Mii82weN5ZjlZoKDoXAUw49Q0177	1//09llxDlwPmr3uCgYIARAAGAkSNgF-L9IrgU2oHEKFzfB5zAKRXKZwdT5ml6ZsWLDq3HsAVVJI5bPdIshPjvLITZwIT7zg1wNYDQ	3599	1736893326	\N	\N	0	pico	\N	\N	\N	3af5e5bb0026	2c191a7a	pw-4caa70b264c6c5cb29a15c6c515702b376bfd65be3aa112d77b754a176aecb38	2024-12-23 18:07:02+01
1017	2024-12-23 03:25:11+01	2024-12-23 03:25:11+01	26	itzgourabofficial@gmail.com	ya29.a0ARW5m76sWzKn6WpDK7mA9iqGLb9iXsn1IeQmPBTGuZrzNuH-7eFh-FpDIA2d98Se5mto7R85p3dWx3zOARw-cF8NCop-10T23O11-oUNqghdgZFjk_KRZbnSJDO55cEWE_xgqeUKl_4k6dR7LcK27qlLuMSzwibwYoRbpVQnaCgYKAY0SARASFQHGX2Miv7dFkN6TaTFQS4NPf2msvA0175	1//09Q1N2rbKz5SlCgYIARAAGAkSNwF-L9Irgvf_Mq20VObEsIkA2JaMDvaesDC5OKYTZkYUJFV-K9rVi8Pdhq9ql2sNTgHZG_Jqk9I	3599	1734924311	revoked	2024-12-23 18:18:46+01	0	pico	\N	\N	\N	3af5e5bb0026	f0f66830	pw-510f3660f7a373a85211a06a47f4136aa4fa8b38faceaf911b0061e6ea1edb20	\N
974	2024-12-19 15:50:42+01	2024-12-19 15:50:42+01	29	h4348736@gmail.com	ya29.a0ARW5m74b35GDzH7-9OsUWHuEJyx-ICmHNPOgagACQZ4m_9riytZttDPiPvQHKC9VOMX6tIOjKUq-qZ8XrcmOPRMJR6SC0IR54t9qVPEpnQdDWsqPLt7T3zkfzQtdc77T3ogXcUcaGaQXbc_pNv2Sc-hTgcToZPrZ5iPyxVs5xQaCgYKAUwSARISFQHGX2MiYHTPNqbTMjs65bHxFeD-JQ0177	1//09mxXqJoKytDVCgYIARAAGAkSNwF-L9IrHKzBDTfQmE8lX-Op4cRnBvGsCI_5tZfFCsyeGZeRwKznk2mMvzhvc82NrNlDjGIcc3o	3599	1734974875	revoked	2024-12-23 18:20:06+01	0	pico	\N	\N	\N	3af5e5bb0026	94582b7f	pw-cde5882ca31d97eb3dc8a7556601afe7ab89e53c29e15ef47c123de3e48f67d8	2024-12-23 17:27:56+01
1018	2024-12-23 05:34:55+01	2024-12-23 05:34:55+01	19	sharmisthamithu73@gmail.com	ya29.a0ARW5m746K6r5YGm6CVlhVuX2S2ePH0F57XZUdsZZptSL9gYx3pB5dD6pARmsl7jn2IhwcEgyIhJOqwmysw5_Dg6WcN4zw4NWBQ5alNTSzBouPRzVahlBtj6fzQvtPWLKS6O2IZM8oBJbmy802DW02wbrudb_2EjOcKbe7mCEKAaCgYKARoSARASFQHGX2MiT6XvaIe_AwZOulhpGWqpsQ0177	1//099T8KgQNX9MUCgYIARAAGAkSNwF-L9IrXr4iYdklqZTWsSQNOW9k7shjtuCxG7FHNqfpMEvw9qvIRC3Flli1EGvVfxaRwGKKb4I	3599	1736893323	\N	\N	0	pico	\N	\N	\N	3af5e5bb0026	a35ba59f	pw-682be81f24762840d32ee01c1de5ae64efd87c7a367394a4e737f39c65e27639	2024-12-23 18:19:26+01
1016	2024-12-22 23:35:58+01	2024-12-22 23:35:58+01	22	adamamamadou1412@gmail.com	ya29.a0ARW5m772CuzUyCM5-7UuOD9XkgUOffDx74kQhRGugZvH-AgpRd6oDsbG-6qCeoTx3EkWj6w84qgqi07O0-1qO-m6qvUVpWI63gyB_lFvjObQHdyegwZCcA9fFHkeOtwb-dfBEQtb6PY3GiKuDf64keibFOy-VOath84QTCT3QwaCgYKAdQSARISFQHGX2MiSB_iPZTyqMpF1EzBDzjirA0177	1//09fZk0dNBAQ5UCgYIARAAGAkSNwF-L9Ir69_AtOecr8Gu2tJa825nQzhonqcrNqmEXeWDlBrHlpHWhbz6KMz8JygIvqh8VAf0q3c	3599	1736893324	\N	\N	0	pico	\N	\N	\N	3af5e5bb0026	4fce9428	pw-bd711ab769ca44529dc97e4abd95de468714d469b96ee85dbc2280349d185e6b	2024-12-23 18:18:34+01
1014	2024-12-22 18:57:02+01	2024-12-22 18:57:02+01	27	iamsamratdas171@gmail.com	ya29.a0ARW5m76-gpiqSn2Lltt2PxYEaWDd1gb80lUIZSRoXW9dzbPUoy90WhbwN5n6a54fT7k7rG_568EBQ81_KQyHCyNuJSrIUxZcYKq0Ad30o3AhuDg_SaqH_7-_tvNZ98_2ohi7hfFZ_-q0M8Mmpfvib4C7lTpQ39j-tZmDnaXlRQaCgYKASYSARASFQHGX2Mi6nwmVWW9WeUIsNbCKvrUzA0177	1//09LJIbAJ0vCl7CgYIARAAGAkSNwF-L9Ir3UKnPjxa-KTUuvmxkZObptol-vq4Ra-PFbtCL6Z8sqh6sJ_vV99_GcMVvgov2hYaKqQ	3599	1736893324	\N	\N	0	pico	\N	\N	\N	3af5e5bb0026	d80a1adf	pw-7d331d804b23058cdf3cbf63f200e47c00a3a6a7036c24b6c8b7897ce4cec084	2024-12-23 18:18:16+01
1015	2024-12-22 22:10:03+01	2024-12-22 22:10:03+01	23	isaacmmust@gmail.com	ya29.a0ARW5m75Ujy5yX12bRGstf2adxgL3eXypBnuWikqw52NJmfUtHOEAnTsoaWNtZsy9RmQXKuFjZlwj4DHKOp0LWMuykpDAgWxnnGwkpM9cno-i9YdAAGP9tWMgaRW5PtluTCActUYV7M-mISJu31KCsFOgzVySo-1AmZwnixTLkwaCgYKATESARMSFQHGX2Mitacpbgez-SimTKPJzfU6ag0177	1//092eYUVy3L8qZCgYIARAAGAkSNwF-L9IrRVMR4jFxHW8-UMmUTQ8J-Hzl5JteWnNFe-uQCBREHRip1yLS3pLaFuKMuPBl7kiEFss	3599	1735001995	revoked	2025-01-09 14:14:29+01	0	pico	\N	\N	\N	3af5e5bb0026	700966d6	pw-750d7d358749b7f88d1f5ca95b3ce526bdddd5fb5029dc84b7355ed2683f30b4	2024-12-23 18:18:26+01
1021	2024-12-23 20:03:18+01	2024-12-23 20:03:18+01	28	leviindeche67@gmail.com	ya29.a0ARW5m77zZDUYw8btj4BgDnjo5e2vCBAnlXb1q6TrN3cLgAXneKxIWIw1A-k68E0d3e0-zbuenO7zG6mRM3iyEcK-bnTeXs4wskdQYgqJTJ_dqkNPpd7BPfhHpsILMtv2Tk2zFb9q_hVrJK4nGIYuyUb2BndGDyRDNSHJjB5PMwaCgYKAXwSARESFQHGX2MiYVKIHl7o1G3Lfj71HG1YkA0177	1//093BUNWN_SU9cCgYIARAAGAkSNwF-L9IrFJ52hFzCN8A6SRy4VkNjmx1cWM6Ow2C1HQknoJFaeT7KMvXVHPxKXhHwQj0xNQo_-dA	3599	1736893322	\N	\N	0	pico	\N	\N	\N	3af5e5bb0026	5f75bd6a	pw-3b9e2623e205c55af596c947d9bf3a35d1e302b3f4389750266674a2cdeac881	\N
1020	2024-12-23 19:05:05+01	2024-12-23 19:05:05+01	21	faiazanam@gmail.com	ya29.a0ARW5m759wPd2xbzOa3Q9FPBL-r9S-Ajwa2IWDF-bO9ZJ-7r-YgIsOLAkp7gZ7Cd_rXg17UvUwlT2_7_EI_q-W2nJbszauaj6Watl5421h9a1sTQeyhxEIGgsY1JdovTF3QayRC3zllgjsaKgJRUX5WwTacRQSJwJvGC0byOJ3QaCgYKAcwSARESFQHGX2Mi7zTc8fFSoTjjs6AU4KdO3g0177	1//09KPgTNDsEYoWCgYIARAAGAkSNwF-L9IrkQlpFoOjnjr4p6QBkXtsOpHysCz1bCrWK9nOyPtzyEajo6BSuM0rAAHqyAKgb8oy_Nk	3598	1736893323	\N	\N	0	pico	\N	\N	\N	3af5e5bb0026	128d1320	pw-36f0a6f406988b7aed1595508a9985f6dd61c0cf0f1fb4eba1484597aeeb8389	\N
1034	2024-12-25 13:57:26+01	2024-12-25 13:57:26+01	29	bollfire183@gmail.com	ya29.a0ARW5m74RTW19135f_6yBWjtcAjzs0FQhZf-O42D3lrHzW8x3Dt3q1POoyob5Io11AIO7LhoJeBmAufE4P5AyZz3skgKLIKJ5xfrZnCymep7f0QF4ZsizVSxCOnVSgbSABBewTyXsHesU1lY0TGNxw8FrY5zSzxfA8jDEZhGv0QaCgYKAbcSARASFQHGX2Mimqtn7cFYbPrdxuZD5mS7mA0177	1//091PxNvxFmBeBCgYIARAAGAkSNwF-L9IrrvYIX4DZhyejotj0tWKS9hsDgzf78E5fcSmAwpH6V4s09mM_E2mJWNM_LE9dx8qrdWM	3599	1736893318	\N	\N	0	pico	\N	\N	\N	3af5e5bb0026	fe36f042	pw-327ea725207a38a97234fa6d3a9dbc4da92b9a297d92b6486cdf15c96f5d9387	\N
1033	2024-12-25 12:01:15+01	2024-12-25 12:01:15+01	28	superkhoka1234@gmail.com	ya29.a0ARW5m77Fgiizs5-m8rUb2P3n0DrzqumJTZmDMl7FxID8NUYEcZPqWrkyb4MvTjESQUciwQ4veoM0c5SySfZV5eKOIjruCReje0Gv8lZGYc_a-zwYlUZ0gSCsiBuYKCD-RmXprlIovo2wtuSFj5ikGz54F-NsBVpgcB-iYXfOuQaCgYKASASARMSFQHGX2Mi1f4YwXC0CthJrUE3Ydeacw0177	1//09g2ovHDQ3vIoCgYIARAAGAkSNwF-L9IrP09qOIoxiTeCXqVfhL3FU6j_1KCx8Qs56MDy90y6pGfVhoFzCmpdmB5ipDWZm4hFX50	3599	1736893319	\N	\N	0	pico	\N	\N	\N	3af5e5bb0026	87530dca	pw-b0a3cd17a290be67367a46a696919048c4838a0546ca4ba4353eb69dda107d77	\N
1031	2024-12-25 09:35:52+01	2024-12-25 09:35:52+01	30	dianandi227@gmail.com	ya29.a0ARW5m77nUzONnEOWDnjeWIN2F9oXXsSsYulaCd4CIH833QAIpL0DswM-hno4LW-byztoJb49aOy-laMVEHuygUUuvT9GXpMBAHHh0lL-HAUfGNFfjizjFgWkL-jD60aW5YHnQMwNFLmZcK_etKOBe1BI-bgny_JKc1BKZIFpuQaCgYKASISARASFQHGX2MioI7QVb_CarFR0pDWI4iuMA0177	1//09rJYf1d8KFNDCgYIARAAGAkSNwF-L9IrQ_l9jiyzzxRvXfEp3xmVn1x-bfJZ-NgUr711SQzx_kPQDUS8AEpDv6PgnuY1moGhI1U	3599	1736893319	\N	\N	0	pico	\N	\N	\N	3af5e5bb0026	abb4def4	pw-6f585b2fdf502693d518fbfdf003882747645c7f85c4b3a1853c38ddf4c8f371	\N
1032	2024-12-25 11:44:43+01	2024-12-25 11:44:43+01	21	mandijbowen@gmail.com	ya29.a0ARW5m766jE-TuQJ3rhvCnjAMkAWDv3Y4sDpfgMZdUjYqGx0yhVgryK90HZTLOjG_6uRQIixoGkkScKl0cnXGM2ykggVHwv4ayM3i0yoQCO18ViedM6NLvag43uByx_JL8j4B1aD_ZaB2Qg_VtwO1vj78-_DA1tqWni2MKbDGaCgYKAV0SARASFQHGX2Mip9xskKT92Ef66ehADyNwEg0175	1//09zd8YkFx6GlPCgYIARAAGAkSNwF-L9Ir_y7nzSfdO9iE7oOP_7k7P7CxJJPjwK45cg0JG7-PlBeD1MmMO5U5bQiw_OjCGJNPcyw	3599	1735127083	revoked	2025-01-09 14:14:22+01	0	pico	\N	\N	\N	3af5e5bb0026	ac6a8b00	pw-4a60c186dd948b2b0a061ab0c749d575d8cdfa712d178ec173c3ac2321767110	\N
1030	2024-12-25 05:50:34+01	2024-12-25 05:50:34+01	19	trplc.2023@gmail.com	ya29.a0ARW5m74AVoBAfMgyU_J2qmADSsr-QS9NqhmJgWOjNnVJw44xexdVLcogYFSbWMCm1GGfkppjWuWqFAVPwMehYDViV_XN1ZVuR3rJ_IH1Yj35UH5-Uc0jZ4bjgdWhwoIld1e7XgHtKo9KqZEBa8bcumUoOql6RbMz1rgk-imBkgaCgYKAZASARASFQHGX2MiwgnQUUUeQYp0jlm13X2N2w0177	1//09jm4_DvsLvrbCgYIARAAGAkSNgF-L9IrTB3ykLBftaojF_VKKTWtix196PsvzgBdOpp2EourtwI6AOHQUqHH0l9qrVf2Penvlw	3599	1736893319	\N	\N	0	pico	\N	\N	\N	3af5e5bb0026	7193ed8a	pw-f88ed58da8c7193bb48b01dc3d0c8b8d03dfcc2be3d135dc7084c5c473c272c0	\N
1029	2024-12-25 03:54:41+01	2024-12-25 03:54:41+01	26	sonnygw0705@gmail.com	ya29.a0ARW5m74c23CNOBDwzlPO0_h9yiRcHqqwWrbGAXK47fnkWUJJLsG_g572aJhITFv-YmQY39jsC7lYpxpj2tza584bhgLhzjiYfGEF56svaxRjNghjy1biFIjzwICJBx5-DWDnV6voIUWhTxfZdRffPnWFlQtbYgufw-aUTTH_yQaCgYKAa4SARISFQHGX2MiUQMqxMIRXWhYFlRx9ZUhcw0177	1//09U6iofbccCqfCgYIARAAGAkSNwF-L9IrMAcknp-8Xm4b44G9umOqKxhRb_M2Fn5E6YBqz_lIAR_BO2Fh3FZwEk7_3JfQCcbI4W0	3599	1736893320	\N	\N	0	pico	\N	\N	\N	3af5e5bb0026	883a6f55	pw-6206634a8fcc4a11a249408e8c5632f167564a736ad123a7360376d2464fd949	\N
1028	2024-12-25 00:40:25+01	2024-12-25 00:40:25+01	22	indrajitip@gmail.com	ya29.a0ARW5m75ptQ9_CN37BYrJhEncNuynEKWTmaH4OGxyOEkJ0VGQzzwhc_dQIjPjp3auIpsU-_cG3phOoQKyKPZKAryTN1H9slXTYQiNMSjoW5YmVVYCVgJGHEa-Kv72rLjgfFRWMmLwmsA7ArTwOlegWHDMhRfgka8v0_sh0sN-BgaCgYKAd8SARESFQHGX2MiclXc_i9iCLj_OrQyohDx7Q0177	1//09GOeTKsEKqt6CgYIARAAGAkSNwF-L9IrFd2zqJON04Hl1W07O3LS32SFRZv3cm3QKJF0ggYz-RZV1Mg9lzyIwQxCdXtpl8Wp18Y	3599	1736893320	\N	\N	0	pico	\N	\N	\N	3af5e5bb0026	c3d6bf54	pw-1ba2760ee471061b05b4fe25f326c3fb087352423cdec0ff964fa1884a142fde	\N
1026	2024-12-24 13:46:20+01	2024-12-24 13:46:20+01	27	roynandini446@gmail.com	ya29.a0ARW5m74AXkL3XClKc3kdJJgtbhyK945DGUV2ORMms5isKFcv9pV3Ktq6drYrg-tQspjuaSduTvvDpAaIfZC7T4KlulaHYbW0JvhFcOFizCi_EXhN6OPeWFuI3jcTy-HcNlVETu-3bDe6TSvCGpHSvb2KUstZt0XYv0tQ3Be2_gaCgYKAV4SARESFQHGX2Mihgd8Aj2XUIa06uB0tE1taw0177	1//09F0BzksCV6BkCgYIARAAGAkSNwF-L9Ir7zLL2wEGeZ3Qcrc-qsoeJWxelFca_HlVj9HCrj5x5daiiDfbuHfTGQeAnIOtMTG5CsM	3599	1736893321	\N	\N	0	pico	\N	\N	\N	3af5e5bb0026	29caedde	pw-8fb9586df9e057bdbd880be08cac6000e4e6492d1fa7102efa2a9b4a43dc8624	\N
1027	2024-12-24 17:04:05+01	2024-12-24 17:04:05+01	23	upworkvishant@gmail.com	ya29.a0ARW5m76iDXu-QLCzY68p2KlYJPBWeVcNnIsrj-GwKF2mWfKg3GFEHXsMPvGdHmg7kgVWxq47uS16r1l7nLCl5LwnFSdmvMa7xWNbNZIO6BvKBM9OozJgVU9JAo_Y2jOCmXKioZ2Fr-wZDcadxgVVEmKcmQe_APfIz6KwNNOKaCgYKAWcSARESFQHGX2MiLDoLAEaND6GVJxNsywbgOQ0175	1//09-LXVBScYflTCgYIARAAGAkSNwF-L9Irtn61MJywlcyt2ISUyul81BTewEp8Scqw5c7eXs_GoIQvy7DUT3uAP-ZRWkUewu41GEc	3599	1735059845	revoked	2025-01-09 14:14:25+01	0	pico	\N	\N	\N	3af5e5bb0026	46c7bcc7	pw-89c0974b072ff196dcb945356866f7c7df0cec37cdbecd44a7d14323df779d0b	\N
1025	2024-12-24 13:08:46+01	2024-12-24 13:08:46+01	20	deymou1211@gmail.com	ya29.a0ARW5m75x_z6DB0MvdFotoiUyHm5AepnhB-Jzm-FtTAoG2m9mpUmvL9K8YLNywtahzKgP89ISyQ1kh7JzmZck3nR-a1uVkHnhre1cv6D5zdXY3qfSJsbMBw37YiiJSGpHy8UKb-iD9Q0prWBKpy3XuNJiW0hM1jQ3rea5niowggaCgYKAVYSARMSFQHGX2MiiUK39kb4RUkn-VqTvb1lHg0177	1//09wXGqQZlglV4CgYIARAAGAkSNwF-L9IrS2iPWTu4WNH6NK-lnrgcnpG7E9GZREYu2pnwJ08TQho41JSv3wgshZj552w8QPweB3I	3599	1736893321	\N	\N	0	pico	\N	\N	\N	3af5e5bb0026	073aa4d9	pw-1421768a04eadf4c6b267d065769d2743d0791e4a5dc451b7bf40f70ec9dada2	\N
1024	2024-12-24 12:05:01+01	2024-12-24 12:05:01+01	25	maheshindus7@gmail.com	ya29.a0ARW5m76wu0lmpOo2Fo-W66wSElhXwxcovntZZCYXfWilCU9riSFA0nE48DQ0x52vsEIyl7_ilouVP3EWCqDl__tjhz5JE8LVpPbOt0D6YREH6E3WavtdoPoc6JFiuOScBl9GTNsxNCXgcSeBjMaj4r98v8A57kdi9_oqZ5ZD0QaCgYKARwSARASFQHGX2MiXuw_kiHXIZe9GP7cyYE4xw0177	1//09BN-EuF_xaEWCgYIARAAGAkSNwF-L9IrLu_xiqkAluM72OTNunqdbJEPUVXLTsSBL-PIpcN2f-HgcvDtO7aK3JGwSQCFNyKv7PU	3599	1736893321	\N	\N	0	pico	\N	\N	\N	3af5e5bb0026	83cd5c6a	pw-103d1b35f58079e014fcb7d131cff36efe00e199f48c08dd0f85ae44cc0e4d32	\N
1023	2024-12-24 11:16:32+01	2024-12-24 11:16:32+01	24	castillomerrill4@gmail.com	ya29.a0ARW5m74sOB1omq6tRjwZij4CEOp7JDtqimlTeYB24pEMhVWJ5tyutNPgXjiiQLMsIv2Xr0AVBBW1MCLP9IuCTGwFOLsOuR3xc1dz7znqLl1Sa55Jg0_B67aiWgr9cNq5HlKEVEB1oRoyOyR0HXeaK0JooupAQweveCjo66EEOAaCgYKAQUSARISFQHGX2MiOL99CjjNmFPefnAZy4K-eg0177	1//09qS-YHAvf9e3CgYIARAAGAkSNwF-L9IrZZZXlUG0a4CTGy0kwNq1r7FnCOU2IG_FMqOrA88QBq3R0PVHIfO4YzbACb_2R6iUbvY	3599	1736893322	\N	\N	0	pico	\N	\N	\N	3af5e5bb0026	3512a1e9	pw-529c5604b4ec19617ec3f9798b63ea3738179c3e9e1e1e22effc33516daac512	\N
1035	2024-12-25 14:03:20+01	2024-12-25 14:03:20+01	24	pdey8705@gmail.com	ya29.a0ARW5m745HaB9SbaQzPxQkrfaURLfZ_xRHp5glNTA_5M4ItxbxNz3-AS70qapBWnZCjN3NpA6Jb3xQZb77myugboCK5quMhoXL9h7QOdbFteEufMvi2QpeCr0rCrRNVxDbAL5xsYTAIszXd9aVmURJ5thTPoPQHCQ331-JakRvwaCgYKAb4SARMSFQHGX2Mif4OSYsJFwMKxytFxXYX_6Q0177	1//09sDqDUf2WiwsCgYIARAAGAkSNwF-L9IrXjSpGyInAnU1VW3152N3piPV2dHkIIbvWPrKsbW5RZqtZELORaAKGlSXsE3RwyfntNs	3599	1736893318	\N	\N	0	pico	\N	\N	\N	3af5e5bb0026	61760d44	pw-9d4236676a211bb1a38dc753b59c2a0c72d1f3a851049482e08d50e757be3563	\N
1039	2024-12-26 03:30:53+01	2024-12-26 03:30:53+01	23	aprajitaghosh707@gmail.com	ya29.a0ARW5m74TBpm1e_5EMlH3okI42sCOCuNp0LBN_D1YsQa210z98CZPllgyTD_fQbAZtVFIr3yvxpk_WJTC-mzb7TOEX0Rk6I7rII2CFEAk8N94yNoWaW96lAiTuE2URM1hgzxj3Q4ZDG3SV618I15h-2P18Tbr3CR3V_8cen-88QaCgYKAX8SARISFQHGX2MiTtU9EHY2tZgrrXm3y6LlpQ0177	1//09LSTD3JYbxgTCgYIARAAGAkSNwF-L9IrOXXe7s-CKqkCCMVeQVwejOLR9eQtzoYkwchv4wQE9HrUShxXtf_WaXqxMwCYGSCx2m8	3599	1736893316	\N	\N	0	pico	\N	\N	\N	3af5e5bb0026	734ff295	pw-c5705b3568ebac474177a69bbcbd2cc0b09adaf77e25635d259d9f108e06e1fb	\N
1038	2024-12-26 03:19:23+01	2024-12-26 03:19:23+01	27	biswashrinky47@gmail.com	ya29.a0ARW5m74MQC2wT2H1XZC04pflQ-sEmrrMFbDy9tvGB1W6StMydkJeBwJoZ5nR0BVZFpAQZZU9WLh0bU8y1tGJmSzSMZjnImknquSiyt9SYqI62Vg_Yr1q4iD1fjTPas3RQiBBEwhNlSp2hTgCNpJfdsRNuAP5mLgWxP5Hyve2uAaCgYKAcYSARESFQHGX2MiGtjH-9wZpOetAspYDWq6lQ0177	1//09kpwNKbGwpWMCgYIARAAGAkSNwF-L9IrVliCAKx3NQFoqJpv3-8ElNqqe02LS28faqHdZD-j2aoef7Tu9qt-kYsqMmwRH46gp90	3599	1736893316	\N	\N	0	pico	\N	\N	\N	3af5e5bb0026	49664dc1	pw-748639d13f058bc4d33d720ea75ee41f60feac44af0c015fa1d5537cdd8b1919	\N
1037	2024-12-25 23:06:30+01	2024-12-25 23:06:30+01	20	nathan.rn.works@gmail.com	ya29.a0ARW5m75UQtao68zSNcsTP0bwlVNZH5rGXtGBJtVFAhiNGlF8Jwu1LyMnXemQUAotrlaE9h3Z1aMd7fFW1WLQXZhTk6TMrmGuhHCFfMtwWU1xJ9_UyX_5XrI0-ud1v8iB9BRH5liZ-7IuwmdPHJY2L6Pf-Mj1Z6OfCBgw60DftwaCgYKAdESARESFQHGX2MiQZ8SAT24IGky4U0MnAV-yA0177	1//09hjthN0j6OuCCgYIARAAGAkSNwF-L9Ir89ocNPUhN_31jRDBmeOgOvx9IzRNdA0RQ_VE6_-HAv9RdZuARSKLywRP8vCQM7mfkfM	3599	1736893317	\N	\N	0	pico	\N	\N	\N	3af5e5bb0026	047140c3	pw-eb1212f2bfb87516328f1684307d442417f8524cb1382b0e39f2ba379ccd83f4	\N
1036	2024-12-25 20:06:15+01	2024-12-25 20:06:15+01	25	john1271988@gmail.com	ya29.a0ARW5m76v0s-3b0mr6Z_nYICPGAvQHOFQpbRl-61JQlEymZAqH_1HuAUc2GgNC4KWoSv3ZQcFGErzz5GDDsLG-ehrvk9-yghtQ7UCKPhFbB24fP_oCqNNLiLDRABqFe11_Kh4TMjC7ESAz7kB1rQcNc3Ac1J7Rc7x9LgMi35NMAaCgYKAeMSARESFQHGX2MiWiHq8-2R7_OxUiCp7xAidg0177	1//09muvNJKvb8RYCgYIARAAGAkSNwF-L9IrIjYeFawHAr3U9iwKk5fkoPRC3RJcm7AwpNT7yP9cUkzCDIHSpqtrZ9PYp1oVXI4wD74	3599	1736893318	\N	\N	0	pico	\N	\N	\N	3af5e5bb0026	3c52ee7b	pw-12dd086fdd8a1c88ddc0532a9c1697633a9b3792fffb11ea96f3aab27cadb751	\N
1022	2024-12-24 06:06:40+01	2024-12-24 06:06:40+01	29	ramkishoremacrotech@gmail.com	ya29.a0ARW5m77HJhszfyqgvZ2Yjix2P_2o2gbr6XbzdSYImsQqq6D5Fut33SMa_q5gkNi5fhIPA5Zrd6IWGa39Bo0wp_eAU6fZWhBTvxkPcacY-Qmu8IxCVQcIAbapH9arttmbe0TEy35dBJIqt2jJE5N1sbb9pNIb6-7YK2exd2ayiAaCgYKAY8SARESFQHGX2Mi5ryiNHBV0HpNEiu7TYN7nQ0177	1//09lIALeC3Xxf2CgYIARAAGAkSNwF-L9IrL4_DmoNLvoOFEBsFwtOzlRGfEQgH-G1YnH606A4WxzHf7AWFGaqPXkymqZArKioSL-I	3599	1736893322	\N	\N	0	pico	\N	\N	\N	3af5e5bb0026	7440e126	pw-6967e9785905d1f5204f7fd2c280a96911c49cf77974f308fe8e7c2606090ed7	\N
1041	2025-01-09 14:36:28+01	2025-01-09 14:41:58+01	26	ghafourdel@gmail.com	ya29.a0ARW5m7527V1o0_0DToaxJZNJu04wasUiWHJBPJe8eLdUc5gZG8CoHgj-I7wdV4T1L8pN9ee1Jsc3Bzl000ILu9Fv9KU87oHZb4Qf32yBUytqhkd3lqhJ1xWWcYNXd6ob0n49uN7TdPF2bvUOM6au0Bsg4BRtpXpeMjQYGLo4nQaCgYKAdYSARASFQHGX2MiUnF389PzeIQmi6OZmu5nAg0177	1//09HokIknQOh41CgYIARAAGAkSNwF-L9IrZD4mXQ-WxmmhW0XBoF8rcnRj_xA_00bOFXa_EFHdXs3lpa46bi34HnUJrAfnsoJ4cC8	3599	1736893315	success	\N	12	pico	\N	\N	\N	dfdfdf	45545	pw-7136ce064e7dde3c6477e26de905d49977e73dba9c108d3a40ca9c81237ae1dc	\N
1040	2024-12-26 04:15:40+01	2024-12-26 04:15:40+01	22	priyasarkarrr22@gmail.com	ya29.a0ARW5m75RRWers3igUpcLhluXGQATnK0t1nRKXET2nQTriHeWIl7DOOxG1pPvTVkr1u15RsFWWfMxmfBe7PYIMNJ3UJfHx1h_325t-Fi5O-BknLFjewFaM5scmiLecrEcpivqviLg7hVgtYdLbcr960V-GuFrEtA8mTNmh2ZxNQaCgYKASwSARISFQHGX2MitborqPAlGCGY0ZDg3tJWUA0177	1//09uUQuNjMN793CgYIARAAGAkSNwF-L9IrSfauNd-vFkW76ExT_ez5AYi650aH-ZMACiDMn74_jpW9amjEIGqJHtXq_geFxDN1KQA	3599	1736893316	\N	\N	0	pico	\N	\N	\N	3af5e5bb0026	c15e0a80	pw-9957bb15a04fe00a5096cfeb0f72eb33307d62834b671f0fafa03688b06147f6	\N
\.


--
-- Data for Name: cache; Type: TABLE DATA; Schema: public; Owner: postgres
--

COPY public.cache (key, value, expiration) FROM stdin;
\.


--
-- Data for Name: cache_locks; Type: TABLE DATA; Schema: public; Owner: postgres
--

COPY public.cache_locks (key, owner, expiration) FROM stdin;
\.


--
-- Data for Name: failed_jobs; Type: TABLE DATA; Schema: public; Owner: postgres
--

COPY public.failed_jobs (id, uuid, connection, queue, payload, exception, failed_at) FROM stdin;
\.


--
-- Data for Name: job_batches; Type: TABLE DATA; Schema: public; Owner: postgres
--

COPY public.job_batches (id, name, total_jobs, pending_jobs, failed_jobs, failed_job_ids, options, cancelled_at, created_at, finished_at) FROM stdin;
\.


--
-- Data for Name: jobs; Type: TABLE DATA; Schema: public; Owner: postgres
--

COPY public.jobs (id, queue, payload, attempts, reserved_at, available_at, created_at) FROM stdin;
\.


--
-- Data for Name: migrations; Type: TABLE DATA; Schema: public; Owner: postgres
--

COPY public.migrations (id, migration, batch) FROM stdin;
1	0001_01_01_000000_create_users_table	1
2	0001_01_01_000001_create_cache_table	1
3	0001_01_01_000002_create_jobs_table	1
6	2024_08_14_091643_create_projects_table	2
7	2024_08_14_091649_create_accounts_table	2
8	2024_08_15_185340_create_settings_table	3
\.


--
-- Data for Name: password_reset_tokens; Type: TABLE DATA; Schema: public; Owner: postgres
--

COPY public.password_reset_tokens (email, token, created_at) FROM stdin;
\.


--
-- Data for Name: projects; Type: TABLE DATA; Schema: public; Owner: postgres
--

COPY public.projects (id, created_at, key, email) FROM stdin;
19	2024-12-17 13:03:36+01	{"web": {"auth_uri": "https://accounts.google.com/o/oauth2/auth", "client_id": "736297040425-8762ga8eubsm04mi22lnbogeqvnmclgk.apps.googleusercontent.com", "token_uri": "https://oauth2.googleapis.com/token", "project_id": "app-1-444818", "client_secret": "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", "redirect_uris": ["https://newtopc.com/modify/auth/callback"], "javascript_origins": ["https://newtopc.com"], "auth_provider_x509_cert_url": "https://www.googleapis.com/oauth2/v1/certs"}}	team.micro.job63@gmail.com
20	2024-12-17 13:07:14+01	{"web": {"auth_uri": "https://accounts.google.com/o/oauth2/auth", "client_id": "199535612711-4ffc9tdneip5l4mdh4q8qi3rt9hhiji9.apps.googleusercontent.com", "token_uri": "https://oauth2.googleapis.com/token", "project_id": "app-2-444818", "client_secret": "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", "redirect_uris": ["https://newtopc.com/modify/auth/callback"], "javascript_origins": ["https://newtopc.com"], "auth_provider_x509_cert_url": "https://www.googleapis.com/oauth2/v1/certs"}}	team.micro.job63@gmail.com
21	2024-12-17 22:29:29+01	{"web": {"auth_uri": "https://accounts.google.com/o/oauth2/auth", "client_id": "542568536357-9ua21tkkuo2hkv1e92u74n105k43kh5o.apps.googleusercontent.com", "token_uri": "https://oauth2.googleapis.com/token", "project_id": "app-3-445021", "client_secret": "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", "redirect_uris": ["https://newtopc.com/modify/auth/callback"], "javascript_origins": ["https://newtopc.com"], "auth_provider_x509_cert_url": "https://www.googleapis.com/oauth2/v1/certs"}}	team.micro.job63@gmail.com
22	2024-12-17 22:45:41+01	{"web": {"auth_uri": "https://accounts.google.com/o/oauth2/auth", "client_id": "914103692607-dbldamlrdd33i4opkkd077m93p2vgv6r.apps.googleusercontent.com", "token_uri": "https://oauth2.googleapis.com/token", "project_id": "app-4-445021", "client_secret": "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", "redirect_uris": ["https://newtopc.com/modify/auth/callback"], "javascript_origins": ["https://newtopc.com"], "auth_provider_x509_cert_url": "https://www.googleapis.com/oauth2/v1/certs"}}	team.micro.job63@gmail.com
23	2024-12-17 22:50:43+01	{"web": {"auth_uri": "https://accounts.google.com/o/oauth2/auth", "client_id": "678936457457-4jlovv07ul9c42u323k2mbejit1l3n19.apps.googleusercontent.com", "token_uri": "https://oauth2.googleapis.com/token", "project_id": "decisive-window-445021-k8", "client_secret": "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", "redirect_uris": ["https://newtopc.com/modify/auth/callback"], "javascript_origins": ["https://newtopc.com"], "auth_provider_x509_cert_url": "https://www.googleapis.com/oauth2/v1/certs"}}	team.micro.job63@gmail.com
24	2024-12-17 22:55:14+01	{"web": {"auth_uri": "https://accounts.google.com/o/oauth2/auth", "client_id": "95223783190-dahbvl44l7ce208a2fnl08h04ljb2790.apps.googleusercontent.com", "token_uri": "https://oauth2.googleapis.com/token", "project_id": "app-6-445021", "client_secret": "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", "redirect_uris": ["https://newtopc.com/modify/auth/callback"], "javascript_origins": ["https://newtopc.com"], "auth_provider_x509_cert_url": "https://www.googleapis.com/oauth2/v1/certs"}}	team.micro.job63@gmail.com
25	2024-12-17 22:59:55+01	{"web": {"auth_uri": "https://accounts.google.com/o/oauth2/auth", "client_id": "417912496679-asherdrkvq7l3m14vchv9uj0cluots2i.apps.googleusercontent.com", "token_uri": "https://oauth2.googleapis.com/token", "project_id": "app-7-445021", "client_secret": "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", "redirect_uris": ["https://newtopc.com/modify/auth/callback"], "javascript_origins": ["https://newtopc.com"], "auth_provider_x509_cert_url": "https://www.googleapis.com/oauth2/v1/certs"}}	team.micro.job63@gmail.com
26	2024-12-17 23:05:13+01	{"web": {"auth_uri": "https://accounts.google.com/o/oauth2/auth", "client_id": "265873261632-s0cksp3o15kkg1d1m41r7teacnjd8m7b.apps.googleusercontent.com", "token_uri": "https://oauth2.googleapis.com/token", "project_id": "app-8-445022", "client_secret": "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", "redirect_uris": ["https://newtopc.com/modify/auth/callback"], "javascript_origins": ["https://newtopc.com"], "auth_provider_x509_cert_url": "https://www.googleapis.com/oauth2/v1/certs"}}	team.micro.job63@gmail.com
27	2024-12-17 23:09:30+01	{"web": {"auth_uri": "https://accounts.google.com/o/oauth2/auth", "client_id": "333025540220-p8vtj3tp8m8cchdblt4av3tvd9mstc2n.apps.googleusercontent.com", "token_uri": "https://oauth2.googleapis.com/token", "project_id": "app-9-445022", "client_secret": "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", "redirect_uris": ["https://newtopc.com/modify/auth/callback"], "javascript_origins": ["https://newtopc.com"], "auth_provider_x509_cert_url": "https://www.googleapis.com/oauth2/v1/certs"}}	team.micro.job63@gmail.com
28	2024-12-17 23:13:51+01	{"web": {"auth_uri": "https://accounts.google.com/o/oauth2/auth", "client_id": "735864690768-4r76n22n5toblsbr56531eb4rcl4ismm.apps.googleusercontent.com", "token_uri": "https://oauth2.googleapis.com/token", "project_id": "app-10-445022", "client_secret": "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", "redirect_uris": ["https://newtopc.com/modify/auth/callback"], "javascript_origins": ["https://newtopc.com"], "auth_provider_x509_cert_url": "https://www.googleapis.com/oauth2/v1/certs"}}	team.micro.job63@gmail.com
29	2024-12-17 23:19:49+01	{"web": {"auth_uri": "https://accounts.google.com/o/oauth2/auth", "client_id": "950388359304-nb72ae3luqmlakdcngpqkpc2k0j6i969.apps.googleusercontent.com", "token_uri": "https://oauth2.googleapis.com/token", "project_id": "app-11-445022", "client_secret": "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", "redirect_uris": ["https://newtopc.com/modify/auth/callback"], "javascript_origins": ["https://newtopc.com"], "auth_provider_x509_cert_url": "https://www.googleapis.com/oauth2/v1/certs"}}	team.micro.job63@gmail.com
30	2024-12-17 23:23:47+01	{"web": {"auth_uri": "https://accounts.google.com/o/oauth2/auth", "client_id": "532151060693-12baa3vd4oqkndv7lj1mdmser0ov9ht5.apps.googleusercontent.com", "token_uri": "https://oauth2.googleapis.com/token", "project_id": "app-12-445022", "client_secret": "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", "redirect_uris": ["https://newtopc.com/modify/auth/callback"], "javascript_origins": ["https://newtopc.com"], "auth_provider_x509_cert_url": "https://www.googleapis.com/oauth2/v1/certs"}}	team.micro.job63@gmail.com
\.


--
-- Data for Name: sessions; Type: TABLE DATA; Schema: public; Owner: postgres
--

COPY public.sessions (id, user_id, ip_address, user_agent, payload, last_activity) FROM stdin;
KKeyg4XomXXZDyt0Ak1WjdJVQXe2CUz06l7LvQRR	\N	46.19.138.234	Mozilla/5.0 (Windows NT 10.0; Win64; x64) AppleWebKit/537.36 (KHTML, like Gecko) Chrome/90.0.4430.85 Safari/537.36 Edg/90.0.818.46	YToyOntzOjY6Il90b2tlbiI7czo0MDoiRDRleTFuT0dlcUNzZkVOeEFTbzJQZnNYc1RsazI1czBRVTFnc09CayI7czo2OiJfZmxhc2giO2E6Mjp7czozOiJvbGQiO2E6MDp7fXM6MzoibmV3IjthOjA6e319fQ==	1737065841
jfdjXLJjKJKeldh5GMcbtexylW2bqKoTlamCxiZO	\N	111.23.122.227	Custom-AsyncHttpClient	YTozOntzOjY6Il90b2tlbiI7czo0MDoiSTVQWnNqTmpXbnI3ZmxsckdtY0NEbFFVTHZVU3dkbkZaMEg2QkNVZCI7czo5OiJfcHJldmlvdXMiO2E6MTp7czozOiJ1cmwiO3M6OTA6Imh0dHA6Ly8xODUuMTk0LjIxNi4xMTIvaW5kZXgucGhwP2xhbmc9Li4lMkYuLiUyRi4uJTJGLi4lMkYuLiUyRi4uJTJGLi4lMkYuLiUyRnRtcCUyRmluZGV4MSI7fXM6NjoiX2ZsYXNoIjthOjI6e3M6Mzoib2xkIjthOjA6e31zOjM6Im5ldyI7YTowOnt9fX0=	1737062358
u8z3w7cOWsv0q7uIG5FlRmFViWkrkh54Xd6pGUwN	\N	98.80.4.104	Mozilla/5.0 (Windows NT 6.2;en-US) AppleWebKit/537.32.36 (KHTML, live Gecko) Chrome/59.0.3054.53 Safari/537.32	YTozOntzOjY6Il90b2tlbiI7czo0MDoiajBqMm5PUjZMSGNQNWhDbVBnT1kwU1BlRmVzUEl0YVZNbjhydGVORyI7czo5OiJfcHJldmlvdXMiO2E6MTp7czozOiJ1cmwiO3M6MjM6Imh0dHBzOi8vMTg1LjE5NC4yMTYuMTEyIjt9czo2OiJfZmxhc2giO2E6Mjp7czozOiJvbGQiO2E6MDp7fXM6MzoibmV3IjthOjA6e319fQ==	1737066200
BFuYglCQ4vo1loCZro3u2u4e4bqShilfTlzfbvx8	\N	167.94.146.58		YTozOntzOjY6Il90b2tlbiI7czo0MDoiUGtKNUp3eDlHT201RnRIallyU3paWXl1a1c0azdmd3hxcXFOcDU1biI7czo5OiJfcHJldmlvdXMiO2E6MTp7czozOiJ1cmwiO3M6MjM6Imh0dHBzOi8vMTg1LjE5NC4yMTYuMTEyIjt9czo2OiJfZmxhc2giO2E6Mjp7czozOiJvbGQiO2E6MDp7fXM6MzoibmV3IjthOjA6e319fQ==	1737063079
zBwszwgGDeOsJG5tV8ks4uFzkOG0hZDR1lVHBo92	\N	179.43.191.146	Mozilla/5.0 (Windows NT 10.0; Win64; x64) AppleWebKit/537.36 (KHTML, like Gecko) Chrome/90.0.4430.85 Safari/537.36 Edg/90.0.818.46	YToyOntzOjY6Il90b2tlbiI7czo0MDoiSDZ6NndUME5PWnR6NGt5eko4Ym53cWp0aDRtTzJSOEZ2R0ZHYWR1MCI7czo2OiJfZmxhc2giO2E6Mjp7czozOiJvbGQiO2E6MDp7fXM6MzoibmV3IjthOjA6e319fQ==	1737066415
9viBJZzwn22H3YeeixbAbloUjiaL0bTTpyxnsLNc	\N	167.94.146.58	Mozilla/5.0 (compatible; CensysInspect/1.1; +https://about.censys.io/)	YTozOntzOjY6Il90b2tlbiI7czo0MDoiMlZsaEI2elRtMjVQM3NzME5BcjBkTjBCVVVHN1RDOEhUeDc5UUZDQiI7czo5OiJfcHJldmlvdXMiO2E6MTp7czozOiJ1cmwiO3M6MjM6Imh0dHBzOi8vMTg1LjE5NC4yMTYuMTEyIjt9czo2OiJfZmxhc2giO2E6Mjp7czozOiJvbGQiO2E6MDp7fXM6MzoibmV3IjthOjA6e319fQ==	1737063085
ltSAxBAxifXMyYTmLErxeTSDlEYkcUWSamCoRm5j	\N	34.147.28.155	Scrapy/2.11.2 (+https://scrapy.org)	YTozOntzOjY6Il90b2tlbiI7czo0MDoiUnpJREJIMDZKelpaRGFuMTd2NENTN2pEME1DTGtYYnVEa1JLQzJsZyI7czo5OiJfcHJldmlvdXMiO2E6MTp7czozOiJ1cmwiO3M6MTk6Imh0dHBzOi8vbmV3dG9wYy5jb20iO31zOjY6Il9mbGFzaCI7YToyOntzOjM6Im9sZCI7YTowOnt9czozOiJuZXciO2E6MDp7fX19	1737068463
RJ6NBgvuUvuDtO3Ntqm33ZLYrJfNrThs78cQM4nE	\N	189.127.32.42	Mozilla/5.0 (Windows NT 6.1; WOW64) AppleWebKit/537.36 (KHTML, like Gecko) Chrome/51.0.2704.103 Safari/537.36	YTozOntzOjY6Il90b2tlbiI7czo0MDoiR0N5UzBKYzJOeWlmVDdnemRmWEFXUjRiMVZCTm9oZktJbTRPTTRDeSI7czo5OiJfcHJldmlvdXMiO2E6MTp7czozOiJ1cmwiO3M6MjI6Imh0dHA6Ly8xODUuMTk0LjIxNi4xMTIiO31zOjY6Il9mbGFzaCI7YToyOntzOjM6Im9sZCI7YTowOnt9czozOiJuZXciO2E6MDp7fX19	1737063250
hM9ElKs69bavsHTGobrGBta8kiyfcPtZFRiyrt8Q	\N	117.132.188.205	Mozilla/5.0 (Windows NT 10.0; Win64; x64) AppleWebKit/537.36 (KHTML, like Gecko) Chrome/107.0.0.0 Safari/537.36	YTozOntzOjY6Il90b2tlbiI7czo0MDoibkR2YnYwWnJBbGNoUGZaNlAwTEVHdFpzVVZpSktqU0hUck9jRUxzWCI7czo5OiJfcHJldmlvdXMiO2E6MTp7czozOiJ1cmwiO3M6MjI6Imh0dHA6Ly8xODUuMTk0LjIxNi4xMTIiO31zOjY6Il9mbGFzaCI7YToyOntzOjM6Im9sZCI7YTowOnt9czozOiJuZXciO2E6MDp7fX19	1737069361
INon8DM3LO4nb5jb1SVqVcyqLczbxQ0iKXvJz4Fh	\N	18.117.147.107	Mozilla/5.0 (Macintosh; Intel Mac OS X 10_15_7) Chrome/126.0.0.0 Safari/537.36	YTozOntzOjY6Il90b2tlbiI7czo0MDoiNkRIRHh3TW9ZSlJJczhVb0lqUk1Ocmw1RFpHYUdMUWJ5dk50TWo2WCI7czo5OiJfcHJldmlvdXMiO2E6MTp7czozOiJ1cmwiO3M6MjI6Imh0dHA6Ly8xODUuMTk0LjIxNi4xMTIiO31zOjY6Il9mbGFzaCI7YToyOntzOjM6Im9sZCI7YTowOnt9czozOiJuZXciO2E6MDp7fX19	1737064001
XlJwcjD1FOZYlSMLiSacNld2ukmRhd5Zf8bWJdML	\N	100.16.59.220	Mozilla/5.0 (Macintosh; Intel Mac OS X 10_11_1) AppleWebKit/601.2.4 (KHTML, like Gecko) Version/9.0.1 Safari/601.2.4 facebookexternalhit/1.1 Facebot Twitterbot/1.0	YTozOntzOjY6Il90b2tlbiI7czo0MDoiUlpCbkpSWGNLQkEzTHB1R3VhV2I4YzB6emZRNVZLdWdqU1pLQ3JpUSI7czo5OiJfcHJldmlvdXMiO2E6MTp7czozOiJ1cmwiO3M6MTk6Imh0dHBzOi8vbmV3dG9wYy5jb20iO31zOjY6Il9mbGFzaCI7YToyOntzOjM6Im9sZCI7YTowOnt9czozOiJuZXciO2E6MDp7fX19	1737073211
oYjxgCoELTi6d5EBA4YK0B290sPVreDpXsAjXdro	\N	51.159.23.43		YTozOntzOjY6Il90b2tlbiI7czo0MDoibVBWWWR3ZUk3a28ybzNyU3hRRTJHQUVBNlRNY25LYWtCVHpOU0VPZiI7czo5OiJfcHJldmlvdXMiO2E6MTp7czozOiJ1cmwiO3M6MjM6Imh0dHBzOi8vMTg1LjE5NC4yMTYuMTEyIjt9czo2OiJfZmxhc2giO2E6Mjp7czozOiJvbGQiO2E6MDp7fXM6MzoibmV3IjthOjA6e319fQ==	1737064134
mhpMDZ0G167e21ePHPOSbXK5Csmf2bZQ4kbjbEVr	\N	66.249.74.78	Mozilla/5.0 (compatible; Googlebot/2.1; +http://www.google.com/bot.html)	YTozOntzOjY6Il90b2tlbiI7czo0MDoiQXZ2QlBPcDJLYkNIYzR0ZEJLR3NtVTZyWkdmZ1NQcURlTGY4TzBReCI7czo5OiJfcHJldmlvdXMiO2E6MTp7czozOiJ1cmwiO3M6MTk6Imh0dHBzOi8vbmV3dG9wYy5jb20iO31zOjY6Il9mbGFzaCI7YToyOntzOjM6Im9sZCI7YTowOnt9czozOiJuZXciO2E6MDp7fX19	1737073835
n1Plj7eRfHLMFsl0nOL98otrZxspCz2xsdztzRqG	\N	185.196.220.253	Hello World	YTozOntzOjY6Il90b2tlbiI7czo0MDoiUlJhY0w2S3ZNVUtWZ1Zsb1V6MUdMenRXSTVleHhEUDRlN3BkS3l5RyI7czo5OiJfcHJldmlvdXMiO2E6MTp7czozOiJ1cmwiO3M6MjI6Imh0dHA6Ly8xODUuMTk0LjIxNi4xMTIiO31zOjY6Il9mbGFzaCI7YToyOntzOjM6Im9sZCI7YTowOnt9czozOiJuZXciO2E6MDp7fX19	1737064942
BbX9h6QLW1y3ZBH9IfIsevJUQShMIAVrHF79rH7b	\N	24.137.74.31	Mozilla/5.0 (Windows NT 10.0; Win64; x64) AppleWebKit/537.36 (KHTML, like Gecko) Chrome/132.0.0.0 Safari/537.36	YTozOntzOjY6Il90b2tlbiI7czo0MDoiN3hwUXQ4WmxCQVp2M0JYeWR6bVdUN0xmZTFCV2huMDVSNFhVWEJQMyI7czo5OiJfcHJldmlvdXMiO2E6MTp7czozOiJ1cmwiO3M6MTk6Imh0dHBzOi8vbmV3dG9wYy5jb20iO31zOjY6Il9mbGFzaCI7YToyOntzOjM6Im9sZCI7YTowOnt9czozOiJuZXciO2E6MDp7fX19	1737073875
96oFDD8PAie5poCPYBEgitU8ljSVbk33cy94d9cJ	\N	3.135.192.73	Mozilla/5.0 (Windows NT 10.0; Win64; x64) AppleWebKit/537.36 (KHTML, like Gecko) Chrome/74.0.3729.169 Safari/537.36	YToyOntzOjY6Il90b2tlbiI7czo0MDoiZk9ieTFaY1FuWDFBb08ySGpVT211eXB0RkdDRDIxcU8zVnY3TUNRbCI7czo2OiJfZmxhc2giO2E6Mjp7czozOiJvbGQiO2E6MDp7fXM6MzoibmV3IjthOjA6e319fQ==	1737065061
VLYGoDp7kuKY41ukNgSSZZ1j7dBMvRYDImaVXg0N	\N	87.120.126.42	Mozlila/5.0 (Linux; Android 7.0; SM-G892A Bulid/NRD90M; wv) AppleWebKit/537.36 (KHTML, like Gecko) Version/4.0 Chrome/60.0.3112.107 Moblie Safari/537.36	YTozOntzOjY6Il90b2tlbiI7czo0MDoiTWRVcW9mYlZkS2Vtam44Z3hweTIxQnlwakh5YmdubDVjTE5yYTJsMyI7czo5OiJfcHJldmlvdXMiO2E6MTp7czozOiJ1cmwiO3M6MTk6Imh0dHBzOi8vbmV3dG9wYy5jb20iO31zOjY6Il9mbGFzaCI7YToyOntzOjM6Im9sZCI7YTowOnt9czozOiJuZXciO2E6MDp7fX19	1737073883
PYdSuGODDpqpELgo1wMohF2P7W2Gov3Omn4jowd0	\N	95.214.55.226		YTozOntzOjY6Il90b2tlbiI7czo0MDoiSkJjUml4QVd3WGQzSmdoeGRKTlRnQnMyOFRocHZrVDNrTjVUNmtGZiI7czo5OiJfcHJldmlvdXMiO2E6MTp7czozOiJ1cmwiO3M6MjI6Imh0dHA6Ly8xODUuMTk0LjIxNi4xMTIiO31zOjY6Il9mbGFzaCI7YToyOntzOjM6Im9sZCI7YTowOnt9czozOiJuZXciO2E6MDp7fX19	1737059719
HdfBtTOPvRerD3JEX6VvJAQ7H7BZkZtvOqDoL33j	\N	66.249.74.64	Mozilla/5.0 (compatible; Googlebot/2.1; +http://www.google.com/bot.html)	YTozOntzOjY6Il90b2tlbiI7czo0MDoid2N2Q2NVajJsd0xTWGdISzZoV0JaVDV4Nk55NHhEcnpwZVRpRzZ2diI7czo5OiJfcHJldmlvdXMiO2E6MTp7czozOiJ1cmwiO3M6MTk6Imh0dHBzOi8vbmV3dG9wYy5jb20iO31zOjY6Il9mbGFzaCI7YToyOntzOjM6Im9sZCI7YTowOnt9czozOiJuZXciO2E6MDp7fX19	1737074436
q5o08BIV0n77tNNmpMkc4fY1c5O6H6VHTfw7zxcX	\N	185.242.226.166	Mozilla/5.0 (Windows NT 10.0; Win64; x64) AppleWebKit/537.36 (KHTML, like Gecko) Chrome/88.0.4324.190 Safari/537.36	YTozOntzOjY6Il90b2tlbiI7czo0MDoidERTbEQ5NnBUOHlnYktVWmRrSFZ5UlNsTVBxUWtRYm5KRDVIbWNlSCI7czo5OiJfcHJldmlvdXMiO2E6MTp7czozOiJ1cmwiO3M6MjM6Imh0dHBzOi8vMTg1LjE5NC4yMTYuMTEyIjt9czo2OiJfZmxhc2giO2E6Mjp7czozOiJvbGQiO2E6MDp7fXM6MzoibmV3IjthOjA6e319fQ==	1737060223
JlNwJNDj9uqf61RPEbl8qdJ3HiJOvBxYEIUb0lkz	\N	46.19.138.234	Mozilla/5.0 (Windows NT 10.0; Win64; x64) AppleWebKit/537.36 (KHTML, like Gecko) Chrome/90.0.4430.85 Safari/537.36 Edg/90.0.818.46	YToyOntzOjY6Il90b2tlbiI7czo0MDoiY1FTVzQ4UEtwR3AwdlVhMnNHZHVCRHRnNTlWR0hKck5oU2dTZDZQUSI7czo2OiJfZmxhc2giO2E6Mjp7czozOiJvbGQiO2E6MDp7fXM6MzoibmV3IjthOjA6e319fQ==	1737061270
4XQGtHVUnR2D8CtDNJEFjrCuG29Sepx1shKX4qJe	\N	111.23.122.227	Custom-AsyncHttpClient	YTozOntzOjY6Il90b2tlbiI7czo0MDoiaVRjamRnSlk4NUw4aGVmWmYxbWt3bDVPRGptczN2SUlJdkpRU3JFMCI7czo5OiJfcHJldmlvdXMiO2E6MTp7czozOiJ1cmwiO3M6MTQ4OiJodHRwOi8vMTg1LjE5NC4yMTYuMTEyL2luZGV4LnBocD9mdW5jdGlvbj1jYWxsX3VzZXJfZnVuY19hcnJheSZzPSUyRmluZGV4JTJGJTVDdGhpbmslNUNhcHAlMkZpbnZva2VmdW5jdGlvbiZ2YXJzJTVCMCU1RD1tZDUmdmFycyU1QjElNUQlNUIwJTVEPUhlbGxvIjt9czo2OiJfZmxhc2giO2E6Mjp7czozOiJvbGQiO2E6MDp7fXM6MzoibmV3IjthOjA6e319fQ==	1737062356
PSmKVm8YbDLsh6XIXfDEIDUgWvDaHEudwA9UEysr	2	196.67.174.187	Mozilla/5.0 (X11; Linux x86_64) AppleWebKit/537.36 (KHTML, like Gecko) Chrome/131.0.0.0 Safari/537.36	YTo0OntzOjY6Il90b2tlbiI7czo0MDoiYWZpMndqbGpsSEx2Vmc4TlA4WnRWNkJvOUhINDNQQ0lnMVBjNjN0WiI7czo5OiJfcHJldmlvdXMiO2E6MTp7czozOiJ1cmwiO3M6MzY6Imh0dHBzOi8vbmV3dG9wYy5jb20vbWFuYWdlLW1haWxib3hlcyI7fXM6NjoiX2ZsYXNoIjthOjI6e3M6Mzoib2xkIjthOjA6e31zOjM6Im5ldyI7YTowOnt9fXM6NTA6ImxvZ2luX3dlYl81OWJhMzZhZGRjMmIyZjk0MDE1ODBmMDE0YzdmNThlYTRlMzA5ODlkIjtpOjI7fQ==	1737075449
A8pAdn1V9U5EopPyKhcNmVCT1RDojWEpBOsdaMQ8	\N	58.48.55.50	Mozilla/5.0 (Macintosh; Intel Mac OS X 10_15_4) AppleWebKit/537.36 (KHTML, like Gecko) Chrome/83.0.4103.97 Safari/537.36	YTozOntzOjY6Il90b2tlbiI7czo0MDoiNm5oTnhsRTJKNUZzWlVFQVg4SjVKSG1IRFFpRWlqT0hzY21DRkpyUSI7czo5OiJfcHJldmlvdXMiO2E6MTp7czozOiJ1cmwiO3M6MjM6Imh0dHBzOi8vMTg1LjE5NC4yMTYuMTEyIjt9czo2OiJfZmxhc2giO2E6Mjp7czozOiJvbGQiO2E6MDp7fXM6MzoibmV3IjthOjA6e319fQ==	1737075570
g05tZO75AkgUM7v7yRUnq3BdJ6C9DRB5W4YaNQCY	\N	111.23.122.227	Custom-AsyncHttpClient	YTozOntzOjY6Il90b2tlbiI7czo0MDoiN1pPOGNkZXE3eW9ZcU1Db0ZCRDM2RDhMbzZsZnpYMDBKc2NjRFdEZSI7czo5OiJfcHJldmlvdXMiO2E6MTp7czozOiJ1cmwiO3M6MjAxOiJodHRwOi8vMTg1LjE5NC4yMTYuMTEyL2luZGV4LnBocD8lMkYlM0MlM0ZlY2hvJTI4bWQ1JTI4JTIyaGklMjIlMjklMjklM0IlM0YlM0UlMjAlMkZ0bXAlMkZpbmRleDEucGhwPSZjb25maWctY3JlYXRlJTIwJTJGPSZsYW5nPS4uJTJGLi4lMkYuLiUyRi4uJTJGLi4lMkYuLiUyRi4uJTJGLi4lMkZ1c3IlMkZsb2NhbCUyRmxpYiUyRnBocCUyRnBlYXJjbWQiO31zOjY6Il9mbGFzaCI7YToyOntzOjM6Im9sZCI7YTowOnt9czozOiJuZXciO2E6MDp7fX19	1737062357
\.


--
-- Data for Name: settings; Type: TABLE DATA; Schema: public; Owner: postgres
--

COPY public.settings (id, created_at, updated_at, key, value) FROM stdin;
1	2024-08-15 20:29:43	2024-08-15 20:29:43	platform	pico
2	2024-08-18 18:14:53	2024-08-18 18:14:53	manual_pay	on
\.


--
-- Data for Name: users; Type: TABLE DATA; Schema: public; Owner: postgres
--

COPY public.users (id, name, email, email_verified_at, password, remember_token, created_at, updated_at) FROM stdin;
2	Theenx	theenx.7015@gmail.com	2024-08-14 13:56:00	$2y$12$MoRPf8X/B5VWdda87TsM5ugy8PDPrmwDKPm2gIR9dck75/M9vmKW.	FIXmaPygr19QK0ebrXIST3hSvV6Q1Q1OufGg3iPSNb71VNDkOZFpZWqep5ot	2024-08-14 13:56:00	2024-08-16 14:24:35
\.


--
-- Name: accounts_id_seq; Type: SEQUENCE SET; Schema: public; Owner: postgres
--

SELECT pg_catalog.setval('public.accounts_id_seq', 1041, true);


--
-- Name: failed_jobs_id_seq; Type: SEQUENCE SET; Schema: public; Owner: postgres
--

SELECT pg_catalog.setval('public.failed_jobs_id_seq', 1, false);


--
-- Name: jobs_id_seq; Type: SEQUENCE SET; Schema: public; Owner: postgres
--

SELECT pg_catalog.setval('public.jobs_id_seq', 1, false);


--
-- Name: migrations_id_seq; Type: SEQUENCE SET; Schema: public; Owner: postgres
--

SELECT pg_catalog.setval('public.migrations_id_seq', 8, true);


--
-- Name: projects_id_seq; Type: SEQUENCE SET; Schema: public; Owner: postgres
--

SELECT pg_catalog.setval('public.projects_id_seq', 30, true);


--
-- Name: settings_id_seq; Type: SEQUENCE SET; Schema: public; Owner: postgres
--

SELECT pg_catalog.setval('public.settings_id_seq', 2, true);


--
-- Name: users_id_seq; Type: SEQUENCE SET; Schema: public; Owner: postgres
--

SELECT pg_catalog.setval('public.users_id_seq', 2, true);


--
-- Name: accounts accounts_email_unique; Type: CONSTRAINT; Schema: public; Owner: postgres
--

ALTER TABLE ONLY public.accounts
    ADD CONSTRAINT accounts_email_unique UNIQUE (email);


--
-- Name: accounts accounts_pkey; Type: CONSTRAINT; Schema: public; Owner: postgres
--

ALTER TABLE ONLY public.accounts
    ADD CONSTRAINT accounts_pkey PRIMARY KEY (id);


--
-- Name: cache_locks cache_locks_pkey; Type: CONSTRAINT; Schema: public; Owner: postgres
--

ALTER TABLE ONLY public.cache_locks
    ADD CONSTRAINT cache_locks_pkey PRIMARY KEY (key);


--
-- Name: cache cache_pkey; Type: CONSTRAINT; Schema: public; Owner: postgres
--

ALTER TABLE ONLY public.cache
    ADD CONSTRAINT cache_pkey PRIMARY KEY (key);


--
-- Name: failed_jobs failed_jobs_pkey; Type: CONSTRAINT; Schema: public; Owner: postgres
--

ALTER TABLE ONLY public.failed_jobs
    ADD CONSTRAINT failed_jobs_pkey PRIMARY KEY (id);


--
-- Name: failed_jobs failed_jobs_uuid_unique; Type: CONSTRAINT; Schema: public; Owner: postgres
--

ALTER TABLE ONLY public.failed_jobs
    ADD CONSTRAINT failed_jobs_uuid_unique UNIQUE (uuid);


--
-- Name: job_batches job_batches_pkey; Type: CONSTRAINT; Schema: public; Owner: postgres
--

ALTER TABLE ONLY public.job_batches
    ADD CONSTRAINT job_batches_pkey PRIMARY KEY (id);


--
-- Name: jobs jobs_pkey; Type: CONSTRAINT; Schema: public; Owner: postgres
--

ALTER TABLE ONLY public.jobs
    ADD CONSTRAINT jobs_pkey PRIMARY KEY (id);


--
-- Name: migrations migrations_pkey; Type: CONSTRAINT; Schema: public; Owner: postgres
--

ALTER TABLE ONLY public.migrations
    ADD CONSTRAINT migrations_pkey PRIMARY KEY (id);


--
-- Name: password_reset_tokens password_reset_tokens_pkey; Type: CONSTRAINT; Schema: public; Owner: postgres
--

ALTER TABLE ONLY public.password_reset_tokens
    ADD CONSTRAINT password_reset_tokens_pkey PRIMARY KEY (email);


--
-- Name: projects projects_pkey; Type: CONSTRAINT; Schema: public; Owner: postgres
--

ALTER TABLE ONLY public.projects
    ADD CONSTRAINT projects_pkey PRIMARY KEY (id);


--
-- Name: sessions sessions_pkey; Type: CONSTRAINT; Schema: public; Owner: postgres
--

ALTER TABLE ONLY public.sessions
    ADD CONSTRAINT sessions_pkey PRIMARY KEY (id);


--
-- Name: settings settings_pkey; Type: CONSTRAINT; Schema: public; Owner: postgres
--

ALTER TABLE ONLY public.settings
    ADD CONSTRAINT settings_pkey PRIMARY KEY (id);


--
-- Name: users users_email_unique; Type: CONSTRAINT; Schema: public; Owner: postgres
--

ALTER TABLE ONLY public.users
    ADD CONSTRAINT users_email_unique UNIQUE (email);


--
-- Name: users users_pkey; Type: CONSTRAINT; Schema: public; Owner: postgres
--

ALTER TABLE ONLY public.users
    ADD CONSTRAINT users_pkey PRIMARY KEY (id);


--
-- Name: jobs_queue_index; Type: INDEX; Schema: public; Owner: postgres
--

CREATE INDEX jobs_queue_index ON public.jobs USING btree (queue);


--
-- Name: sessions_last_activity_index; Type: INDEX; Schema: public; Owner: postgres
--

CREATE INDEX sessions_last_activity_index ON public.sessions USING btree (last_activity);


--
-- Name: sessions_user_id_index; Type: INDEX; Schema: public; Owner: postgres
--

CREATE INDEX sessions_user_id_index ON public.sessions USING btree (user_id);


--
-- Name: accounts accounts_project_id_foreign; Type: FK CONSTRAINT; Schema: public; Owner: postgres
--

ALTER TABLE ONLY public.accounts
    ADD CONSTRAINT accounts_project_id_foreign FOREIGN KEY (project_id) REFERENCES public.projects(id);


--
--

